000
CXUS56 KTFX 241429
CF6GTF
PRELIMINARY LOCAL CLIMATOLOGICAL DATA (WS FORM: F-6)

                                          STATION:   GREAT FALLS MT
                                          MONTH:     APRIL
                                          YEAR:      2014
                                          LATITUDE:   47 28 N
                                          LONGITUDE: 111 22 W

  TEMPERATURE IN F:       :PCPN:    SNOW:  WIND      :SUNSHINE: SKY     :PK WND
================================================================================
1   2   3   4   5  6A  6B    7    8   9   10  11  12  13   14  15   16   17  18
                                     12Z  AVG MX 2MIN
DY MAX MIN AVG DEP HDD CDD  WTR  SNW DPTH SPD SPD DIR MIN PSBL S-S WX    SPD DR
================================================================================

 1  38  25  32  -7  33   0    T  0.3    T  6.2 10  30   M    M  10 1      16  30
 2  49  26  38  -1  27   0    T    T    T  5.8 22 350   M    M   7        25 350
 3  52  23  38  -2  27   0    T    T    0  6.7 17 230   M    M   4 12     22 230
 4  55  28  42   2  23   0 0.00  0.0    0 15.0 26 220   M    M   1        32 220
 5  54  28  41   1  24   0 0.00  0.0    0 15.3 26 250   M    M   3        36 250
 6  58  29  44   4  21   0    T  0.0    0 16.6 33 280   M    M   6 3      39 310
 7  66  28  47   6  18   0 0.00  0.0    0 13.6 25 270   M    M   1        32 260
 8  70  44  57  16   8   0 0.00  0.0    0 18.0 33 230   M    M   0        41 230
 9  57  34  46   5  19   0 0.00  0.0    0 11.7 30 270   M    M   3        37 260
10  63  34  49   7  16   0 0.00  0.0    0 16.1 32 250   M    M   0        38 240
11  64  34  49   7  16   0 0.00  0.0    0 16.6 31 230   M    M   4        37 260
12  38  16  27 -15  38   0 0.41  2.0    0 11.2 22  10   M    M  10 12     26  10
13  43   6  25 -17  40   0 0.00  0.0    2  6.9 21 340   M    M   2        29 340
14  61  25  43   0  22   0 0.00  0.0    T 14.6 23 220   M    M   0        33 260
15  52  36  44   1  21   0 0.05  0.0    0 14.2 29 320   M    M   7 1      38 330
16  46  31  39  -4  26   0 0.03  0.1    T  7.2 17 210   M    M   7 1      20 200
17  60  33  47   4  18   0 0.03  0.0    0 10.0 21 220   M    M   7        26 220
18  56  34  45   1  20   0 0.04  0.0    0 19.3 38 250   M    M   5 1      47 260
19  64  29  47   3  18   0 0.00  0.0    0 11.2 24 240   M    M   0        30 270
20  60  36  48   4  17   0 0.00  0.0    0 16.2 32 250   M    M   1        41 260
21  69  31  50   6  15   0 0.00  0.0    0  8.9 16 220   M    M   0        21 160
22  70  37  54   9  11   0 0.70  0.0    0  9.3 28 240   M    M   5 13     33 250
23  54  34  44  -1  21   0 0.08  0.0    0 21.8 38 240   M    M   4 1      46 270
================================================================================
SM 1299  681       499   0  1.34     2.4 292.4          M       87
================================================================================
AV 56.5 29.6                              12.7 FASTST   M    M   4    MAX(MPH)
                                 MISC ---->  # 38 250               # 47  260
================================================================================
NOTES:
# LAST OF SEVERAL OCCURRENCES

COLUMN 17 PEAK WIND IN M.P.H.

PRELIMINARY LOCAL CLIMATOLOGICAL DATA (WS FORM: F-6) , PAGE 2

                                          STATION:  GREAT FALLS MT
                                          MONTH:    APRIL
                                          YEAR:     2014
                                          LATITUDE:   47 28 N
                                          LONGITUDE: 111 22 W

[TEMPERATURE DATA]      [PRECIPITATION DATA]       SYMBOLS USED IN COLUMN 16

AVERAGE MONTHLY: 43.0   TOTAL FOR MONTH:   1.34    1 = FOG OR MIST
DPTR FM NORMAL:   1.0   DPTR FM NORMAL:    0.29    2 = FOG REDUCING VISIBILITY
HIGHEST:    70 ON 22, 8 GRTST 24HR  0.78 ON 22-23      TO 1/4 MILE OR LESS
LOWEST:      6 ON 13                               3 = THUNDER
                        SNOW, ICE PELLETS, HAIL    4 = ICE PELLETS
                        TOTAL MONTH:   2.4 INCHES  5 = HAIL
                        GRTST 24HR   2.0 ON 12-12  6 = FREEZING RAIN OR DRIZZLE
                        GRTST DEPTH:   2 ON 13     7 = DUSTSTORM OR SANDSTORM:
                                                       VSBY 1/2 MILE OR LESS
                                                   8 = SMOKE OR HAZE
[NO. OF DAYS WITH]      [WEATHER - DAYS WITH]      9 = BLOWING SNOW
                                                   X = TORNADO
MAX 32 OR BELOW:   0    0.01 INCH OR MORE:   7
MAX 90 OR ABOVE:   0    0.10 INCH OR MORE:   2
MIN 32 OR BELOW:  13    0.50 INCH OR MORE:   1
MIN  0 OR BELOW:   0    1.00 INCH OR MORE:   0

[HDD (BASE 65) ]
TOTAL THIS MO.   499    CLEAR  (SCALE 0-3)  10
DPTR FM NORMAL   -28    PTCLDY (SCALE 4-7)  11
TOTAL FM JUL 1  7237    CLOUDY (SCALE 8-10)  2
DPTR FM NORMAL   252

[CDD (BASE 65) ]
TOTAL THIS MO.     0
DPTR FM NORMAL     0    [PRESSURE DATA]
TOTAL FM JAN 1     0    HIGHEST SLP M ON M
DPTR FM NORMAL     0    LOWEST  SLP 29.37 ON 22

[REMARKS]
