000
CXUS54 KAMA 241015
CF6GUY
PRELIMINARY LOCAL CLIMATOLOGICAL DATA (WS FORM: F-6)

                                          STATION:   GUYMON
                                          MONTH:     FEBRUARY
                                          YEAR:      2018
                                          LATITUDE:   36 41 N
                                          LONGITUDE: 101 30 W

  TEMPERATURE IN F:       :PCPN:    SNOW:  WIND      :SUNSHINE: SKY     :PK WND
================================================================================
1   2   3   4   5  6A  6B    7    8   9   10  11  12  13   14  15   16   17  18
                                     12Z  AVG MX 2MIN
DY MAX MIN AVG DEP HDD CDD  WTR  SNW DPTH SPD SPD DIR MIN PSBL S-S WX    SPD DR
================================================================================

 1  47  26  37   0  28   0 0.00  0.0    0  8.7 18  80   M    M   4        24  60
 2  53  22  38   1  27   0 0.00  0.0    0 14.7 33 210   M    M   0        41 200
 3  66  29  48  11  17   0 0.00  0.0    0  8.3 21  10   M    M   0        25  10
 4  43  14  29  -8  36   0    T    T    0 10.6 26  20   M    M   4 18     36  20
 5  65  15  40   3  25   0 0.00  0.0    0 15.4 33  50   M    M   0        42  50
 6  31  12  22 -15  43   0 0.00  0.0    0  6.0 16 160   M    M   6        20 140
 7  53  11  32  -5  33   0 0.00  0.0    0  6.3 16 180   M    M   0        21 170
 8  68  20  44   7  21   0 0.00  0.0    0  8.0 22 200   M    M   0        26 200
 9  42  18  30  -8  35   0 0.00  0.0    0 14.0 30  10   M    M   2 8      36  10
10  21  15  18 -20  47   0    T    T    0 13.1 23  10   M    M  10 18     29  20
11  47  10  29  -9  36   0 0.00  0.0    0  6.8 18 330   M    M   2        23 340
12  47  17  32  -6  33   0 0.00  0.0    0 14.6 25 160   M    M   1        33 160
13  67  25  46   8  19   0 0.00  0.0    0 16.8 24 210   M    M   0        30 200
14  80  42  61  23   4   0 0.00  0.0    0 15.9 32 220   M    M   0        40 220
15  74  41  58  20   7   0 0.00  0.0    0 19.4 29 230   M    M   0        36 230
16  42  26  34  -5  31   0 0.00  0.0    0 12.2 25  10   M    M   2        33  20
17  60  33  47   8  18   0 0.00  0.0    0 12.7 31  10   M    M   0        38  10
18  77  40  59  20   6   0 0.00  0.0    0 23.8 44 220   M    M   0        54 220
19  61  26  44   5  21   0 0.00  0.0    0 12.5 26 360   M    M   3        33 350
20  36  16  26 -13  39   0 0.00  0.0    0 15.5 26 360   M    M   4 1      32 360
21  30  16  23 -17  42   0    T    T    0 10.1 17  10   M    M  10        21  10
22  51  21  36  -4  29   0    T    M    0  9.1 20 170   M    M   5        29 180
23  36  17  27 -13  38   0 0.01    M    0  9.5 16 100   M    M   7 12     32 190
================================================================================
SM 1197  512       635   0  0.01    T    284.0          M       60
================================================================================
AV 52.0 22.3                              12.3 FASTST   M    M   3    MAX(MPH)
                                 MISC ---->  # 44 220               # 54  220
================================================================================
NOTES:
# LAST OF SEVERAL OCCURRENCES

COLUMN 17 PEAK WIND IN M.P.H.

PRELIMINARY LOCAL CLIMATOLOGICAL DATA (WS FORM: F-6) , PAGE 2

                                          STATION:  GUYMON
                                          MONTH:    FEBRUARY
                                          YEAR:     2018
                                          LATITUDE:   36 41 N
                                          LONGITUDE: 101 30 W

[TEMPERATURE DATA]      [PRECIPITATION DATA]       SYMBOLS USED IN COLUMN 16

AVERAGE MONTHLY: 37.2   TOTAL FOR MONTH:   0.01    1 = FOG OR MIST
DPTR FM NORMAL:  -1.0   DPTR FM NORMAL:   -0.37    2 = FOG REDUCING VISIBILITY
HIGHEST:    80 ON 14    GRTST 24HR  0.01 ON 23-23      TO 1/4 MILE OR LESS
LOWEST:     10 ON 11                               3 = THUNDER
                        SNOW, ICE PELLETS, HAIL    4 = ICE PELLETS
                        TOTAL MONTH:    T          5 = HAIL
                        GRTST 24HR    T  ON 21-21  6 = FREEZING RAIN OR DRIZZLE
                        GRTST DEPTH:   0           7 = DUSTSTORM OR SANDSTORM:
                                                       VSBY 1/2 MILE OR LESS
                                                   8 = SMOKE OR HAZE
[NO. OF DAYS WITH]      [WEATHER - DAYS WITH]      9 = BLOWING SNOW
                                                   X = TORNADO
MAX 32 OR BELOW:   3    0.01 INCH OR MORE:   1
MAX 90 OR ABOVE:   0    0.10 INCH OR MORE:   0
MIN 32 OR BELOW:  19    0.50 INCH OR MORE:   0
MIN  0 OR BELOW:   0    1.00 INCH OR MORE:   0

[HDD (BASE 65) ]
TOTAL THIS MO.   635    CLEAR  (SCALE 0-3)  15
DPTR FM NORMAL    17    PTCLDY (SCALE 4-7)   6
TOTAL FM JUL 1  3102    CLOUDY (SCALE 8-10)  2
DPTR FM NORMAL  -244

[CDD (BASE 65) ]
TOTAL THIS MO.     0
DPTR FM NORMAL     0    [PRESSURE DATA]
TOTAL FM JAN 1     0    HIGHEST SLP M ON M
DPTR FM NORMAL     0    LOWEST  SLP 29.50 ON 19

[REMARKS]
