249
CXUS52 KFFC 231110
CF6GVL
PRELIMINARY LOCAL CLIMATOLOGICAL DATA (WS FORM: F-6)

                                          STATION:   GAINESVILLE
                                          MONTH:     SEPTEMBER
                                          YEAR:      2017
                                          LATITUDE:   34 16 N
                                          LONGITUDE:  83 50 W

  TEMPERATURE IN F:       :PCPN:    SNOW:  WIND      :SUNSHINE: SKY     :PK WND
================================================================================
1   2   3   4   5  6A  6B    7    8   9   10  11  12  13   14  15   16   17  18
                                     12Z  AVG MX 2MIN
DY MAX MIN AVG DEP HDD CDD  WTR  SNW DPTH SPD SPD DIR MIN PSBL S-S WX    SPD DR
================================================================================

 1  82  63  73  -3   0   8 0.11  0.0    0 11.3 23 230   M    M   8 1      31 240
 2  79  60  70  -6   0   5 0.00  0.0    0  8.4 20 250   M    M   0        31 260
 3  81  57  69  -7   0   4 0.00  0.0    0  6.0 15 300   M    M   0        20 290
 4  84  56  70  -6   0   5 0.00  0.0    0  2.9 13 250   M    M   0        18 220
 5  85  64  75   0   0  10 1.05  0.0    0  5.2 20 340   M    M   4 13     27 340
 6  75  59  67  -8   0   2 0.01  0.0    0  7.8 16 320   M    M   6 1      21 330
 7  75  52  64 -11   1   0    M  0.0    0  4.5 10 250   M    M   0        17 280
 8  76  54  65  -9   0   0 0.00  0.0    0  5.9 14  70   M    M   0        18  60
 9  77  58  68  -6   0   3 0.00  0.0    0  8.9 20  90   M    M   0        27  90
10  68  58  63 -11   2   0 0.00  0.0    0 12.5 24  70   M    M   0        34  50
11   M   M   M   M   M   M 0.73    M    0 17.8 27  40   M    M   7 1      45  40
12  63  55  59 -14   6   0 0.15  0.0    M 11.2 32  40   M    M   9 1      45  40
13  75  60  68  -5   0   3    T  0.0    0  6.7 16 230   M    M   7 1      23 240
14  77  63  70  -3   0   5 0.00  0.0    0  2.8 12 230   M    M   9        14 260
15  84  60  72   0   0   7 0.00  0.0    0  2.8  8 230   M    M   1 1      11 250
16  85  64  75   3   0  10 0.00  0.0    0  2.5  7 110   M    M   3        10  70
17  86  64  75   4   0  10 0.00  0.0    0  1.9  9 250   M    M   1        11 350
18  85  64  75   4   0  10 0.00  0.0    0  4.5 10 280   M    M   1        13 270
19  86  66  76   5   0  11 0.00  0.0    0  3.6 12  90   M    M   1        15  70
20  88  66  77   7   0  12 0.00  0.0    0  3.3 10 250   M    M   0        13 260
21  88  66  77   7   0  12 0.00  0.0    0  3.9 13  40   M    M   1        15  30
22  87  68  78   8   0  13 0.00  0.0    0  4.6 10  90   M    M   1        14 100
================================================================================
SM 1686 1277         9 130  2.05     0.0 139.0          M       59
================================================================================
AV 80.3 60.8                               6.3 FASTST   M    M   3    MAX(MPH)
                                 MISC ---->  # 32  40               # 45   40
================================================================================
NOTES:
# LAST OF SEVERAL OCCURRENCES

COLUMN 17 PEAK WIND IN M.P.H.

PRELIMINARY LOCAL CLIMATOLOGICAL DATA (WS FORM: F-6) , PAGE 2

                                          STATION:  GAINESVILLE
                                          MONTH:    SEPTEMBER
                                          YEAR:     2017
                                          LATITUDE:   34 16 N
                                          LONGITUDE:  83 50 W

[TEMPERATURE DATA]      [PRECIPITATION DATA]       SYMBOLS USED IN COLUMN 16

AVERAGE MONTHLY: 70.6   TOTAL FOR MONTH:   2.05    1 = FOG OR MIST
DPTR FM NORMAL:  -2.7   DPTR FM NORMAL:   -1.37    2 = FOG REDUCING VISIBILITY
HIGHEST:    88 ON 21,20 GRTST 24HR  1.71 ON 31- 1      TO 1/4 MILE OR LESS
LOWEST:     52 ON  7                               3 = THUNDER
                        SNOW, ICE PELLETS, HAIL    4 = ICE PELLETS
                        TOTAL MONTH:   0.0 INCH    5 = HAIL
                        GRTST 24HR     0.0         6 = FREEZING RAIN OR DRIZZLE
                        GRTST DEPTH:   0           7 = DUSTSTORM OR SANDSTORM:
                                                       VSBY 1/2 MILE OR LESS
                                                   8 = SMOKE OR HAZE
[NO. OF DAYS WITH]      [WEATHER - DAYS WITH]      9 = BLOWING SNOW
                                                   X = TORNADO
MAX 32 OR BELOW:   0    0.01 INCH OR MORE:   5
MAX 90 OR ABOVE:   0    0.10 INCH OR MORE:   4
MIN 32 OR BELOW:   0    0.50 INCH OR MORE:   2
MIN  0 OR BELOW:   0    1.00 INCH OR MORE:   1

[HDD (BASE 65) ]
TOTAL THIS MO.     9    CLEAR  (SCALE 0-3)  15
DPTR FM NORMAL     7    PTCLDY (SCALE 4-7)   4
TOTAL FM JUL 1     9    CLOUDY (SCALE 8-10)  3
DPTR FM NORMAL     7

[CDD (BASE 65) ]
TOTAL THIS MO.   130
DPTR FM NORMAL   -53    [PRESSURE DATA]
TOTAL FM JAN 1  1554    HIGHEST SLP M ON M
DPTR FM NORMAL    45    LOWEST  SLP 29.52 ON 11

[REMARKS]
