000
CXUS55 KBOU 270949
CF6GXY
PRELIMINARY LOCAL CLIMATOLOGICAL DATA (WS FORM: F-6)

                                          STATION:   GREELEY  CO
                                          MONTH:     APRIL
                                          YEAR:      2017
                                          LATITUDE:   40 25 N
                                          LONGITUDE: 104 38 W

  TEMPERATURE IN F:       :PCPN:    SNOW:  WIND      :SUNSHINE: SKY     :PK WND
================================================================================
1   2   3   4   5  6A  6B    7    8   9   10  11  12  13   14  15   16   17  18
                                     12Z  AVG MX 2MIN
DY MAX MIN AVG DEP HDD CDD  WTR  SNW DPTH SPD SPD DIR MIN PSBL S-S WX    SPD DR
================================================================================

 1  46  35  41   M  24   0    M    M    M  5.9 12 140   M    M   9 1       M  M
 2   M   M   M   M   M   M    M    M    M  5.8 14 360   M    M   6 12     18 360
 3  60  33  47   M  18   0    M    M    M 11.0 20  30   M    M   2        31 360
 4  44  28  36   M  29   0    M    M    M  9.5 18  40   M    M   6        25  40
 5  59  22  41   M  24   0    M    M    M  5.9 12 230   M    M   1        21  99
 6  69  29  49   M  16   0    M    M    M  7.3 16 150   M    M   2        22 160
 7  80  33  57   M   8   0    M    M    M  7.6 20 260   M    M   0        24 230
 8  81  44  63   M   2   0    M    M    M  9.1 22 250   M    M   0        30 250
 9  61  35  48   M  17   0    M    M    M 16.7 37 300   M    M   3        48 290
10  61  34  48   M  17   0    M    M    M 12.7 32 320   M    M   0        40 320
11  70  24  47   M  18   0    M    M    M  8.0 14 100   M    M   0        24 130
12  77  32  55   M  10   0    M    M    M  7.2 13  90   M    M   0        20 130
13  83  53  68   M   0   3    M    M    M 12.8 27 140   M    M   0        37 130
14  81  39  60   M   5   0    M    M    M  8.8 21  30   M    M   3 12     32 360
15  73  38  56   M   9   0    M    M    M  6.1 14  70   M    M   0        16 190
16  75  32  54   M  11   0    M    M    M  6.2 13  40   M    M   0        18 180
17  79  43  61   M   4   0    M    M    M  7.9 16 150   M    M   3        23 150
18  78  40  59   M   6   0    M    M    M 11.7 21 130   M    M   0        27 130
19  75  46  61   M   4   0    M    M    M 10.0 27 320   M    M   4 8      40 320
20  65  33  49   M  16   0    M    M    M  8.6 20 110   M    M   5        33 110
21  46  36  41   M  24   0    M    M    M 15.2 24  70   M    M   9 1      32 290
22  60  38  49   M  16   0    M    M    M  5.7 13 130   M    M   6         M  M
23  75  34  55   M  10   0    M    M    M  5.3 15 130   M    M   0         M  M
24  69  45  57   M   8   0    M    M    M 12.1 29 340   M    M   3 3      35 340
25  61  31  46   M  19   0    M    M    M 10.7 30 350   M    M   2 12     38 350
26  61  29  45   M  20   0    M    M    M  6.3 10 320   M    M   2        18 320
================================================================================
SM 1689  886       335   3    M     M    234.1          M       66
================================================================================
AV 67.6 35.4                               9.0 FASTST   M    M   3    MAX(MPH)
                                 MISC ---->  # 37 300               # 48  290
================================================================================
NOTES:
# LAST OF SEVERAL OCCURRENCES

COLUMN 17 PEAK WIND IN M.P.H.

PRELIMINARY LOCAL CLIMATOLOGICAL DATA (WS FORM: F-6) , PAGE 2

                                          STATION:  GREELEY  CO
                                          MONTH:    APRIL
                                          YEAR:     2017
                                          LATITUDE:   40 25 N
                                          LONGITUDE: 104 38 W

[TEMPERATURE DATA]      [PRECIPITATION DATA]       SYMBOLS USED IN COLUMN 16

AVERAGE MONTHLY: 51.5   TOTAL FOR MONTH:      M    1 = FOG OR MIST
DPTR FM NORMAL:     M   DPTR FM NORMAL:       M    2 = FOG REDUCING VISIBILITY
HIGHEST:    83 ON 13    GRTST 24HR  0.06 ON 31- 1      TO 1/4 MILE OR LESS
LOWEST:     22 ON  5                               3 = THUNDER
                        SNOW, ICE PELLETS, HAIL    4 = ICE PELLETS
                        TOTAL MONTH:    M          5 = HAIL
                        GRTST 24HR    M  ON   M    6 = FREEZING RAIN OR DRIZZLE
                        GRTST DEPTH:  M  ON   M    7 = DUSTSTORM OR SANDSTORM:
                                                       VSBY 1/2 MILE OR LESS
                                                   8 = SMOKE OR HAZE
[NO. OF DAYS WITH]      [WEATHER - DAYS WITH]      9 = BLOWING SNOW
                                                   X = TORNADO
MAX 32 OR BELOW:   0    0.01 INCH OR MORE:   0
MAX 90 OR ABOVE:   0    0.10 INCH OR MORE:   0
MIN 32 OR BELOW:   8    0.50 INCH OR MORE:   0
MIN  0 OR BELOW:   0    1.00 INCH OR MORE:   0

[HDD (BASE 65) ]
TOTAL THIS MO.   335    CLEAR  (SCALE 0-3)  18
DPTR FM NORMAL     M    PTCLDY (SCALE 4-7)   6
TOTAL FM JUL 1  5153    CLOUDY (SCALE 8-10)  2
DPTR FM NORMAL     M

[CDD (BASE 65) ]
TOTAL THIS MO.     3
DPTR FM NORMAL     M    [PRESSURE DATA]
TOTAL FM JAN 1     3    HIGHEST SLP M ON M
DPTR FM NORMAL     M    LOWEST  SLP M ON M

[REMARKS]
