000
CXUS55 KBOU 310809
CF6GXY
PRELIMINARY LOCAL CLIMATOLOGICAL DATA (WS FORM: F-6)

                                          STATION:   GREELEY  CO
                                          MONTH:     MAY
                                          YEAR:      2016
                                          LATITUDE:   40 25 N
                                          LONGITUDE: 104 38 W

  TEMPERATURE IN F:       :PCPN:    SNOW:  WIND      :SUNSHINE: SKY     :PK WND
================================================================================
1   2   3   4   5  6A  6B    7    8   9   10  11  12  13   14  15   16   17  18
                                     12Z  AVG MX 2MIN
DY MAX MIN AVG DEP HDD CDD  WTR  SNW DPTH SPD SPD DIR MIN PSBL S-S WX    SPD DR
================================================================================

 1  46  32  39   M  26   0    M    M    M  7.4 15 360   M    M   8        18 350
 2  63  25  44   M  21   0    M    M    M  5.5 10 310   M    M   1         M  M
 3  70  39  55   M  10   0    M    M    M 12.0 20 340   M    M   1        29 340
 4  77  36  57   M   8   0    M    M    M  2.9  8 160   M    M   0         M  M
 5  82  41  62   M   3   0    M    M    M  5.5 10 160   M    M   0         M  M
 6  81  45  63   M   2   0    M    M    M  7.0 24  30   M    M   2 3      29  30
 7  57  39  48   M  17   0    M    M    M 17.2 30 350   M    M   5 3      44 350
 8  63  37  50   M  15   0    M    M    M  6.0 14 150   M    M   3 3      16 110
 9  70  45  58   M   7   0    M    M    M  6.4 12  20   M    M   3 3       M  M
10  64  46  55   M  10   0    M    M    M 11.2 21 140   M    M   6        24 140
11  64  41  53   M  12   0    M    M    M  4.7 13  80   M    M   5        16 130
12  72  36  54   M  11   0    M    M    M  5.2 12 110   M    M   0        16 110
13  59  39  49   M  16   0    M    M    M 10.5 20  40   M    M   3        27  40
14  54  39  47   M  18   0    M    M    M 12.1 17  50   M    M   9        23  50
15  61  43  52   M  13   0    M    M    M  8.1 16  90   M    M   6        24 120
16  45  39  42   M  23   0    M    M    M  8.4 17  40   M    M  10         M  M
17  52  39  46   M  19   0    M    M    M  6.7 12  90   M    M  10         M  M
18  68  43  56   M   9   0    M    M    M  8.0 13 130   M    M   3        16 120
19  77  37  57   M   8   0    M    M    M  6.5 13 170   M    M   0         M  M
20  81  45  63   M   2   0    M    M    M  7.2 17 120   M    M   0         M  M
21  84  52  68   M   0   3    M    M    M 10.7 23 100   M    M   2        29 130
22  75  48  62   M   3   0    M    M    M 11.2 32 350   M    M   1        40 350
23  70  41  56   M   9   0    M    M    M  8.9 22 120   M    M   1        29 190
24  73  43  58   M   7   0    M    M    M  6.7 21 120   M    M   3 3      27 150
25  75  43  59   M   6   0    M    M    M  8.1 16 160   M    M   0        21 160
26  64  43  54   M  11   0    M    M    M  4.6 18  90   M    M   6 3       M  M
27  61  46  54   M  11   0    M    M    M 11.6 24 350   M    M   4        31 350
28  75  39  57   M   8   0    M    M    M  4.5 12 160   M    M   2        16 160
29  79  43  61   M   4   0    M    M    M  3.4 15 330   M    M   0 3       M  M
30  79  45  62   M   3   0    M    M    M  6.4 20 350   M    M   0 3      27 350
================================================================================
SM 2041 1229       312   3    M     M    234.6          M       94
================================================================================
AV 68.0 41.0                               7.8 FASTST   M    M   3    MAX(MPH)
                                 MISC ---->    32   M                 44    M
================================================================================
NOTES:
# LAST OF SEVERAL OCCURRENCES

COLUMN 17 PEAK WIND IN M.P.H.

PRELIMINARY LOCAL CLIMATOLOGICAL DATA (WS FORM: F-6) , PAGE 2

                                          STATION:  GREELEY  CO
                                          MONTH:    MAY
                                          YEAR:     2016
                                          LATITUDE:   40 25 N
                                          LONGITUDE: 104 38 W

[TEMPERATURE DATA]      [PRECIPITATION DATA]       SYMBOLS USED IN COLUMN 16

AVERAGE MONTHLY: 54.5   TOTAL FOR MONTH:      M    1 = FOG OR MIST
DPTR FM NORMAL:     M   DPTR FM NORMAL:       M    2 = FOG REDUCING VISIBILITY
HIGHEST:    84 ON 21    GRTST 24HR    M  ON   M        TO 1/4 MILE OR LESS
LOWEST:     25 ON  2                               3 = THUNDER
                        SNOW, ICE PELLETS, HAIL    4 = ICE PELLETS
                        TOTAL MONTH:    M          5 = HAIL
                        GRTST 24HR    M  ON   M    6 = FREEZING RAIN OR DRIZZLE
                        GRTST DEPTH:  M  ON   M    7 = DUSTSTORM OR SANDSTORM:
                                                       VSBY 1/2 MILE OR LESS
                                                   8 = SMOKE OR HAZE
[NO. OF DAYS WITH]      [WEATHER - DAYS WITH]      9 = BLOWING SNOW
                                                   X = TORNADO
MAX 32 OR BELOW:   0    0.01 INCH OR MORE:   0
MAX 90 OR ABOVE:   0    0.10 INCH OR MORE:   0
MIN 32 OR BELOW:   2    0.50 INCH OR MORE:   0
MIN  0 OR BELOW:   0    1.00 INCH OR MORE:   0

[HDD (BASE 65) ]
TOTAL THIS MO.   312    CLEAR  (SCALE 0-3)  19
DPTR FM NORMAL     M    PTCLDY (SCALE 4-7)   8
TOTAL FM JUL 1  6300    CLOUDY (SCALE 8-10)  3
DPTR FM NORMAL     M

[CDD (BASE 65) ]
TOTAL THIS MO.     3
DPTR FM NORMAL     M    [PRESSURE DATA]
TOTAL FM JAN 1     3    HIGHEST SLP M ON M
DPTR FM NORMAL     M    LOWEST  SLP M ON M

[REMARKS]
