000
CXUS54 KOUN 280700
CF6HBR
PRELIMINARY LOCAL CLIMATOLOGICAL DATA (WS FORM: F-6)

                                          STATION:   HOBART
                                          MONTH:     MAY
                                          YEAR:      2016
                                          LATITUDE:   35  0 N
                                          LONGITUDE:  99  3 W

  TEMPERATURE IN F:       :PCPN:    SNOW:  WIND      :SUNSHINE: SKY     :PK WND
================================================================================
1   2   3   4   5  6A  6B    7    8   9   10  11  12  13   14  15   16   17  18
                                     12Z  AVG MX 2MIN
DY MAX MIN AVG DEP HDD CDD  WTR  SNW DPTH SPD SPD DIR MIN PSBL S-S WX    SPD DR
================================================================================

 1  64  44  54 -10  11   0 0.01  0.0    0 15.3 24  10   M    M   3        29  10
 2  68  43  56  -8   9   0 0.00  0.0    0  9.8 22  10   M    M   2        26 360
 3  73  42  58  -7   7   0    T  0.0    0  8.1 25 300   M    M   1        29 290
 4  84  43  64  -1   1   0 0.00  0.0    0  9.7 18 360   M    M   0        24 360
 5  84  47  66   0   0   1 0.00  0.0    0  4.7 10 140   M    M   0 8      14 120
 6  86  51  69   3   0   4 0.00  0.0    0 11.2 20 160   M    M   0        25 150
 7  87  58  73   7   0   8 0.00  0.0    0 16.9 29 170   M    M   0        36 170
 8  86  62  74   8   0   9 0.09  0.0    0 18.4 30 140   M    M   1 3      38 150
 9  88  57  73   6   0   8 0.00  0.0    0 16.0 30 250   M    M   2        38 240
10  97  53  75   8   0  10 0.00  0.0    0 11.7 29 170   M    M   0        37 170
11  84  64  74   6   0   9 0.00  0.0    0 14.4 26  40   M    M   1        33  30
12  82  57  70   2   0   5 0.05  0.0    0 11.3 32  20   M    M   1 3      40  20
13  88  52  70   2   0   5 0.64  0.0    0 14.4 33 330   M    M   0 13     51 330
14  63  50  57 -11   8   0    T  0.0    0 15.8 33  40   M    M   6 8      39  50
15  59  50  55 -14  10   0 0.11  0.0    0  4.7 14 130   M    M  10        18 120
16  78  54  66  -3   0   1 0.61  0.0    0 13.8 56 330   M    M   7 13     66 340
17  60  55  58 -12   7   0 0.13  0.0    0 14.9 24  10   M    M   8 13     30  30
18  67  51  59 -11   6   0 0.00  0.0    0 11.2 21  60   M    M   7        26  50
19  61  54  58 -12   7   0 0.19  0.0    0  4.2 12  80   M    M  10 18     14  60
20  74  57  66  -4   0   1 0.01  0.0    0  8.1 17 160   M    M   7 1      23 180
21  79  63  71   0   0   6 0.00  0.0    0 13.3 21 130   M    M  10        25 150
22  81  65  73   2   0   8    M  0.0    0 17.4 33 200   M    M   7 138    40 200
23  82  62  72   0   0   7 0.03  0.0    0 18.1 31 180   M    M   5 138    37 180
24  87  64  76   4   0  11 0.01  0.0    0 17.4 32 200   M    M   5 3      37 200
25  94  73  84  12   0  19 0.00  0.0    0 19.8 29 180   M    M   3 18     36 180
26  91  69  80   8   0  15 0.01  0.0    0 21.4 39 170   M    M   3 138    49 170
27  87  67  77   4   0  12 0.00  0.0    0 15.1 36 160   M    M   0        46 160
================================================================================
SM 2134 1507        66 139  1.89     0.0 357.1          M       99
================================================================================
AV 79.0 55.8                              13.2 FASTST   M    M   4    MAX(MPH)
                                 MISC ---->  # 56 330               # 66  340
================================================================================
NOTES:
# LAST OF SEVERAL OCCURRENCES

COLUMN 17 PEAK WIND IN M.P.H.

PRELIMINARY LOCAL CLIMATOLOGICAL DATA (WS FORM: F-6) , PAGE 2

                                          STATION:  HOBART
                                          MONTH:    MAY
                                          YEAR:     2016
                                          LATITUDE:   35  0 N
                                          LONGITUDE:  99  3 W

[TEMPERATURE DATA]      [PRECIPITATION DATA]       SYMBOLS USED IN COLUMN 16

AVERAGE MONTHLY: 67.4   TOTAL FOR MONTH:   1.89    1 = FOG OR MIST
DPTR FM NORMAL:  -1.1   DPTR FM NORMAL:   -1.28    2 = FOG REDUCING VISIBILITY
HIGHEST:    97 ON 10    GRTST 24HR  0.73 ON 16-17      TO 1/4 MILE OR LESS
LOWEST:     42 ON  3                               3 = THUNDER
                        SNOW, ICE PELLETS, HAIL    4 = ICE PELLETS
                        TOTAL MONTH:   0.0 INCH    5 = HAIL
                        GRTST 24HR     0.0         6 = FREEZING RAIN OR DRIZZLE
                        GRTST DEPTH:   0           7 = DUSTSTORM OR SANDSTORM:
                                                       VSBY 1/2 MILE OR LESS
                                                   8 = SMOKE OR HAZE
[NO. OF DAYS WITH]      [WEATHER - DAYS WITH]      9 = BLOWING SNOW
                                                   X = TORNADO
MAX 32 OR BELOW:   0    0.01 INCH OR MORE:  12
MAX 90 OR ABOVE:   3    0.10 INCH OR MORE:   5
MIN 32 OR BELOW:   0    0.50 INCH OR MORE:   2
MIN  0 OR BELOW:   0    1.00 INCH OR MORE:   0

[HDD (BASE 65) ]
TOTAL THIS MO.    66    CLEAR  (SCALE 0-3)  14
DPTR FM NORMAL    22    PTCLDY (SCALE 4-7)   9
TOTAL FM JUL 1  2819    CLOUDY (SCALE 8-10)  4
DPTR FM NORMAL  -844

[CDD (BASE 65) ]
TOTAL THIS MO.   139
DPTR FM NORMAL     3    [PRESSURE DATA]
TOTAL FM JAN 1   181    HIGHEST SLP M ON M
DPTR FM NORMAL     1    LOWEST  SLP 29.48 ON  9

[REMARKS]
