000
CXUS54 KEWX 240910
CF6HDO
PRELIMINARY LOCAL CLIMATOLOGICAL DATA (WS FORM: F-6)

                                          STATION:   HONDO
                                          MONTH:     MAY
                                          YEAR:      2015
                                          LATITUDE:   29 21 N
                                          LONGITUDE:  99 10 W

  TEMPERATURE IN F:       :PCPN:    SNOW:  WIND      :SUNSHINE: SKY     :PK WND
================================================================================
1   2   3   4   5  6A  6B    7    8   9   10  11  12  13   14  15   16   17  18
                                     12Z  AVG MX 2MIN
DY MAX MIN AVG DEP HDD CDD  WTR  SNW DPTH SPD SPD DIR MIN PSBL S-S WX    SPD DR
================================================================================

 1  80  47  64  -9   1   0 0.00    M    0  5.3 15 160   M    M   0        19 150
 2  81  49  65  -8   0   0 0.00  0.0    0  7.1 15 130   M    M   0        19 160
 3  83  56  70  -3   0   5 0.00  0.0    0  9.6 18 130   M    M   4        24 130
 4  83  69  76   2   0  11    T  0.0    0 15.2 24 140   M    M  10 1      30 150
 5  75  69  72  -2   0   7 0.05  0.0    0 12.7 21 160   M    M  10 1      26 160
 6  81  71  76   2   0  11 0.00  0.0    0 13.3 21 160   M    M   9 18     25 130
 7  86  71  79   5   0  14    T    M    0 13.2 24 130   M    M   9 18     28 120
 8  80  74  77   2   0  12 0.05  0.0    0 11.3 21 140   M    M   8 138    25 120
 9  91  74  83   8   0  18 0.01  0.0    0 14.2 29 140   M    M   7 138    34 130
10  85  73  79   4   0  14    T    M    0 12.6 22 130   M    M  10 18     27 150
11  85  68  77   2   0  12 0.03  0.0    0 10.7 22  50   M    M   9 138    27  60
12  73  65  69  -7   0   4 0.12  0.0    0  9.5 21  60   M    M   8 1      25  60
13  70  64  67  -9   0   2 1.22  0.0    0  9.2 37 290   M    M  10 13     48 310
14  87  67  77   1   0  12 0.46    M    0  7.8 25 120   M    M   7 13     30 110
15  79  67  73  -3   0   8 0.84  0.0    0  8.9 25  90   M    M   7 13     31  80
16  86  68  77   0   0  12    T    M    M 11.5 21 170   M    M  10 1      26 180
17  79  67  73  -4   0   8    M  0.0    0  7.8 28 350   M    M  10 13     32 350
18  89  75  82   5   0  17    T  0.0    0  9.5 20 120   M    M   7 18     25 150
19  88  74  81   4   0  16 0.00  0.0    0 14.2 25 150   M    M   7 18     30 150
20  88  72  80   2   0  15 0.00  0.0    0  8.7 16 140   M    M   7 1       M  M
21  80  66  73  -5   0   8 0.33  0.0    0 12.5 31  10   M    M   6 13     37  10
22  85  65  75  -3   0  10 0.02  0.0    0 10.4 18 130   M    M   9 1      22 130
23  85  65  75  -3   0  10 2.14  0.0    0 14.2 32 130   M    M   9 13     43 120
================================================================================
SM 1899 1536         1 226  5.27     0.0 249.4          M      173
================================================================================
AV 82.6 66.8                              10.8 FASTST   M    M   8    MAX(MPH)
                                 MISC ---->  # 37 290               # 48  310
================================================================================
NOTES:
# LAST OF SEVERAL OCCURRENCES

COLUMN 17 PEAK WIND IN M.P.H.

PRELIMINARY LOCAL CLIMATOLOGICAL DATA (WS FORM: F-6) , PAGE 2

                                          STATION:  HONDO
                                          MONTH:    MAY
                                          YEAR:     2015
                                          LATITUDE:   29 21 N
                                          LONGITUDE:  99 10 W

[TEMPERATURE DATA]      [PRECIPITATION DATA]       SYMBOLS USED IN COLUMN 16

AVERAGE MONTHLY: 74.7   TOTAL FOR MONTH:   5.27    1 = FOG OR MIST
DPTR FM NORMAL:  -0.9   DPTR FM NORMAL:    2.86    2 = FOG REDUCING VISIBILITY
HIGHEST:    91 ON  9    GRTST 24HR  2.14 ON 23-23      TO 1/4 MILE OR LESS
LOWEST:     47 ON  1                               3 = THUNDER
                        SNOW, ICE PELLETS, HAIL    4 = ICE PELLETS
                        TOTAL MONTH:   0.0 INCH    5 = HAIL
                        GRTST 24HR     0.0         6 = FREEZING RAIN OR DRIZZLE
                        GRTST DEPTH:   0           7 = DUSTSTORM OR SANDSTORM:
                                                       VSBY 1/2 MILE OR LESS
                                                   8 = SMOKE OR HAZE
[NO. OF DAYS WITH]      [WEATHER - DAYS WITH]      9 = BLOWING SNOW
                                                   X = TORNADO
MAX 32 OR BELOW:   0    0.01 INCH OR MORE:  11
MAX 90 OR ABOVE:   1    0.10 INCH OR MORE:   6
MIN 32 OR BELOW:   0    0.50 INCH OR MORE:   3
MIN  0 OR BELOW:   0    1.00 INCH OR MORE:   2

[HDD (BASE 65) ]
TOTAL THIS MO.     1    CLEAR  (SCALE 0-3)   2
DPTR FM NORMAL     1    PTCLDY (SCALE 4-7)   9
TOTAL FM JUL 1  1808    CLOUDY (SCALE 8-10) 12
DPTR FM NORMAL   223

[CDD (BASE 65) ]
TOTAL THIS MO.   226
DPTR FM NORMAL   -18    [PRESSURE DATA]
TOTAL FM JAN 1   434    HIGHEST SLP M ON M
DPTR FM NORMAL   -45    LOWEST  SLP 29.68 ON  9

[REMARKS]
