000
CXUS54 KEWX 300910
CF6HDO
PRELIMINARY LOCAL CLIMATOLOGICAL DATA (WS FORM: F-6)

                                          STATION:   HONDO
                                          MONTH:     AUGUST
                                          YEAR:      2014
                                          LATITUDE:   29 21 N
                                          LONGITUDE:  99 10 W

  TEMPERATURE IN F:       :PCPN:    SNOW:  WIND      :SUNSHINE: SKY     :PK WND
================================================================================
1   2   3   4   5  6A  6B    7    8   9   10  11  12  13   14  15   16   17  18
                                     12Z  AVG MX 2MIN
DY MAX MIN AVG DEP HDD CDD  WTR  SNW DPTH SPD SPD DIR MIN PSBL S-S WX    SPD DR
================================================================================

 1  94  75  85   1   0  20 0.00    M    M  9.9 17  60   M    M   5        21  60
 2  95  72  84   0   0  19 0.00    M    M  8.3 15 100   M    M   3         M  M
 3  96  65  81  -3   0  16 0.00    M    M  5.6 15  70   M    M   2        20  80
 4  98  69  84   0   0  19 0.00    M    M  6.7 15  80   M    M   1 8      19 350
 5  96  70  83  -1   0  18 0.00    M    M  5.7 16 110   M    M   2        21 110
 6  99  71  85   1   0  20 0.00    M    M  7.6 20 150   M    M   1        25 140
 7 101  74  88   4   0  23 0.00    M    M  9.8 25 150   M    M   1 1      32 140
 8 101  73  87   3   0  22 0.00    M    M  8.8 29 180   M    M   0        36 190
 9  97  69  83  -1   0  18    T    M    M  8.1 17 150   M    M   2        22 190
10  99  71  85   1   0  20 0.00    M    M  7.0 17 140   M    M   2        23 130
11 101  72  87   3   0  22 0.00    M    M  7.3 23  40   M    M   0        27  30
12  98  74  86   2   0  21 0.13    M    M  5.8 25 300   M    M   3 13     33 320
13  99  70  85   1   0  20 0.00    M    M  7.7 16  90   M    M   0        20  90
14  99  64  82  -2   0  17 0.00    M    M  6.4 17 130   M    M   0        22 120
15  98  69  84   0   0  19 0.00    M    M  6.7 14 140   M    M   2        19 120
16 101  74  88   4   0  23 0.00    M    M  9.2 23 150   M    M   0        30 150
17 101  77  89   5   0  24 0.00    M    M 11.5 25 140   M    M   2        32 150
18 101  72  87   3   0  22 0.03    M    M 13.4 25 140   M    M   5 3      35 360
19  96  70  83  -1   0  18 0.80    M    M 11.1 25 140   M    M   4 13     33 140
20  98  75  87   3   0  22 0.00    M    M 13.7 26 140   M    M   3        33 140
21 101  78  90   6   0  25 0.00    M    M 15.0 28 150   M    M   4        35 150
22 101  74  88   4   0  23 0.00    M    M 13.1 24 150   M    M   2        30 150
23  99  68  84   0   0  19 0.00    M    M 10.5 25 150   M    M   2        29 150
24  99  73  86   2   0  21 0.00    M    M  8.2 18 150   M    M   2        23 150
25  99  72  86   2   0  21 0.00    M    M  6.8 16 130   M    M   1        22 130
26 101  69  85   2   0  20 0.00    M    M  5.7 22  80   M    M   2        28  80
27   M  72   M   M   M   M 0.00    M    M  5.2  9 120   M    M   0         M  M
28   M   M   M   M   M   M 0.00    M    M   M   M   M   M    M   0         M  M
29  98  82  90   7   0  25 0.00    M    M 11.2 20 110   M    M   1        28 120
================================================================================
SM 2666 2014         0 557  0.96    M    246.0          M       52
================================================================================
AV 98.7 71.9                               8.8 FASTST   M    M   2    MAX(MPH)
                                 MISC ---->  # 29 180               # 36  190
================================================================================
NOTES:
# LAST OF SEVERAL OCCURRENCES

COLUMN 17 PEAK WIND IN M.P.H.

PRELIMINARY LOCAL CLIMATOLOGICAL DATA (WS FORM: F-6) , PAGE 2

                                          STATION:  HONDO
                                          MONTH:    AUGUST
                                          YEAR:     2014
                                          LATITUDE:   29 21 N
                                          LONGITUDE:  99 10 W

[TEMPERATURE DATA]      [PRECIPITATION DATA]       SYMBOLS USED IN COLUMN 16

AVERAGE MONTHLY: 85.3   TOTAL FOR MONTH:   0.96    1 = FOG OR MIST
DPTR FM NORMAL:   1.5   DPTR FM NORMAL:   -0.53    2 = FOG REDUCING VISIBILITY
HIGHEST:   101 ON 26,22 GRTST 24HR  0.83 ON 18-19      TO 1/4 MILE OR LESS
LOWEST:     64 ON 14                               3 = THUNDER
                        SNOW, ICE PELLETS, HAIL    4 = ICE PELLETS
                        TOTAL MONTH:    M          5 = HAIL
                        GRTST 24HR    M  ON   M    6 = FREEZING RAIN OR DRIZZLE
                        GRTST DEPTH:  M  ON   M    7 = DUSTSTORM OR SANDSTORM:
                                                       VSBY 1/2 MILE OR LESS
                                                   8 = SMOKE OR HAZE
[NO. OF DAYS WITH]      [WEATHER - DAYS WITH]      9 = BLOWING SNOW
                                                   X = TORNADO
MAX 32 OR BELOW:   0    0.01 INCH OR MORE:   3
MAX 90 OR ABOVE:  27    0.10 INCH OR MORE:   2
MIN 32 OR BELOW:   0    0.50 INCH OR MORE:   1
MIN  0 OR BELOW:   0    1.00 INCH OR MORE:   0

[HDD (BASE 65) ]
TOTAL THIS MO.     0    CLEAR  (SCALE 0-3)  24
DPTR FM NORMAL     0    PTCLDY (SCALE 4-7)   5
TOTAL FM JUL 1     0    CLOUDY (SCALE 8-10)  0
DPTR FM NORMAL     0

[CDD (BASE 65) ]
TOTAL THIS MO.   557
DPTR FM NORMAL    11    [PRESSURE DATA]
TOTAL FM JAN 1  2356    HIGHEST SLP M ON M
DPTR FM NORMAL   153    LOWEST  SLP 29.75 ON 19

[REMARKS]
