000
CXUS51 KLWX 300620
CF6HGR
PRELIMINARY LOCAL CLIMATOLOGICAL DATA (WS FORM: F-6)

                                          STATION:   HAGERSTOWN MD
                                          MONTH:     SEPTEMBER
                                          YEAR:      2016
                                          LATITUDE:   39 42 N
                                          LONGITUDE:  77 43 W

  TEMPERATURE IN F:       :PCPN:    SNOW:  WIND      :SUNSHINE: SKY     :PK WND
================================================================================
1   2   3   4   5  6A  6B    7    8   9   10  11  12  13   14  15   16   17  18
                                     12Z  AVG MX 2MIN
DY MAX MIN AVG DEP HDD CDD  WTR  SNW DPTH SPD SPD DIR MIN PSBL S-S WX    SPD DR
================================================================================

 1  86  68  77   6   0  12 0.23    M    M  7.8 17 350   M    M   7 1      21 350
 2  81  60  71   1   0   6 0.00    M    M  7.3 16  60   M    M   1        22  50
 3  83  60  72   2   0   7 0.00    M    M  8.0 21  40   M    M   2        25  40
 4  85  60  73   3   0   8 0.00    M    M  4.1 13  30   M    M   0        22  60
 5  90  58  74   4   0   9 0.00    M    M  3.9 14 330   M    M   0        16 310
 6  93  68  81  12   0  16 0.00    M    M  8.4 25 300   M    M   2        34 320
 7  91  69  80  11   0  15 0.19    M    M  4.2 23 290   M    M   4 3      28 290
 8  94  73  84  15   0  19 0.00    M    M  6.8 17 270   M    M   0 1      24 290
 9  94  75  85  17   0  20 0.42    M    M  6.4 24 280   M    M   3 13     28 280
10  94  73  84  16   0  19 0.00    M    M  7.5 17 160   M    M   5 12     21 180
11  83  65  74   6   0   9 0.00    M    M 10.2 26 310   M    M   3        30 310
12  81  57  69   2   0   4 0.00    M    M  4.2 10 170   M    M   0        14 140
13  88  66  77  10   0  12 0.00    M    M  6.6 14 180   M    M   1        20 180
14  90  66  78  12   0  13 0.00    M    M  4.9 16 360   M    M   1 1      21 360
15  77  62  70   4   0   5 0.00    M    M  7.0 14  30   M    M   9        19  40
16  75  66  71   5   0   6 0.00    M    M  6.8 13 160   M    M  10        17 110
17  80  65  73   8   0   8    T    M    M  9.8 16 160   M    M   6        21 160
18  85  70  78  13   0  13 0.05    M    M  6.5 16 160   M    M   3 8      21 140
19  76  69  73   8   0   8 0.17    M    M  2.4  8 320   M    M   5 1      11 320
20  87  64  76  12   0  11 0.00    M    M  4.0 15  30   M    M   4 128    18  20
21  86  62  74  10   0   9 0.00    M    M  5.0 10 100   M    M   0 18     14 120
22  89  60  75  12   0  10 0.00    M    M  3.4  9 290   M    M   0 18     12 130
23  91  59  75  12   0  10 0.00    M    M  3.3  9 290   M    M   0        12 300
24  78  58  68   6   0   3 0.00    M    M  7.4 16  20   M    M   5        22  20
25  76  49  63   1   2   0 0.00    M    M  4.1  9 180   M    M   0        12 200
26  67  58  63   1   2   0 0.06    M    M  6.5 18 150   M    M   9 1      24 140
27  77  56  67   6   0   2 0.00    M    M  6.0 14 280   M    M   1 18     21 250
28  71  55  63   2   2   0 0.29    M    M  7.4 17  80   M    M   9 1      22  70
29  68  60  64   4   1   0 0.93    M    M 12.3 21  80   M    M  10 1      29 110
================================================================================
SM 2416 1831         7 254  2.34    M    182.2          M      100
================================================================================
AV 83.3 63.1                               6.3 FASTST   M    M   3    MAX(MPH)
                                 MISC ---->  # 26 310               # 34  320
================================================================================
NOTES:
# LAST OF SEVERAL OCCURRENCES

COLUMN 17 PEAK WIND IN M.P.H.

PRELIMINARY LOCAL CLIMATOLOGICAL DATA (WS FORM: F-6) , PAGE 2

                                          STATION:  HAGERSTOWN MD
                                          MONTH:    SEPTEMBER
                                          YEAR:     2016
                                          LATITUDE:   39 42 N
                                          LONGITUDE:  77 43 W

[TEMPERATURE DATA]      [PRECIPITATION DATA]       SYMBOLS USED IN COLUMN 16

AVERAGE MONTHLY: 73.2   TOTAL FOR MONTH:   2.34    1 = FOG OR MIST
DPTR FM NORMAL:   7.3   DPTR FM NORMAL:   -1.19    2 = FOG REDUCING VISIBILITY
HIGHEST:    94 ON 10, 9 GRTST 24HR  1.10 ON 28-29      TO 1/4 MILE OR LESS
LOWEST:     49 ON 25                               3 = THUNDER
                        SNOW, ICE PELLETS, HAIL    4 = ICE PELLETS
                        TOTAL MONTH:    M          5 = HAIL
                        GRTST 24HR    M  ON   M    6 = FREEZING RAIN OR DRIZZLE
                        GRTST DEPTH:  M  ON   M    7 = DUSTSTORM OR SANDSTORM:
                                                       VSBY 1/2 MILE OR LESS
                                                   8 = SMOKE OR HAZE
[NO. OF DAYS WITH]      [WEATHER - DAYS WITH]      9 = BLOWING SNOW
                                                   X = TORNADO
MAX 32 OR BELOW:   0    0.01 INCH OR MORE:   8
MAX 90 OR ABOVE:   8    0.10 INCH OR MORE:   6
MIN 32 OR BELOW:   0    0.50 INCH OR MORE:   1
MIN  0 OR BELOW:   0    1.00 INCH OR MORE:   0

[HDD (BASE 65) ]
TOTAL THIS MO.     7    CLEAR  (SCALE 0-3)  16
DPTR FM NORMAL   -54    PTCLDY (SCALE 4-7)   8
TOTAL FM JUL 1     7    CLOUDY (SCALE 8-10)  5
DPTR FM NORMAL   -59

[CDD (BASE 65) ]
TOTAL THIS MO.   254
DPTR FM NORMAL   164    [PRESSURE DATA]
TOTAL FM JAN 1  1513    HIGHEST SLP M ON M
DPTR FM NORMAL   555    LOWEST  SLP 29.83 ON  1

[REMARKS]
