000
CXUS55 KLOX 211655
CF6HHR
PRELIMINARY LOCAL CLIMATOLOGICAL DATA (WS FORM: F-6)

                                          STATION:   HAWTHORNE AIRPORT CA
                                          MONTH:     JULY
                                          YEAR:      2014
                                          LATITUDE:   33 55 N
                                          LONGITUDE: 118 20 W

  TEMPERATURE IN F:       :PCPN:    SNOW:  WIND      :SUNSHINE: SKY     :PK WND
================================================================================
1   2   3   4   5  6A  6B    7    8   9   10  11  12  13   14  15   16   17  18
                                     12Z  AVG MX 2MIN
DY MAX MIN AVG DEP HDD CDD  WTR  SNW DPTH SPD SPD DIR MIN PSBL S-S WX    SPD DR
================================================================================

 1  76  66  71   2   0   6 0.00  0.0    0  6.5 17 260   M    M   8 18     21 260
 2  76  65  71   2   0   6 0.00  0.0    0  5.8 14 250   M    M   6 8      18 260
 3  80  66  73   4   0   8 0.00  0.0    0  5.3 16 250   M    M   4 18     21 260
 4  82  67  75   6   0  10 0.00  0.0    0  3.7 13 250   M    M   3 18     16 260
 5  84  69  77   8   0  12 0.00  0.0    0  5.3 15 250   M    M   0 8      21 250
 6  83  69  76   6   0  11 0.00  0.0    0  6.2 15 250   M    M   0        18 260
 7  82  68  75   5   0  10 0.00  0.0    0  5.8 14 260   M    M   1        20 210
 8  79  67  73   3   0   8 0.00  0.0    0  5.3 14 250   M    M   3        21 260
 9  78  67  73   3   0   8 0.00  0.0    0  6.5 16 260   M    M   6 8      20 260
10  78  67  73   3   0   8 0.00  0.0    0  6.6 17 250   M    M   6        23 250
11  76  66  71   1   0   6 0.00  0.0    0  7.2 17 260   M    M   3 8      23 260
12  77  67  72   2   0   7 0.00  0.0    0  5.6 14 260   M    M   2        18 250
13  79  67  73   3   0   8 0.00  0.0    0  5.6 14 250   M    M   0        18 260
14  77  69  73   3   0   8    T  0.0    0  3.7 13 260   M    M   5        16 270
15  77  69  73   3   0   8 0.00  0.0    0  6.2 15 260   M    M   7 8      20 260
16  77  67  72   2   0   7    T  0.0    0  6.2 16 270   M    M   5 1      22 260
17  77  67  72   2   0   7 0.00  0.0    0  7.8 18 250   M    M   4        23 260
18  75  66  71   1   0   6 0.00  0.0    0  7.2 16 250   M    M   3 8      22 260
19  73  67  70  -1   0   5 0.00  0.0    0  4.3 13 250   M    M   4        16 260
20  77  67  72   1   0   7    T  0.0    0  5.4 17 260   M    M   5        22 260
================================================================================
SM 1563 1343         0 156    T      0.0 116.2          M       75
================================================================================
AV 78.2 67.2                               5.8 FASTST   M    M   4    MAX(MPH)
                                 MISC ---->  # 18 250                 23    M
================================================================================
NOTES:
# LAST OF SEVERAL OCCURRENCES

COLUMN 17 PEAK WIND IN M.P.H.

PRELIMINARY LOCAL CLIMATOLOGICAL DATA (WS FORM: F-6) , PAGE 2

                                          STATION:  HAWTHORNE AIRPORT CA
                                          MONTH:    JULY
                                          YEAR:     2014
                                          LATITUDE:   33 55 N
                                          LONGITUDE: 118 20 W

[TEMPERATURE DATA]      [PRECIPITATION DATA]       SYMBOLS USED IN COLUMN 16

AVERAGE MONTHLY: 72.7   TOTAL FOR MONTH:      T    1 = FOG OR MIST
DPTR FM NORMAL:   2.8   DPTR FM NORMAL:   -0.02    2 = FOG REDUCING VISIBILITY
HIGHEST:    84 ON  5    GRTST 24HR    T  ON 20-20      TO 1/4 MILE OR LESS
LOWEST:     65 ON  2                               3 = THUNDER
                        SNOW, ICE PELLETS, HAIL    4 = ICE PELLETS
                        TOTAL MONTH:   0.0 INCH    5 = HAIL
                        GRTST 24HR     0.0         6 = FREEZING RAIN OR DRIZZLE
                        GRTST DEPTH:   0           7 = DUSTSTORM OR SANDSTORM:
                                                       VSBY 1/2 MILE OR LESS
                                                   8 = SMOKE OR HAZE
[NO. OF DAYS WITH]      [WEATHER - DAYS WITH]      9 = BLOWING SNOW
                                                   X = TORNADO
MAX 32 OR BELOW:   0    0.01 INCH OR MORE:   0
MAX 90 OR ABOVE:   0    0.10 INCH OR MORE:   0
MIN 32 OR BELOW:   0    0.50 INCH OR MORE:   0
MIN  0 OR BELOW:   0    1.00 INCH OR MORE:   0

[HDD (BASE 65) ]
TOTAL THIS MO.     0    CLEAR  (SCALE 0-3)   7
DPTR FM NORMAL     0    PTCLDY (SCALE 4-7)  12
TOTAL FM JUL 1     0    CLOUDY (SCALE 8-10)  1
DPTR FM NORMAL     0

[CDD (BASE 65) ]
TOTAL THIS MO.   156
DPTR FM NORMAL    58    [PRESSURE DATA]
TOTAL FM JAN 1   517    HIGHEST SLP M ON M
DPTR FM NORMAL   267    LOWEST  SLP 29.76 ON  1

[REMARKS]
