000
CXUS56 KPQR 181200
CF6HIO
PRELIMINARY LOCAL CLIMATOLOGICAL DATA (WS FORM: F-6)

                                          STATION:   HILLSBORO OR
                                          MONTH:     SEPTEMBER
                                          YEAR:      2017
                                          LATITUDE:   45 32 N
                                          LONGITUDE: 122 57 W

  TEMPERATURE IN F:       :PCPN:    SNOW:  WIND      :SUNSHINE: SKY     :PK WND
================================================================================
1   2   3   4   5  6A  6B    7    8   9   10  11  12  13   14  15   16   17  18
                                     12Z  AVG MX 2MIN
DY MAX MIN AVG DEP HDD CDD  WTR  SNW DPTH SPD SPD DIR MIN PSBL S-S WX    SPD DR
================================================================================

 1  96  52  74  10   0   9 0.00  0.0    0  3.6 12 320   M    M   0        14  10
 2 100  54  77  13   0  12 0.00  0.0    0  3.3 12 340   M    M   0        15  20
 3  96  57  77  13   0  12 0.00  0.0    0  2.0  8  70   M    M   0        11  70
 4  93  58  76  13   0  11 0.00  0.0    0  1.3  7 300   M    M   5         9 290
 5  92  61  77  14   0  12 0.00  0.0    0  1.0  7 310   M    M   9 8      10 270
 6  82  59  71   8   0   6 0.00  0.0    0  2.8 16 160   M    M   8 18     21 170
 7  85  64  75  12   0  10 0.01  0.0    0  3.8 15 320   M    M   4 8      19 290
 8  76  62  69   7   0   4 0.00  0.0    0  2.5  9 310   M    M   9        12  60
 9  80  61  71   9   0   6 0.01  0.0    0  5.2 18 280   M    M   9 18     22 290
10  79  51  65   3   0   0 0.00  0.0    0  4.7 10  60   M    M   1        14  70
11  95  48  72  10   0   7 0.00  0.0    0  3.6 15 350   M    M   0        18 350
12  88  53  71   9   0   6 0.00  0.0    0  5.4 21 340   M    M   0        26 330
13  76  45  61   0   4   0 0.00  0.0    0  5.3 14 330   M    M   0        17 330
14  75  48  62   1   3   0 0.00  0.0    0  4.0 12 300   M    M   1 8      15  50
15  80  42  61   0   4   0 0.00  0.0    0  1.8  8 290   M    M   0        10 110
16  77  48  63   2   2   0 0.00  0.0    0  2.2  8 300   M    M   5 8      13 100
17  64  48  56  -4   9   0 0.07    M    0  7.2 20 170   M    M   7 18     26 170
================================================================================
SM 1434  911        22  95  0.09     0.0  59.7          M       58
================================================================================
AV 84.4 53.6                               3.5 FASTST   M    M   3    MAX(MPH)
                                 MISC ---->  # 21 340               # 26  330
================================================================================
NOTES:
# LAST OF SEVERAL OCCURRENCES

COLUMN 17 PEAK WIND IN M.P.H.

PRELIMINARY LOCAL CLIMATOLOGICAL DATA (WS FORM: F-6) , PAGE 2

                                          STATION:  HILLSBORO OR
                                          MONTH:    SEPTEMBER
                                          YEAR:     2017
                                          LATITUDE:   45 32 N
                                          LONGITUDE: 122 57 W

[TEMPERATURE DATA]      [PRECIPITATION DATA]       SYMBOLS USED IN COLUMN 16

AVERAGE MONTHLY: 69.0   TOTAL FOR MONTH:   0.09    1 = FOG OR MIST
DPTR FM NORMAL:   6.7   DPTR FM NORMAL:   -0.47    2 = FOG REDUCING VISIBILITY
HIGHEST:   100 ON  2    GRTST 24HR  0.07 ON 17-17      TO 1/4 MILE OR LESS
LOWEST:     42 ON 15                               3 = THUNDER
                        SNOW, ICE PELLETS, HAIL    4 = ICE PELLETS
                        TOTAL MONTH:   0.0 INCH    5 = HAIL
                        GRTST 24HR     0.0         6 = FREEZING RAIN OR DRIZZLE
                        GRTST DEPTH:   0           7 = DUSTSTORM OR SANDSTORM:
                                                       VSBY 1/2 MILE OR LESS
                                                   8 = SMOKE OR HAZE
[NO. OF DAYS WITH]      [WEATHER - DAYS WITH]      9 = BLOWING SNOW
                                                   X = TORNADO
MAX 32 OR BELOW:   0    0.01 INCH OR MORE:   3
MAX 90 OR ABOVE:   6    0.10 INCH OR MORE:   0
MIN 32 OR BELOW:   0    0.50 INCH OR MORE:   0
MIN  0 OR BELOW:   0    1.00 INCH OR MORE:   0

[HDD (BASE 65) ]
TOTAL THIS MO.    22    CLEAR  (SCALE 0-3)   9
DPTR FM NORMAL   -41    PTCLDY (SCALE 4-7)   5
TOTAL FM JUL 1    38    CLOUDY (SCALE 8-10)  3
DPTR FM NORMAL  -132

[CDD (BASE 65) ]
TOTAL THIS MO.    95
DPTR FM NORMAL    79    [PRESSURE DATA]
TOTAL FM JAN 1   489    HIGHEST SLP M ON M
DPTR FM NORMAL   295    LOWEST  SLP 29.78 ON  4

[REMARKS]
