000
CXUS53 KGID 270730
CF6HJH
PRELIMINARY LOCAL CLIMATOLOGICAL DATA (WS FORM: F-6)

                                          STATION:   HEBRON
                                          MONTH:     JANUARY
                                          YEAR:      2015
                                          LATITUDE:   40  9 N
                                          LONGITUDE:  97 35 W

  TEMPERATURE IN F:       :PCPN:    SNOW:  WIND      :SUNSHINE: SKY     :PK WND
================================================================================
1   2   3   4   5  6A  6B    7    8   9   10  11  12  13   14  15   16   17  18
                                     12Z  AVG MX 2MIN
DY MAX MIN AVG DEP HDD CDD  WTR  SNW DPTH SPD SPD DIR MIN PSBL S-S WX    SPD DR
================================================================================

 1  37   9  23  -3  42   0 0.00    M    M  5.0 10 240   M    M   2         M  M
 2  37   9  23  -3  42   0 0.00    M    M  2.3  9 210   M    M   1         M  M
 3  37   9  23  -3  42   0    M    M    M  8.9 27 340   M    M   4        37 350
 4  13   1   7 -19  58   0    M    M    M 10.0 24 340   M    M   3 8      36 350
 5  23   8  16 -10  49   0 0.00    M    M  7.3 18 210   M    M   6        24 190
 6  25   7  16 -10  49   0    T    M    M  8.5 20 360   M    M   4        28 340
 7  16  -5   6 -20  59   0    T    M    M 12.1 24 350   M    M   3        32 350
 8  43   5  24  -2  41   0 0.00    M    M 17.2 29 210   M    M   2        40 340
 9  25   2  14 -12  51   0 0.00    M    M  8.8 21 330   M    M   0        30 330
10  44   2  23  -3  42   0 0.00    M    M 11.7 23 210   M    M   0        33 210
11  41  13  27   1  38   0 0.00    M    M  3.7 14  10   M    M   1        18  10
12  23   5  14 -12  51   0 0.00    M    M  9.8 15  30   M    M   1        22  30
13  23   1  12 -14  53   0 0.00    M    M  1.5  6 200   M    M   6         M  M
14  40  15  28   3  37   0 0.00    M    M  3.2  8 340   M    M   3         M  M
15  54  15  35  10  30   0 0.00    M    M  4.9 13 330   M    M   0        18 320
16  62  19  41  16  24   0 0.00    M    M  6.6 16 230   M    M   0        22 230
17  56  32  44  19  21   0 0.00    M    M 12.9 30 310   M    M   1        40 310
18  58  20  39  14  26   0 0.00    M    M  2.9 10 250   M    M   0         M  M
19  61  23  42  17  23   0 0.00    M    M  5.5 17 350   M    M   0        25 340
20  54  30  42  17  23   0 0.00    M    M  6.9 18 330   M    M   0        27 330
21  47  24  36  11  29   0 0.00    M    M  8.2 18 330   M    M   2        24 330
22  41  25  33   7  32   0 0.00    M    M  3.6 10 190   M    M   5         M  M
23  48  18  33   7  32   0 0.00    M    M  5.5 12 240   M    M   1         M  M
24  56  30  43  17  22   0    T    M    M  9.2 16 310   M    M   3        23 260
25  46  22  34   8  31   0 0.00    M    M 14.3 28 330   M    M   7        40 330
26  66  22  44  18  21   0 0.00    M    M  7.9 20 340   M    M   1        28 340
================================================================================
SM 1076  361       968   0    T     M    198.4          M       56
================================================================================
AV 41.4 13.9                               7.6 FASTST   M    M   2    MAX(MPH)
                                 MISC ---->    30   M                 40    M
================================================================================
NOTES:
# LAST OF SEVERAL OCCURRENCES

COLUMN 17 PEAK WIND IN M.P.H.

PRELIMINARY LOCAL CLIMATOLOGICAL DATA (WS FORM: F-6) , PAGE 2

                                          STATION:  HEBRON
                                          MONTH:    JANUARY
                                          YEAR:     2015
                                          LATITUDE:   40  9 N
                                          LONGITUDE:  97 35 W

[TEMPERATURE DATA]      [PRECIPITATION DATA]       SYMBOLS USED IN COLUMN 16

AVERAGE MONTHLY: 27.6   TOTAL FOR MONTH:      T    1 = FOG OR MIST
DPTR FM NORMAL:   1.9   DPTR FM NORMAL:   -0.57    2 = FOG REDUCING VISIBILITY
HIGHEST:    66 ON 26    GRTST 24HR    T  ON 24-24      TO 1/4 MILE OR LESS
LOWEST:     -5 ON  7                               3 = THUNDER
                        SNOW, ICE PELLETS, HAIL    4 = ICE PELLETS
                        TOTAL MONTH:    M          5 = HAIL
                        GRTST 24HR    M  ON   M    6 = FREEZING RAIN OR DRIZZLE
                        GRTST DEPTH:  M  ON   M    7 = DUSTSTORM OR SANDSTORM:
                                                       VSBY 1/2 MILE OR LESS
                                                   8 = SMOKE OR HAZE
[NO. OF DAYS WITH]      [WEATHER - DAYS WITH]      9 = BLOWING SNOW
                                                   X = TORNADO
MAX 32 OR BELOW:   7    0.01 INCH OR MORE:   0
MAX 90 OR ABOVE:   0    0.10 INCH OR MORE:   0
MIN 32 OR BELOW:  26    0.50 INCH OR MORE:   0
MIN  0 OR BELOW:   1    1.00 INCH OR MORE:   0

[HDD (BASE 65) ]
TOTAL THIS MO.   968    CLEAR  (SCALE 0-3)  19
DPTR FM NORMAL   -58    PTCLDY (SCALE 4-7)   7
TOTAL FM JUL 1  3269    CLOUDY (SCALE 8-10)  0
DPTR FM NORMAL  -155

[CDD (BASE 65) ]
TOTAL THIS MO.     0
DPTR FM NORMAL     0    [PRESSURE DATA]
TOTAL FM JAN 1     0    HIGHEST SLP M ON M
DPTR FM NORMAL     0    LOWEST  SLP M ON M

[REMARKS]
