000
CXUS56 KHNX 181146
CF6HJO
PRELIMINARY LOCAL CLIMATOLOGICAL DATA (WS FORM: F-6)

                                          STATION:   HANFORD CA AIRPORT
                                          MONTH:     JANUARY
                                          YEAR:      2017
                                          LATITUDE:   36 19 N
                                          LONGITUDE: 119 38 W

  TEMPERATURE IN F:       :PCPN:    SNOW:  WIND      :SUNSHINE: SKY     :PK WND
================================================================================
1   2   3   4   5  6A  6B    7    8   9   10  11  12  13   14  15   16   17  18
                                     12Z  AVG MX 2MIN
DY MAX MIN AVG DEP HDD CDD  WTR  SNW DPTH SPD SPD DIR MIN PSBL S-S WX    SPD DR
================================================================================

 1  53  36  45   1  20   0 0.00  0.0    0  3.3  8 200   M    M   6 1      10 130
 2  51  40  46   2  19   0 0.00  0.0    0  3.5 10 150   M    M   5 1      12 150
 3  57  41  49   5  16   0 0.05  0.0    0  4.3 10 150   M    M   6 1      14 160
 4  56  49  53   9  12   0 0.24  0.0    0  6.5 12 100   M    M  10 1      16 110
 5  56  40  48   4  17   0    T  0.0    0  9.8 18 320   M    M   8 1      22 320
 6  51  30  41  -3  24   0 0.00  0.0    0  2.3 10 320   M    M   2 1      13  80
 7  57  45  51   7  14   0 0.45  0.0    0  2.9  8 180   M    M  10 1      12 120
 8  73  54  64  20   1   0 0.64  0.0    0  5.5 14 150   M    M   8 1      18 150
 9  61  53  57  13   8   0 0.10  0.0    0  7.1 14 150   M    M   5 1      18 140
10  59  51  55  11  10   0 0.12  0.0    0  6.8 16 150   M    M   8 1      22 140
11  62  50  56  11   9   0 0.15  0.0    0  5.3 18 150   M    M   7 1      24 150
12  55  43  49   4  16   0 0.42  0.0    0  6.5 12 340   M    M   7 1      15 170
13  48  41  45   0  20   0 0.00  0.0    0  5.8 15 320   M    M   8 1      18 330
14  48  39  44  -1  21   0 0.00  0.0    0  0.6  5 160   M    M  10 1       7  80
15  48  44  46   1  19   0 0.00  0.0    0  0.8  6  50   M    M  10 1       9  70
16  49  34  42  -3  23   0 0.00  0.0    0  1.3  7 170   M    M   7 18      8  50
17  55  31  43  -2  22   0 0.00  0.0    0  1.9 10  90   M    M   4 128    14  90
================================================================================
SM  939  721       271   0  2.17     0.0  74.2          M      121
================================================================================
AV 55.2 42.4                               4.4 FASTST   M    M   7    MAX(MPH)
                                 MISC ---->  # 18 320               # 24  150
================================================================================
NOTES:
# LAST OF SEVERAL OCCURRENCES

COLUMN 17 PEAK WIND IN M.P.H.

PRELIMINARY LOCAL CLIMATOLOGICAL DATA (WS FORM: F-6) , PAGE 2

                                          STATION:  HANFORD CA AIRPORT
                                          MONTH:    JANUARY
                                          YEAR:     2017
                                          LATITUDE:   36 19 N
                                          LONGITUDE: 119 38 W

[TEMPERATURE DATA]      [PRECIPITATION DATA]       SYMBOLS USED IN COLUMN 16

AVERAGE MONTHLY: 48.8   TOTAL FOR MONTH:   2.17    1 = FOG OR MIST
DPTR FM NORMAL:   4.4   DPTR FM NORMAL:    0.70    2 = FOG REDUCING VISIBILITY
HIGHEST:    73 ON  8    GRTST 24HR  0.74 ON  8- 9      TO 1/4 MILE OR LESS
LOWEST:     30 ON  6                               3 = THUNDER
                        SNOW, ICE PELLETS, HAIL    4 = ICE PELLETS
                        TOTAL MONTH:   0.0 INCH    5 = HAIL
                        GRTST 24HR     0.0         6 = FREEZING RAIN OR DRIZZLE
                        GRTST DEPTH:   0           7 = DUSTSTORM OR SANDSTORM:
                                                       VSBY 1/2 MILE OR LESS
                                                   8 = SMOKE OR HAZE
[NO. OF DAYS WITH]      [WEATHER - DAYS WITH]      9 = BLOWING SNOW
                                                   X = TORNADO
MAX 32 OR BELOW:   0    0.01 INCH OR MORE:   8
MAX 90 OR ABOVE:   0    0.10 INCH OR MORE:   7
MIN 32 OR BELOW:   2    0.50 INCH OR MORE:   1
MIN  0 OR BELOW:   0    1.00 INCH OR MORE:   0

[HDD (BASE 65) ]
TOTAL THIS MO.   271    CLEAR  (SCALE 0-3)   1
DPTR FM NORMAL   -78    PTCLDY (SCALE 4-7)  12
TOTAL FM JUL 1  1153    CLOUDY (SCALE 8-10)  4
DPTR FM NORMAL  -328

[CDD (BASE 65) ]
TOTAL THIS MO.     0
DPTR FM NORMAL     0    [PRESSURE DATA]
TOTAL FM JAN 1     0    HIGHEST SLP M ON M
DPTR FM NORMAL     0    LOWEST  SLP 29.82 ON M

[REMARKS]
