000
CXUS56 KHNX 291146
CF6HJO
PRELIMINARY LOCAL CLIMATOLOGICAL DATA (WS FORM: F-6)

                                          STATION:   HANFORD CA AIRPORT
                                          MONTH:     AUGUST
                                          YEAR:      2014
                                          LATITUDE:   36 19 N
                                          LONGITUDE: 119 38 W

  TEMPERATURE IN F:       :PCPN:    SNOW:  WIND      :SUNSHINE: SKY     :PK WND
================================================================================
1   2   3   4   5  6A  6B    7    8   9   10  11  12  13   14  15   16   17  18
                                     12Z  AVG MX 2MIN
DY MAX MIN AVG DEP HDD CDD  WTR  SNW DPTH SPD SPD DIR MIN PSBL S-S WX    SPD DR
================================================================================

 1 107  66  87   7   0  22 0.00  0.0    0  7.9 16 310   M    M   4 8      22 310
 2 104  67  86   6   0  21 0.00  0.0    0  6.7 15 320   M    M   3         M  M
 3  88  71  80   1   0  15 0.00  0.0    0  6.1 13 110   M    M   1        16 120
 4  94  71  83   4   0  18    T  0.0    0  5.9 16 320   M    M   0        20 320
 5  94  67  81   2   0  16 0.00  0.0    0  9.2 21 310   M    M   0        28 300
 6  94  66  80   1   0  15 0.00  0.0    0  6.7 15 310   M    M   0 18     20 310
 7  98  68  83   4   0  18 0.00  0.0    0  6.5 13 330   M    M   0        17 320
 8 103  68  86   7   0  21 0.00  0.0    0  6.6 16 320   M    M   0        21 330
 9 101  65  83   4   0  18 0.00  0.0    0  6.3 18 320   M    M   0 8      24 310
10  99  64  82   3   0  17 0.00  0.0    0  8.1 15 310   M    M   0        20 310
11 101  66  84   5   0  19 0.00  0.0    0  6.2 14 310   M    M   0 8      16 310
12 102  70  86   7   0  21 0.00  0.0    0  7.5 17 300   M    M   1        21 310
13  96  67  82   3   0  17 0.00  0.0    0  8.9 17 320   M    M   0        23 330
14  96  65  81   3   0  16 0.00  0.0    0  6.6 15 310   M    M   0        18 320
15  99  65  82   4   0  17 0.00  0.0    0  5.2 15 310   M    M   0 8      19 310
16 101  61  81   3   0  16 0.00  0.0    0  4.9 15 320   M    M   0        19 310
17 101  67  84   6   0  19 0.00  0.0    0  7.0 15 330   M    M   0        19 320
18 100  62  81   3   0  16 0.00  0.0    0  6.2 16 320   M    M   0 8      19 320
19  91  64  78   0   0  13 0.00  0.0    0  4.6 10 310   M    M   0 8      14 250
20  93  63  78   0   0  13 0.00  0.0    0  6.4 13 310   M    M   0 8      16 310
21  95  64  80   2   0  15 0.00  0.0    0  6.9 14 310   M    M   0        17 300
22  99  65  82   4   0  17 0.00  0.0    0  4.2 18 320   M    M   0 8      23 350
23  94  61  78   0   0  13 0.00  0.0    0  4.2 12 320   M    M   0 8      14 320
24  94  65  80   2   0  15 0.00  0.0    0  5.1 13 310   M    M   0        16 310
25  92  65  79   2   0  14 0.00  0.0    0  6.6 15 310   M    M   0 8      20 310
26  92  62  77   0   0  12 0.00  0.0    0  4.6 13 320   M    M   0 8      17 310
27  97  59  78   1   0  13 0.00  0.0    0  3.5 12 200   M    M   0         M  M
28  99  59  79   2   0  14 0.00  0.0    0  3.7 12 310   M    M   0 8      14 310
================================================================================
SM 2724 1823         0 461    T      0.0 172.3          M        9
================================================================================
AV 97.3 65.1                               6.2 FASTST   M    M   0    MAX(MPH)
                                 MISC ---->  # 21 310               # 28  300
================================================================================
NOTES:
# LAST OF SEVERAL OCCURRENCES

COLUMN 17 PEAK WIND IN M.P.H.

PRELIMINARY LOCAL CLIMATOLOGICAL DATA (WS FORM: F-6) , PAGE 2

                                          STATION:  HANFORD CA AIRPORT
                                          MONTH:    AUGUST
                                          YEAR:     2014
                                          LATITUDE:   36 19 N
                                          LONGITUDE: 119 38 W

[TEMPERATURE DATA]      [PRECIPITATION DATA]       SYMBOLS USED IN COLUMN 16

AVERAGE MONTHLY: 81.2   TOTAL FOR MONTH:      T    1 = FOG OR MIST
DPTR FM NORMAL:   2.8   DPTR FM NORMAL:   -0.02    2 = FOG REDUCING VISIBILITY
HIGHEST:   107 ON  1    GRTST 24HR    T  ON  4- 4      TO 1/4 MILE OR LESS
LOWEST:     59 ON 28,27                            3 = THUNDER
                        SNOW, ICE PELLETS, HAIL    4 = ICE PELLETS
                        TOTAL MONTH:   0.0 INCH    5 = HAIL
                        GRTST 24HR     0.0         6 = FREEZING RAIN OR DRIZZLE
                        GRTST DEPTH:   0           7 = DUSTSTORM OR SANDSTORM:
                                                       VSBY 1/2 MILE OR LESS
                                                   8 = SMOKE OR HAZE
[NO. OF DAYS WITH]      [WEATHER - DAYS WITH]      9 = BLOWING SNOW
                                                   X = TORNADO
MAX 32 OR BELOW:   0    0.01 INCH OR MORE:   0
MAX 90 OR ABOVE:  27    0.10 INCH OR MORE:   0
MIN 32 OR BELOW:   0    0.50 INCH OR MORE:   0
MIN  0 OR BELOW:   0    1.00 INCH OR MORE:   0

[HDD (BASE 65) ]
TOTAL THIS MO.     0    CLEAR  (SCALE 0-3)  27
DPTR FM NORMAL     0    PTCLDY (SCALE 4-7)   1
TOTAL FM JUL 1     0    CLOUDY (SCALE 8-10)  0
DPTR FM NORMAL     0

[CDD (BASE 65) ]
TOTAL THIS MO.   461
DPTR FM NORMAL    86    [PRESSURE DATA]
TOTAL FM JAN 1  1708    HIGHEST SLP M ON M
DPTR FM NORMAL   413    LOWEST  SLP 29.69 ON 18

[REMARKS]
