000
CXUS54 KJAN 240800
CF6HKS
PRELIMINARY LOCAL CLIMATOLOGICAL DATA (WS FORM: F-6)

                                          STATION:   JACKSON HAWKINS
                                          MONTH:     APRIL
                                          YEAR:      2017
                                          LATITUDE:   32 20 N
                                          LONGITUDE:  90 14 W

  TEMPERATURE IN F:       :PCPN:    SNOW:  WIND      :SUNSHINE: SKY     :PK WND
================================================================================
1   2   3   4   5  6A  6B    7    8   9   10  11  12  13   14  15   16   17  18
                                     12Z  AVG MX 2MIN
DY MAX MIN AVG DEP HDD CDD  WTR  SNW DPTH SPD SPD DIR MIN PSBL S-S WX    SPD DR
================================================================================

 1  85  54  70   9   0   5 0.00  0.0    0  4.8 14 160   M    M   0 8      17 160
 2  76  56  66   5   0   1 4.27  0.0    0  9.4 23 140   M    M   2 123    29 100
 3  77  59  68   6   0   3 1.33  0.0    0 10.2 23 230   M    M   2 13     34  80
 4  85  54  70   8   0   5 0.00  0.0    0  6.4 15 160   M    M   0        19 200
 5  81  54  68   6   0   3    T  0.0    0 13.9 29 280   M    M   4 18     37 280
 6  67  49  58  -4   7   0 0.00  0.0    0  8.4 22 320   M    M   0        34 310
 7  69  43  56  -7   9   0 0.00  0.0    0  4.6 17 290   M    M   0        23 290
 8  76  43  60  -3   5   0 0.00  0.0    0  3.2 10 130   M    M   0        14 150
 9  80  51  66   3   0   1 0.00  0.0    0  9.4 18 180   M    M   0        24 170
10  79  53  66   3   0   1 0.00  0.0    0  7.1 18 170   M    M   2        27 160
11  79  60  70   6   0   5 0.06  0.0    0  4.4  9  50   M    M   4 1      14  40
12  83  61  72   8   0   7 0.15  0.0    0  3.0 12  80   M    M   5 1      15  50
13  85  58  72   8   0   7 0.00  0.0    0  1.7  8 140   M    M   2 1      11  90
14  82  58  70   6   0   5 0.00  0.0    0  4.7 16 140   M    M   2 1      19 140
15  83  60  72   7   0   7 0.00  0.0    0  8.8 16 170   M    M   4        22 160
16  82  65  74   9   0   9    T  0.0    0  7.3 16 220   M    M   5 3      20 220
17  79  63  71   6   0   6 0.06  0.0    0  5.6 17 140   M    M   5 13     22 140
18  83  64  74   8   0   9 0.00  0.0    0  6.1 14 170   M    M   6 123    17 160
19  85  61  73   7   0   8 0.00  0.0    0  5.5 18 180   M    M   2 1      26 170
20  84  63  74   8   0   9    T  0.0    0  6.3 15 220   M    M   5 12     18 230
21  85  65  75   9   0  10 0.00  0.0    0  7.2 16 180   M    M   2 1      21 190
22  81  56  69   2   0   4 0.98  0.0    0  7.9 20 310   M    M   6 138    27 320
23  59  53  56 -11   9   0 0.02  0.0    0  7.2 14 310   M    M  10 1      20 330
================================================================================
SM 1825 1303        30 105  6.87     0.0 153.1          M       68
================================================================================
AV 79.4 56.7                               6.7 FASTST   M    M   3    MAX(MPH)
                                 MISC ---->  # 29 280               # 37  280
================================================================================
NOTES:
# LAST OF SEVERAL OCCURRENCES

COLUMN 17 PEAK WIND IN M.P.H.

PRELIMINARY LOCAL CLIMATOLOGICAL DATA (WS FORM: F-6) , PAGE 2

                                          STATION:  JACKSON HAWKINS
                                          MONTH:    APRIL
                                          YEAR:     2017
                                          LATITUDE:   32 20 N
                                          LONGITUDE:  90 14 W

[TEMPERATURE DATA]      [PRECIPITATION DATA]       SYMBOLS USED IN COLUMN 16

AVERAGE MONTHLY: 68.0   TOTAL FOR MONTH:   6.87    1 = FOG OR MIST
DPTR FM NORMAL:   4.0   DPTR FM NORMAL:    2.70    2 = FOG REDUCING VISIBILITY
HIGHEST:    85 ON 21,19 GRTST 24HR  4.27 ON  2- 2      TO 1/4 MILE OR LESS
LOWEST:     43 ON  8, 7                            3 = THUNDER
                        SNOW, ICE PELLETS, HAIL    4 = ICE PELLETS
                        TOTAL MONTH:   0.0 INCH    5 = HAIL
                        GRTST 24HR     0.0         6 = FREEZING RAIN OR DRIZZLE
                        GRTST DEPTH:   0           7 = DUSTSTORM OR SANDSTORM:
                                                       VSBY 1/2 MILE OR LESS
                                                   8 = SMOKE OR HAZE
[NO. OF DAYS WITH]      [WEATHER - DAYS WITH]      9 = BLOWING SNOW
                                                   X = TORNADO
MAX 32 OR BELOW:   0    0.01 INCH OR MORE:   7
MAX 90 OR ABOVE:   0    0.10 INCH OR MORE:   4
MIN 32 OR BELOW:   0    0.50 INCH OR MORE:   3
MIN  0 OR BELOW:   0    1.00 INCH OR MORE:   2

[HDD (BASE 65) ]
TOTAL THIS MO.    30    CLEAR  (SCALE 0-3)  13
DPTR FM NORMAL   -52    PTCLDY (SCALE 4-7)   9
TOTAL FM JUL 1  1295    CLOUDY (SCALE 8-10)  1
DPTR FM NORMAL  -906

[CDD (BASE 65) ]
TOTAL THIS MO.   105
DPTR FM NORMAL    47    [PRESSURE DATA]
TOTAL FM JAN 1   251    HIGHEST SLP M ON M
DPTR FM NORMAL   154    LOWEST  SLP 29.55 ON  3

[REMARKS]
