000
CXUS55 KFSD 260905
CF6HON
PRELIMINARY LOCAL CLIMATOLOGICAL DATA (WS FORM: F-6)

                                          STATION:   HURON
                                          MONTH:     FEBRUARY
                                          YEAR:      2017
                                          LATITUDE:   44 22 N
                                          LONGITUDE:  98 13 W

  TEMPERATURE IN F:       :PCPN:    SNOW:  WIND      :SUNSHINE: SKY     :PK WND
================================================================================
1   2   3   4   5  6A  6B    7    8   9   10  11  12  13   14  15   16   17  18
                                     12Z  AVG MX 2MIN
DY MAX MIN AVG DEP HDD CDD  WTR  SNW DPTH SPD SPD DIR MIN PSBL S-S WX    SPD DR
================================================================================

 1  26  11  19   1  46   0    T    T    T 15.0 25 310   M    M   6 1      30 320
 2  18   9  14  -4  51   0 0.00  0.0    T 12.8 22 330   M    M   2        27 330
 3  25   4  15  -3  50   0 0.00  0.0    T 10.4 25 160   M    M   1        32 170
 4  37  13  25   7  40   0    T    T    T 16.6 31 320   M    M   2 1      36 320
 5  28   9  19   0  46   0 0.00  0.0    T  8.7 20 160   M    M   1        25 140
 6  34  17  26   7  39   0 0.00  0.0    T  9.1 20 340   M    M   3        23 340
 7  19   6  13  -6  52   0    T    T    T 16.9 26 350   M    M   7 1      32 340
 8  11   0   6 -13  59   0 0.00  0.0    T 11.2 21 320   M    M   4        25 320
 9  26   2  14  -6  51   0 0.00  0.0    T 12.8 26 160   M    M   1        36 160
10  55  22  39  19  26   0 0.00  0.0    T  7.1 21 160   M    M   2        25 160
11  45  34  40  20  25   0 0.14  0.0    0  6.6 24 310   M    M   9        31 300
12  42  27  35  15  30   0 0.00  0.0    0 12.8 28 320   M    M   0        34 320
13  46  25  36  15  29   0 0.00  0.0    0  9.2 23 300   M    M   0        29 290
14  43  26  35  14  30   0 0.00  0.0    0 12.5 23 330   M    M   0        30 320
15  50  23  37  16  28   0 0.00  0.0    0  8.4 17 160   M    M   0        22 160
16  62  26  44  22  21   0 0.00  0.0    0  4.1 10 260   M    M   0        13 260
17  59  32  46  24  19   0 0.00  0.0    0 10.5 25 320   M    M   0        30 330
18  58  26  42  20  23   0 0.00  0.0    0  6.4 14 140   M    M   0        20 160
19  63  36  50  27  15   0 0.00  0.0    0 13.2 25 160   M    M   0        35 160
20  57  33  45  22  20   0 0.01  0.0    0 12.9 33 320   M    M   5 1      40 320
21  69  34  52  28  13   0 0.00  0.0    0  7.8 26 350   M    M   0        33 350
22  54  32  43  19  22   0    T  0.0    0 12.6 24 360   M    M   4        30 360
23  33  25  29   5  36   0 0.00  0.0    0 15.8 26  20   M    M   7        34  40
24  34  18  26   1  39   0 0.00  0.0    0 19.0 28 360   M    M   3        35  30
25  40  13  27   2  38   0    T    T    0  7.7 16 190   M    M   7        22 190
================================================================================
SM 1034  503       848   0  0.15    T    280.1          M       64
================================================================================
AV 41.4 20.1                              11.2 FASTST   M    M   3    MAX(MPH)
                                 MISC ---->  # 33 320               # 40  320
================================================================================
NOTES:
# LAST OF SEVERAL OCCURRENCES

COLUMN 17 PEAK WIND IN M.P.H.

PRELIMINARY LOCAL CLIMATOLOGICAL DATA (WS FORM: F-6) , PAGE 2

                                          STATION:  HURON
                                          MONTH:    FEBRUARY
                                          YEAR:     2017
                                          LATITUDE:   44 22 N
                                          LONGITUDE:  98 13 W

[TEMPERATURE DATA]      [PRECIPITATION DATA]       SYMBOLS USED IN COLUMN 16

AVERAGE MONTHLY: 30.7   TOTAL FOR MONTH:   0.15    1 = FOG OR MIST
DPTR FM NORMAL:   9.7   DPTR FM NORMAL:   -0.37    2 = FOG REDUCING VISIBILITY
HIGHEST:    69 ON 21    GRTST 24HR  0.14 ON 11-11      TO 1/4 MILE OR LESS
LOWEST:      0 ON  8                               3 = THUNDER
                        SNOW, ICE PELLETS, HAIL    4 = ICE PELLETS
                        TOTAL MONTH:    T          5 = HAIL
                        GRTST 24HR    T  ON 25-25  6 = FREEZING RAIN OR DRIZZLE
                        GRTST DEPTH:   0           7 = DUSTSTORM OR SANDSTORM:
                                                       VSBY 1/2 MILE OR LESS
                                                   8 = SMOKE OR HAZE
[NO. OF DAYS WITH]      [WEATHER - DAYS WITH]      9 = BLOWING SNOW
                                                   X = TORNADO
MAX 32 OR BELOW:   7    0.01 INCH OR MORE:   2
MAX 90 OR ABOVE:   0    0.10 INCH OR MORE:   1
MIN 32 OR BELOW:  21    0.50 INCH OR MORE:   0
MIN  0 OR BELOW:   1    1.00 INCH OR MORE:   0

[HDD (BASE 65) ]
TOTAL THIS MO.   848    CLEAR  (SCALE 0-3)  17
DPTR FM NORMAL  -250    PTCLDY (SCALE 4-7)   7
TOTAL FM JUL 1  5051    CLOUDY (SCALE 8-10)  1
DPTR FM NORMAL  -664

[CDD (BASE 65) ]
TOTAL THIS MO.     0
DPTR FM NORMAL     0    [PRESSURE DATA]
TOTAL FM JAN 1     0    HIGHEST SLP M ON M
DPTR FM NORMAL     0    LOWEST  SLP 29.45 ON 17

[REMARKS]
