000
CXUS54 KLZK 161130
CF6HOT
PRELIMINARY LOCAL CLIMATOLOGICAL DATA (WS FORM: F-6)

                                          STATION:   Hot Springs Memorial Field
                                          MONTH:     AUGUST
                                          YEAR:      2017
                                          LATITUDE:   34 28 N
                                          LONGITUDE:  93  6 W

  TEMPERATURE IN F:       :PCPN:    SNOW:  WIND      :SUNSHINE: SKY     :PK WND
================================================================================
1   2   3   4   5  6A  6B    7    8   9   10  11  12  13   14  15   16   17  18
                                     12Z  AVG MX 2MIN
DY MAX MIN AVG DEP HDD CDD  WTR  SNW DPTH SPD SPD DIR MIN PSBL S-S WX    SPD DR
================================================================================

 1  86  71  79  -4   0  14 0.20    M    M  2.6 13 220   M    M   7 1      17 230
 2  84  71  78  -5   0  13    T    M    M  2.0  8 240   M    M   8 1      11 100
 3  91  69  80  -3   0  15 0.00    M    M  2.0 12 150   M    M   4 128    19 180
 4  88  72  80  -3   0  15 0.00    M    M  3.4 10 140   M    M   1        14  60
 5  91  71  81  -2   0  16 0.00    M    M  6.7 13 120   M    M   3        17 160
 6  80  71  76  -7   0  11 0.66    M    M  4.6 14 240   M    M   7 13     19 250
 7  80  72  76  -7   0  11 0.04    M    M  5.0 15  60   M    M   9 1      18  70
 8  87  69  78  -5   0  13 0.00    M    M  7.3 15  60   M    M   4        20  70
 9  90  69  80  -3   0  15 0.00    M    M  5.2 12  80   M    M   2        16 100
10  92  73  83   0   0  18 0.11    M    M  3.4 14  90   M    M   4 1      16  80
11  90  74  82  -1   0  17 0.17    M    M  2.9  9 310   M    M   3 13     13 310
12  91  72  82  -1   0  17 0.07  0.0    0  3.8 14  80   M    M   4 12     17  70
13  78  69  74  -9   0   9 0.53  0.0    0  4.6 12  90   M    M   9 1      15 100
14  81  74  78  -5   0  13 0.48  0.0    0  2.4 17 230   M    M   6 13     25 230
15  91  76  84   1   0  19 0.01  0.0    0  5.9 12 160   M    M   4 13     17 240
================================================================================
SM 1300 1073         0 216  2.27     0.0  61.8          M       75
================================================================================
AV 86.7 71.5                               4.1 FASTST   M    M   5    MAX(MPH)
                                 MISC ---->  # 17 230               # 25  230
================================================================================
NOTES:
# LAST OF SEVERAL OCCURRENCES

COLUMN 17 PEAK WIND IN M.P.H.

PRELIMINARY LOCAL CLIMATOLOGICAL DATA (WS FORM: F-6) , PAGE 2

                                          STATION:  Hot Springs Memorial Field
                                          MONTH:    AUGUST
                                          YEAR:     2017
                                          LATITUDE:   34 28 N
                                          LONGITUDE:  93  6 W

[TEMPERATURE DATA]      [PRECIPITATION DATA]       SYMBOLS USED IN COLUMN 16

AVERAGE MONTHLY: 79.1   TOTAL FOR MONTH:   2.27    1 = FOG OR MIST
DPTR FM NORMAL:  -3.9   DPTR FM NORMAL:    0.56    2 = FOG REDUCING VISIBILITY
HIGHEST:    92 ON 10    GRTST 24HR  0.66 ON  6- 6      TO 1/4 MILE OR LESS
LOWEST:     69 ON 13, 9                            3 = THUNDER
                        SNOW, ICE PELLETS, HAIL    4 = ICE PELLETS
                        TOTAL MONTH:   0.0 INCH    5 = HAIL
                        GRTST 24HR     0.0         6 = FREEZING RAIN OR DRIZZLE
                        GRTST DEPTH:   0           7 = DUSTSTORM OR SANDSTORM:
                                                       VSBY 1/2 MILE OR LESS
                                                   8 = SMOKE OR HAZE
[NO. OF DAYS WITH]      [WEATHER - DAYS WITH]      9 = BLOWING SNOW
                                                   X = TORNADO
MAX 32 OR BELOW:   0    0.01 INCH OR MORE:   9
MAX 90 OR ABOVE:   7    0.10 INCH OR MORE:   6
MIN 32 OR BELOW:   0    0.50 INCH OR MORE:   2
MIN  0 OR BELOW:   0    1.00 INCH OR MORE:   0

[HDD (BASE 65) ]
TOTAL THIS MO.     0    CLEAR  (SCALE 0-3)   2
DPTR FM NORMAL     0    PTCLDY (SCALE 4-7)  11
TOTAL FM JUL 1     0    CLOUDY (SCALE 8-10)  2
DPTR FM NORMAL     0

[CDD (BASE 65) ]
TOTAL THIS MO.   216
DPTR FM NORMAL   -54    [PRESSURE DATA]
TOTAL FM JAN 1  1479    HIGHEST SLP M ON M
DPTR FM NORMAL   -17    LOWEST  SLP 29.78 ON 15

[REMARKS]
