000
CXUS54 KBRO 010900
CF6HRL
PRELIMINARY LOCAL CLIMATOLOGICAL DATA (WS FORM: F-6)

                                          STATION:   HARLINGEN
                                          MONTH:     OCTOBER
                                          YEAR:      2014
                                          LATITUDE:   26 13 N
                                          LONGITUDE:  97 40 W

  TEMPERATURE IN F:       :PCPN:    SNOW:  WIND      :SUNSHINE: SKY     :PK WND
================================================================================
1   2   3   4   5  6A  6B    7    8   9   10  11  12  13   14  15   16   17  18
                                     12Z  AVG MX 2MIN
DY MAX MIN AVG DEP HDD CDD  WTR  SNW DPTH SPD SPD DIR MIN PSBL S-S WX    SPD DR
================================================================================

 1  92  72  82   3   0  17 0.00  0.0    0  8.1 20 160   M    M   2 12     23 160
 2  92  78  85   6   0  20 0.00  0.0    0 11.2 22 170   M    M   3 1      28 170
 3  89  73  81   3   0  16 0.01  0.0    0  8.4 22  50   M    M   4 1      28  50
 4  86  66  76  -2   0  11    T  0.0    0  7.5 16  60   M    M   1        20  60
 5  89  68  79   1   0  14 0.00  0.0    0  7.0 21 120   M    M   2        25 120
 6  92  72  82   4   0  17 0.00  0.0    0  8.1 17 120   M    M   2 1      21 120
 7  92  70  81   3   0  16 0.00  0.0    0  7.1 17 120   M    M   1 12     23  80
 8  92  72  82   4   0  17 0.00  0.0    0  8.7 21 150   M    M   1 1      26 140
 9  93  74  84   7   0  19 0.00  0.0    0 11.5 23 150   M    M   1        29 140
10  92  75  84   7   0  19 0.00  0.0    0 12.8 25 150   M    M   1 1      31 150
11  88  75  82   5   0  17 0.15  0.0    0  7.2 22 120   M    M   3 1      28 120
12  91  73  82   5   0  17 0.01  0.0    0 10.7 23 160   M    M   2 1      28 160
13  92  64  78   1   0  13 0.00  0.0    0 14.1 29 180   M    M   2        37 190
14  85  54  70  -6   0   5 0.00  0.0    0  7.7 17  10   M    M   0        23 320
15  87  53  70  -6   0   5 0.00  0.0    0  3.2 14  90   M    M   0        17  90
16   M  56   M   M   M   M 0.00  0.0    0   M   M   M   M    M   0         M  M
17   M   M   M   M   M   M 0.00  0.0    0   M   M   M   M    M   1         M  M
18  86  71  79   3   0  14 0.02  0.0    0  8.9 21 130   M    M   3 1      24 140
19   M  72   M   M   M   M 0.00  0.0    0  7.7 18 110   M    M   4        24  90
20  88   M   M   M   M   M 0.01  0.0    0  6.9 17  30   M    M   2        28 340
21  83  68  76   1   0  11 0.27  0.0    0  7.0 25  40   M    M   4 18     29  40
22  85  69  77   2   0  12 0.15  0.0    0  7.8 20  80   M    M   4 1      23  70
23  86  65  76   1   0  11 0.00  0.0    0  6.4 14  50   M    M   1 1      25  10
24  85  63  74  -1   0   9 0.00  0.0    0  5.8 16  60   M    M   0 1      23  70
25  86  60  73  -1   0   8 0.00  0.0    0  4.3 14  70   M    M   0 1      18  80
26  86  58  72  -2   0   7 0.00  0.0    0  5.8 17 140   M    M   0 12     21 140
27  86  63  75   1   0  10 0.00  0.0    0  9.4 23 170   M    M   3        29 190
28  86  66  76   2   0  11 0.00  0.0    0  7.8 21 140   M    M   3        25 130
29  86  64  75   1   0  10 0.00  0.0    0  4.8 16  70   M    M   3        20  70
30  89  64  77   4   0  12 0.00  0.0    0  3.3 13  80   M    M   1 1      16  70
31  80  57  69  -4   0   4    T  0.0    0  6.2 36 360   M    M   3 128    43 360
================================================================================
SM 2464 1935         0 342  0.62     0.0 225.4          M       57
================================================================================
AV 88.0 66.7                               7.8 FASTST   M    M   2    MAX(MPH)
                                 MISC ---->  # 36 360               # 43  360
================================================================================
NOTES:
# LAST OF SEVERAL OCCURRENCES

COLUMN 17 PEAK WIND IN M.P.H.

PRELIMINARY LOCAL CLIMATOLOGICAL DATA (WS FORM: F-6) , PAGE 2

                                          STATION:  HARLINGEN
                                          MONTH:    OCTOBER
                                          YEAR:     2014
                                          LATITUDE:   26 13 N
                                          LONGITUDE:  97 40 W

[TEMPERATURE DATA]      [PRECIPITATION DATA]       SYMBOLS USED IN COLUMN 16

AVERAGE MONTHLY: 77.4   TOTAL FOR MONTH:   0.62    1 = FOG OR MIST
DPTR FM NORMAL:   1.3   DPTR FM NORMAL:   -2.37    2 = FOG REDUCING VISIBILITY
HIGHEST:    93 ON  9    GRTST 24HR  0.36 ON 21-22      TO 1/4 MILE OR LESS
LOWEST:     53 ON 15                               3 = THUNDER
                        SNOW, ICE PELLETS, HAIL    4 = ICE PELLETS
                        TOTAL MONTH:   0.0 INCH    5 = HAIL
                        GRTST 24HR     0.0         6 = FREEZING RAIN OR DRIZZLE
                        GRTST DEPTH:   0           7 = DUSTSTORM OR SANDSTORM:
                                                       VSBY 1/2 MILE OR LESS
                                                   8 = SMOKE OR HAZE
[NO. OF DAYS WITH]      [WEATHER - DAYS WITH]      9 = BLOWING SNOW
                                                   X = TORNADO
MAX 32 OR BELOW:   0    0.01 INCH OR MORE:   7
MAX 90 OR ABOVE:   9    0.10 INCH OR MORE:   3
MIN 32 OR BELOW:   0    0.50 INCH OR MORE:   0
MIN  0 OR BELOW:   0    1.00 INCH OR MORE:   0

[HDD (BASE 65) ]
TOTAL THIS MO.     0    CLEAR  (SCALE 0-3)  27
DPTR FM NORMAL    -3    PTCLDY (SCALE 4-7)   4
TOTAL FM JUL 1     0    CLOUDY (SCALE 8-10)  0
DPTR FM NORMAL    -3

[CDD (BASE 65) ]
TOTAL THIS MO.   342
DPTR FM NORMAL    -5    [PRESSURE DATA]
TOTAL FM JAN 1  3751    HIGHEST SLP 30.23 ON 31
DPTR FM NORMAL   -25    LOWEST  SLP 29.83 ON 17

[REMARKS]
#FINAL-10-14#
