000
CXUS51 KRLX 221211
CF6HTS
PRELIMINARY LOCAL CLIMATOLOGICAL DATA (WS FORM: F-6)

                                          STATION:   HUNTINGTON WV
                                          MONTH:     MAY
                                          YEAR:      2015
                                          LATITUDE:   38 22 N
                                          LONGITUDE:  82 33 W

  TEMPERATURE IN F:       :PCPN:    SNOW:  WIND      :SUNSHINE: SKY     :PK WND
================================================================================
1   2   3   4   5  6A  6B    7    8   9   10  11  12  13   14  15   16   17  18
                                     12Z  AVG MX 2MIN
DY MAX MIN AVG DEP HDD CDD  WTR  SNW DPTH SPD SPD DIR MIN PSBL S-S WX    SPD DR
================================================================================

 1  67  44  56  -4   9   0 0.00  0.0    0  3.7  9 210   M    M   6 18     12  10
 2  74  41  58  -3   7   0 0.00  0.0    0  1.7  9 350   M    M   1 1      14 330
 3  79  43  61   0   4   0 0.00  0.0    0  3.7 14 190   M    M   0 1      20 200
 4  83  47  65   4   0   0 0.00  0.0    0  4.3 16 240   M    M   1        24 230
 5  83  57  70   9   0   5 0.00  0.0    0  2.3 10 270   M    M   3        14 260
 6  87  55  71   9   0   6 0.00  0.0    0  1.5 10 200   M    M   2 1      14 330
 7  87  56  72  10   0   7 0.00  0.0    0  1.8  9 130   M    M   0 1      12  90
 8  88  58  73  11   0   8 0.00  0.0    0  2.4  9 120   M    M   0 18     13 200
 9  87  62  75  13   0  10 0.00  0.0    0  3.1 10 120   M    M   2 18     15 250
10  88  64  76  14   0  11    T  0.0    0  2.5 12 260   M    M   1        20 260
11  87  63  75  12   0  10 0.08  0.0    0  5.6 16 270   M    M   1 13     24 260
12  76  57  67   4   0   2    T  0.0    0  9.2 23 250   M    M   3 1      31 260
13  68  45  57  -6   8   0 0.00  0.0    0  5.0 13 340   M    M   0        19  10
14  73  44  59  -4   6   0 0.00  0.0    0  4.2 10  50   M    M   0 8      15  20
15  82  56  69   5   0   4    T  0.0    0  5.9 15 230   M    M   4 8      23 220
16  76  65  71   7   0   6 0.56  0.0    0  4.1 21 270   M    M   6 13     26 250
17  82  65  74  10   0   9    T  0.0    0  4.6 14 210   M    M   5 1      20 110
18  82  66  74  10   0   9    T  0.0    0  5.5 13 260   M    M   4 1      18 230
19  80  55  68   3   0   3 0.00  0.0    0  5.6 14 360   M    M   5 12     19 280
20  70  47  59  -6   6   0    T    M    M  5.5 12  40   M    M   0        16  30
21  58  45  52 -13  13   0 0.07  0.0    0  5.7 13 320   M    M   9 1      19 330
================================================================================
SM 1657 1135        53  90  0.71     0.0  87.9          M       53
================================================================================
AV 78.9 54.0                               4.2 FASTST   M    M   3    MAX(MPH)
                                 MISC ---->  # 23 250               # 31  260
================================================================================
NOTES:
# LAST OF SEVERAL OCCURRENCES

COLUMN 17 PEAK WIND IN M.P.H.

PRELIMINARY LOCAL CLIMATOLOGICAL DATA (WS FORM: F-6) , PAGE 2

                                          STATION:  HUNTINGTON WV
                                          MONTH:    MAY
                                          YEAR:     2015
                                          LATITUDE:   38 22 N
                                          LONGITUDE:  82 33 W

[TEMPERATURE DATA]      [PRECIPITATION DATA]       SYMBOLS USED IN COLUMN 16

AVERAGE MONTHLY: 66.5   TOTAL FOR MONTH:   0.71    1 = FOG OR MIST
DPTR FM NORMAL:   3.8   DPTR FM NORMAL:   -2.41    2 = FOG REDUCING VISIBILITY
HIGHEST:    88 ON 10, 8 GRTST 24HR  0.56 ON 16-16      TO 1/4 MILE OR LESS
LOWEST:     41 ON  2                               3 = THUNDER
                        SNOW, ICE PELLETS, HAIL    4 = ICE PELLETS
                        TOTAL MONTH:   0.0 INCH    5 = HAIL
                        GRTST 24HR     0.0         6 = FREEZING RAIN OR DRIZZLE
                        GRTST DEPTH:   0           7 = DUSTSTORM OR SANDSTORM:
                                                       VSBY 1/2 MILE OR LESS
                                                   8 = SMOKE OR HAZE
[NO. OF DAYS WITH]      [WEATHER - DAYS WITH]      9 = BLOWING SNOW
                                                   X = TORNADO
MAX 32 OR BELOW:   0    0.01 INCH OR MORE:   3
MAX 90 OR ABOVE:   0    0.10 INCH OR MORE:   1
MIN 32 OR BELOW:   0    0.50 INCH OR MORE:   1
MIN  0 OR BELOW:   0    1.00 INCH OR MORE:   0

[HDD (BASE 65) ]
TOTAL THIS MO.    53    CLEAR  (SCALE 0-3)  13
DPTR FM NORMAL   -38    PTCLDY (SCALE 4-7)   7
TOTAL FM JUL 1  4971    CLOUDY (SCALE 8-10)  1
DPTR FM NORMAL   492

[CDD (BASE 65) ]
TOTAL THIS MO.    90
DPTR FM NORMAL    47    [PRESSURE DATA]
TOTAL FM JAN 1    99    HIGHEST SLP M ON M
DPTR FM NORMAL    24    LOWEST  SLP 29.87 ON 21

[REMARKS]
