000
CXUS53 KIND 240730
CF6HUF
PRELIMINARY LOCAL CLIMATOLOGICAL DATA (WS FORM: F-6)

                                          STATION:   TERRE HAUTE IN
                                          MONTH:     MARCH
                                          YEAR:      2017
                                          LATITUDE:   39 27 N
                                          LONGITUDE:  87 18 W

  TEMPERATURE IN F:       :PCPN:    SNOW:  WIND      :SUNSHINE: SKY     :PK WND
================================================================================
1   2   3   4   5  6A  6B    7    8   9   10  11  12  13   14  15   16   17  18
                                     12Z  AVG MX 2MIN
DY MAX MIN AVG DEP HDD CDD  WTR  SNW DPTH SPD SPD DIR MIN PSBL S-S WX    SPD DR
================================================================================

 1  64  38  51  14  14   0 0.53    M    M 17.8 32 310   M    M   8 13     43 310
 2  43  29  36  -1  29   0 0.00    M    M 11.2 22 300   M    M   5        29 310
 3  38  25  32  -6  33   0 0.00    M    M  6.3 15 330   M    M   1        20 330
 4  55  31  43   5  22   0 0.00    M    M  9.5 20 140   M    M   3        25 140
 5  66  32  49  10  16   0    T    M    M 13.0 30 210   M    M   4        41 190
 6  62  50  56  17   9   0 0.23    M    M 16.3 26 180   M    M  10 1      39 180
 7  64  42  53  14  12   0 0.46    M    M 13.5 40 230   M    M   6 138    54 250
 8  60  38  49   9  16   0 0.00    M    M 11.9 28 260   M    M   0        38 260
 9  65  32  49   9  16   0 0.03    M    M  5.5 22  40   M    M   1 3      28  40
10  41  30  36  -4  29   0 0.00    M    M 11.0 23 330   M    M   1        29 340
11  37  26  32  -9  33   0 0.00    M    M  6.9 13 340   M    M   2        15 340
12  38  20  29 -12  36   0 0.00    M    M  5.1 13 100   M    M   2        16 110
13  33  29  31 -11  34   0 0.12    M    M  7.6 14  10   M    M   9 18     18  10
14  33  21  27 -15  38   0    T    M    M 10.6 18  10   M    M   6 1      23  10
15  34  18  26 -16  39   0 0.00    M    M  9.2 18 320   M    M   0        24 320
16  45  17  31 -12  34   0 0.00    M    M  4.8 15 170   M    M   1        20 150
17   M  35   M   M   M   M 0.03    M    M  7.8 17 200   M    M   9 18     23 210
18   M  39   M   M   M   M 0.00    M    M 11.0 23 290   M    M   8 8      31 290
19  55  26  41  -3  24   0 0.00    M    M  4.2 12 190   M    M   2 1      13 160
20  65  43  54  10  11   0 0.60    M    M 10.2 23 140   M    M   7 13     30 140
21  61  40  51   6  14   0 0.00    M    M 10.1 18 360   M    M   4 18     24  10
22  45  29  37  -8  28   0 0.00    M    M 10.9 18  60   M    M   0        25  70
23  54  30  42  -3  23   0    T    M    M  9.2 15 180   M    M   4        23 180
================================================================================
SM 1058  720       510   0  2.00    M    223.6          M       93
================================================================================
AV 50.4 31.3                               9.7 FASTST   M    M   4    MAX(MPH)
                                 MISC ---->  # 40 230               # 54  250
================================================================================
NOTES:
# LAST OF SEVERAL OCCURRENCES

COLUMN 17 PEAK WIND IN M.P.H.

PRELIMINARY LOCAL CLIMATOLOGICAL DATA (WS FORM: F-6) , PAGE 2

                                          STATION:  TERRE HAUTE IN
                                          MONTH:    MARCH
                                          YEAR:     2017
                                          LATITUDE:   39 27 N
                                          LONGITUDE:  87 18 W

[TEMPERATURE DATA]      [PRECIPITATION DATA]       SYMBOLS USED IN COLUMN 16

AVERAGE MONTHLY: 40.8   TOTAL FOR MONTH:   2.00    1 = FOG OR MIST
DPTR FM NORMAL:  -0.4   DPTR FM NORMAL:   -0.42    2 = FOG REDUCING VISIBILITY
HIGHEST:    66 ON  5    GRTST 24HR  0.60 ON 20-20      TO 1/4 MILE OR LESS
LOWEST:     17 ON 16                               3 = THUNDER
                        SNOW, ICE PELLETS, HAIL    4 = ICE PELLETS
                        TOTAL MONTH:    M          5 = HAIL
                        GRTST 24HR    M  ON   M    6 = FREEZING RAIN OR DRIZZLE
                        GRTST DEPTH:  M  ON   M    7 = DUSTSTORM OR SANDSTORM:
                                                       VSBY 1/2 MILE OR LESS
                                                   8 = SMOKE OR HAZE
[NO. OF DAYS WITH]      [WEATHER - DAYS WITH]      9 = BLOWING SNOW
                                                   X = TORNADO
MAX 32 OR BELOW:   0    0.01 INCH OR MORE:   7
MAX 90 OR ABOVE:   0    0.10 INCH OR MORE:   5
MIN 32 OR BELOW:  15    0.50 INCH OR MORE:   2
MIN  0 OR BELOW:   0    1.00 INCH OR MORE:   0

[HDD (BASE 65) ]
TOTAL THIS MO.   510    CLEAR  (SCALE 0-3)  11
DPTR FM NORMAL   -36    PTCLDY (SCALE 4-7)   9
TOTAL FM JUL 1  3845    CLOUDY (SCALE 8-10)  3
DPTR FM NORMAL  -864

[CDD (BASE 65) ]
TOTAL THIS MO.     0
DPTR FM NORMAL     0    [PRESSURE DATA]
TOTAL FM JAN 1     0    HIGHEST SLP M ON M
DPTR FM NORMAL     0    LOWEST  SLP 29.44 ON  1

[REMARKS]
