000
CXUS53 KIND 260730
CF6HUF
PRELIMINARY LOCAL CLIMATOLOGICAL DATA (WS FORM: F-6)

                                          STATION:   TERRE HAUTE IN
                                          MONTH:     DECEMBER
                                          YEAR:      2014
                                          LATITUDE:   39 27 N
                                          LONGITUDE:  87 18 W

  TEMPERATURE IN F:       :PCPN:    SNOW:  WIND      :SUNSHINE: SKY     :PK WND
================================================================================
1   2   3   4   5  6A  6B    7    8   9   10  11  12  13   14  15   16   17  18
                                     12Z  AVG MX 2MIN
DY MAX MIN AVG DEP HDD CDD  WTR  SNW DPTH SPD SPD DIR MIN PSBL S-S WX    SPD DR
================================================================================

 1  37  27  32  -4  33   0 0.08    M    M 11.3 18 360   M    M   7 1      23  10
 2  33  26  30  -6  35   0    T    M    M  6.0 12  60   M    M  10 18     15  30
 3  42  25  34  -2  31   0    T    M    M  6.3 13 230   M    M   5 16     17 240
 4  36  27  32  -3  33   0 0.08    M    M  4.3  9  70   M    M   7 14      M  M
 5  44  36  40   5  25   0 1.30    M    M  5.9 15  30   M    M  10 1      20  30
 6  44  32  38   4  27   0 0.18    M    M 11.8 20  30   M    M   9 1      27  10
 7  40  22  31  -3  34   0 0.00    M    M  5.2 14 110   M    0   0 1      16  90
 8  41  31  36   2  29   0 0.06    M    M  6.4 17 290   M    M   5 1      21 310
 9  40  32  36   3  29   0 0.02    M    M  9.9 15 330   M    M  10 1      21 320
10  36  33  35   2  30   0 0.00    M    M  6.7 12 340   M    M  10        16 330
11  37  28  33   0  32   0 0.00    M    M  6.0 13 290   M    M   9 8      17 330
12  37  23  30  -2  35   0 0.00    M    M  3.4  8 250   M    M   7 18     10 260
13  47  35  41   9  24   0 0.00    M    M  3.4  8 210   M    M  10 18      9 220
14  49  43  46  14  19   0 0.00    M    M  6.0 13 150   M    M  10 1      17 130
15  48  43  46  15  19   0 0.01    M    M 10.1 17 140   M    M  10 18     23 140
16  49  30  40   9  25   0 0.20    M    M 13.4 25 260   M    M  10 1      31 260
17  30  24  27  -4  38   0 0.00    M    M  8.5 17 320   M    M  10        26 320
18  30  25  28  -3  37   0 0.00    M    M  1.8  7 110   M    M  10         9  70
19  35  22  29  -1  36   0 0.00    M    M  2.9  9  80   M    M   6 8      11  70
20  35  25  30   0  35   0 0.00    M    M  1.4  7 110   M    M   9 1       8 100
21  39  22  31   1  34   0 0.00    M    M  5.3 12 170   M    M   1 1      16 130
22  49  28  39   9  26   0 0.19    M    M  9.2 16 140   M    M   9 1      20 150
23  53  46  50  20  15   0 0.03    M    M  6.8 17 170   M    M   7 1      23 170
24  45  37  41  12  24   0 0.37    M    M 10.4 20 260   M    M   9 1      26 260
25  45  35  40  11  25   0 0.00    M    M 10.8 20 200   M    M   6 1      24 210
================================================================================
SM 1021  757       730   0  2.52    M    173.2          M      196
================================================================================
AV 40.8 30.3                               6.9 FASTST   M    0   8    MAX(MPH)
                                 MISC ---->  # 25 260               # 31  260
================================================================================
NOTES:
# LAST OF SEVERAL OCCURRENCES

COLUMN 17 PEAK WIND IN M.P.H.

PRELIMINARY LOCAL CLIMATOLOGICAL DATA (WS FORM: F-6) , PAGE 2

                                          STATION:  TERRE HAUTE IN
                                          MONTH:    DECEMBER
                                          YEAR:     2014
                                          LATITUDE:   39 27 N
                                          LONGITUDE:  87 18 W

[TEMPERATURE DATA]      [PRECIPITATION DATA]       SYMBOLS USED IN COLUMN 16

AVERAGE MONTHLY: 35.6   TOTAL FOR MONTH:   2.52    1 = FOG OR MIST
DPTR FM NORMAL:   3.3   DPTR FM NORMAL:    0.20    2 = FOG REDUCING VISIBILITY
HIGHEST:    53 ON 23    GRTST 24HR  1.48 ON  5- 6      TO 1/4 MILE OR LESS
LOWEST:     22 ON 21,19                            3 = THUNDER
                        SNOW, ICE PELLETS, HAIL    4 = ICE PELLETS
                        TOTAL MONTH:    M          5 = HAIL
                        GRTST 24HR    M  ON   M    6 = FREEZING RAIN OR DRIZZLE
                        GRTST DEPTH:  M  ON   M    7 = DUSTSTORM OR SANDSTORM:
                                                       VSBY 1/2 MILE OR LESS
                                                   8 = SMOKE OR HAZE
[NO. OF DAYS WITH]      [WEATHER - DAYS WITH]      9 = BLOWING SNOW
                                                   X = TORNADO
MAX 32 OR BELOW:   2    0.01 INCH OR MORE:  11
MAX 90 OR ABOVE:   0    0.10 INCH OR MORE:   5
MIN 32 OR BELOW:  17    0.50 INCH OR MORE:   1
MIN  0 OR BELOW:   0    1.00 INCH OR MORE:   1

[HDD (BASE 65) ]
TOTAL THIS MO.   730    CLEAR  (SCALE 0-3)   2
DPTR FM NORMAL   -87    PTCLDY (SCALE 4-7)   8
TOTAL FM JUL 1  2030    CLOUDY (SCALE 8-10) 15
DPTR FM NORMAL   135

[CDD (BASE 65) ]
TOTAL THIS MO.     0
DPTR FM NORMAL     0    [PRESSURE DATA]
TOTAL FM JAN 1   939    HIGHEST SLP M ON M
DPTR FM NORMAL   -54    LOWEST  SLP 29.47 ON 24

[REMARKS]
