000
CXUS51 KCAR 170600
CF6HUL
PRELIMINARY LOCAL CLIMATOLOGICAL DATA (WS FORM: F-6)

                                          STATION:   HOULTON ME
                                          MONTH:     NOVEMBER
                                          YEAR:      2017
                                          LATITUDE:   46  7 N
                                          LONGITUDE:  67 48 W

  TEMPERATURE IN F:       :PCPN:    SNOW:  WIND      :SUNSHINE: SKY     :PK WND
================================================================================
1   2   3   4   5  6A  6B    7    8   9   10  11  12  13   14  15   16   17  18
                                     12Z  AVG MX 2MIN
DY MAX MIN AVG DEP HDD CDD  WTR  SNW DPTH SPD SPD DIR MIN PSBL S-S WX    SPD DR
================================================================================

 1  46  29  38   0  27   0 0.00    M    M  4.2 13 260   M    M   2        17 260
 2  55  40  48  10  17   0 0.48    M    M  7.5 13 180   M    M  10 1      22 160
 3  63  41  52  14  13   0 0.67    M    M 10.4 21 290   M    M   8 1      32 260
 4  48  26  37   0  28   0 0.00    M    M  6.4 17 300   M    M   1        24 270
 5  54  26  40   3  25   0 0.00    M    M  7.9 20 170   M    M   7        30 140
 6  61  34  48  12  17   0 0.56    M    M 11.1 21  10   M    M   9 1      30 160
 7  36  26  31  -5  34   0 0.00    M    M  5.2 15 350   M    M   6        21 340
 8  39  18  29  -7  36   0 0.00    M    M  1.2  9  20   M    M   0        13 330
 9  42  15  29  -6  36   0 0.00    M    M  3.4 10 160   M    M   1        14 140
10  42  18  30  -5  35   0 0.11    M    M 14.4 28 270   M    M   8 1      39 280
11  34  18  26  -9  39   0 0.00    M    M 11.5 18 320   M    M   0        43 290
12  32  10  21 -13  44   0 0.00    M    M  0.9  9 220   M    M   5        12 200
13  39  10  25  -9  40   0 0.00    M    M  0.8  6  20   M    M   4         9 200
14  36  24  30  -3  35   0 0.00    M    M  6.5 16  20   M    M  10        21  10
15  36  11  24  -9  41   0 0.00    M    M  2.4 12 120   M    M   2 8      16 120
16  37  29  33   0  32   0 0.45    M    M  3.5 10 120   M    M  10 1      15 120
================================================================================
SM  700  375       499   0  2.27    M     97.3          M       83
================================================================================
AV 43.8 23.4                               6.1 FASTST   M    M   5    MAX(MPH)
                                 MISC ---->  # 28 270               # 43  290
================================================================================
NOTES:
# LAST OF SEVERAL OCCURRENCES

COLUMN 17 PEAK WIND IN M.P.H.

PRELIMINARY LOCAL CLIMATOLOGICAL DATA (WS FORM: F-6) , PAGE 2

                                          STATION:  HOULTON ME
                                          MONTH:    NOVEMBER
                                          YEAR:     2017
                                          LATITUDE:   46  7 N
                                          LONGITUDE:  67 48 W

[TEMPERATURE DATA]      [PRECIPITATION DATA]       SYMBOLS USED IN COLUMN 16

AVERAGE MONTHLY: 33.6   TOTAL FOR MONTH:   2.27    1 = FOG OR MIST
DPTR FM NORMAL:  -1.9   DPTR FM NORMAL:    0.11    2 = FOG REDUCING VISIBILITY
HIGHEST:    63 ON  3    GRTST 24HR  0.67 ON  3- 3      TO 1/4 MILE OR LESS
LOWEST:     10 ON 13,12                            3 = THUNDER
                        SNOW, ICE PELLETS, HAIL    4 = ICE PELLETS
                        TOTAL MONTH:    M          5 = HAIL
                        GRTST 24HR    M  ON   M    6 = FREEZING RAIN OR DRIZZLE
                        GRTST DEPTH:  M  ON   M    7 = DUSTSTORM OR SANDSTORM:
                                                       VSBY 1/2 MILE OR LESS
                                                   8 = SMOKE OR HAZE
[NO. OF DAYS WITH]      [WEATHER - DAYS WITH]      9 = BLOWING SNOW
                                                   X = TORNADO
MAX 32 OR BELOW:   1    0.01 INCH OR MORE:   5
MAX 90 OR ABOVE:   0    0.10 INCH OR MORE:   5
MIN 32 OR BELOW:  13    0.50 INCH OR MORE:   2
MIN  0 OR BELOW:   0    1.00 INCH OR MORE:   0

[HDD (BASE 65) ]
TOTAL THIS MO.   499    CLEAR  (SCALE 0-3)   6
DPTR FM NORMAL    27    PTCLDY (SCALE 4-7)   5
TOTAL FM JUL 1  1225    CLOUDY (SCALE 8-10)  5
DPTR FM NORMAL  -383

[CDD (BASE 65) ]
TOTAL THIS MO.     0
DPTR FM NORMAL     0    [PRESSURE DATA]
TOTAL FM JAN 1   211    HIGHEST SLP M ON M
DPTR FM NORMAL    20    LOWEST  SLP 29.59 ON 10

[REMARKS]
