000
CXUS56 KMTR 221000
CF6HWD
PRELIMINARY LOCAL CLIMATOLOGICAL DATA (WS FORM: F-6)

                                          STATION:   HAYWARD AIRPORT
                                          MONTH:     SEPTEMBER
                                          YEAR:      2017
                                          LATITUDE:   37 39 N
                                          LONGITUDE: 122  7 W

  TEMPERATURE IN F:       :PCPN:    SNOW:  WIND      :SUNSHINE: SKY     :PK WND
================================================================================
1   2   3   4   5  6A  6B    7    8   9   10  11  12  13   14  15   16   17  18
                                     12Z  AVG MX 2MIN
DY MAX MIN AVG DEP HDD CDD  WTR  SNW DPTH SPD SPD DIR MIN PSBL S-S WX    SPD DR
================================================================================

 1 103  69  86  19   0  21 0.00  0.0    0  4.1 12 300   M    M   0 8      15 320
 2 108  74  91  24   0  26 0.00  0.0    0  5.0 14 310   M    M   0 8      17 290
 3  95  71  83  16   0  18 0.00  0.0    0  4.5 14 290   M    M   2 8      17 280
 4  84  68  76   9   0  11    T  0.0    0  5.6 13 310   M    M   3 8      14 310
 5  86  68  77  10   0  12 0.00  0.0    0  7.9 18 320   M    M   1        22 320
 6  80  63  72   5   0   7 0.00  0.0    0  8.5 16 290   M    M   3 8      21 290
 7  75  65  70   3   0   5 0.00  0.0    0  8.0 15 300   M    M   7        18 290
 8  73  62  68   1   0   3 0.00  0.0    0  7.0 15 290   M    M   8        19 290
 9  78  63  71   4   0   6 0.00  0.0    0  5.5 16 290   M    M   5        19 290
10  94  62  78  11   0  13 0.00  0.0    0  4.5 14 280   M    M   1        22  10
11  89  67  78  11   0  13    T  0.0    0  5.7 20 310   M    M   2 3      22 310
12  88  64  76   9   0  11 0.00  0.0    0  7.7 23 320   M    M   3        28 310
13  74  65  70   3   0   5 0.00  0.0    0 10.8 18 270   M    M   7        22 280
14  71  62  67   0   0   2 0.00  0.0    0 11.3 20 290   M    M   5        25 280
15  73  59  66   0   0   1 0.00  0.0    0  7.3 18 290   M    M   1        23 280
16  75  56  66   0   0   1 0.00  0.0    0  5.8 18 300   M    M   2        23 300
17  73  57  65  -1   0   0 0.00  0.0    0  6.8 17 290   M    M   5        21 280
18  73  60  67   1   0   2 0.00  0.0    0 11.2 20 280   M    M   7        25 280
19  73  54  64  -2   1   0 0.00  0.0    0  6.9 21 260   M    M   1        24 270
20  71  59  65  -1   0   0    T  0.0    0  9.8 21 290   M    M   6 18     25 290
21  68  55  62  -4   3   0 0.00  0.0    0 11.4 23 280   M    M   1        28 270
================================================================================
SM 1704 1323         4 157    T      0.0 155.3          M       70
================================================================================
AV 81.1 63.0                               7.4 FASTST   M    M   3    MAX(MPH)
                                 MISC ---->  # 23 320               # 28  310
================================================================================
NOTES:
# LAST OF SEVERAL OCCURRENCES

COLUMN 17 PEAK WIND IN M.P.H.

PRELIMINARY LOCAL CLIMATOLOGICAL DATA (WS FORM: F-6) , PAGE 2

                                          STATION:  HAYWARD AIRPORT
                                          MONTH:    SEPTEMBER
                                          YEAR:     2017
                                          LATITUDE:   37 39 N
                                          LONGITUDE: 122  7 W

[TEMPERATURE DATA]      [PRECIPITATION DATA]       SYMBOLS USED IN COLUMN 16

AVERAGE MONTHLY: 72.1   TOTAL FOR MONTH:      T    1 = FOG OR MIST
DPTR FM NORMAL:   5.4   DPTR FM NORMAL:   -0.15    2 = FOG REDUCING VISIBILITY
HIGHEST:   108 ON  2    GRTST 24HR    T  ON 20-20      TO 1/4 MILE OR LESS
LOWEST:     54 ON 19                               3 = THUNDER
                        SNOW, ICE PELLETS, HAIL    4 = ICE PELLETS
                        TOTAL MONTH:   0.0 INCH    5 = HAIL
                        GRTST 24HR     0.0         6 = FREEZING RAIN OR DRIZZLE
                        GRTST DEPTH:   0           7 = DUSTSTORM OR SANDSTORM:
                                                       VSBY 1/2 MILE OR LESS
                                                   8 = SMOKE OR HAZE
[NO. OF DAYS WITH]      [WEATHER - DAYS WITH]      9 = BLOWING SNOW
                                                   X = TORNADO
MAX 32 OR BELOW:   0    0.01 INCH OR MORE:   0
MAX 90 OR ABOVE:   4    0.10 INCH OR MORE:   0
MIN 32 OR BELOW:   0    0.50 INCH OR MORE:   0
MIN  0 OR BELOW:   0    1.00 INCH OR MORE:   0

[HDD (BASE 65) ]
TOTAL THIS MO.     4    CLEAR  (SCALE 0-3)  12
DPTR FM NORMAL   -17    PTCLDY (SCALE 4-7)   9
TOTAL FM JUL 1    15    CLOUDY (SCALE 8-10)  0
DPTR FM NORMAL   -73

[CDD (BASE 65) ]
TOTAL THIS MO.   157
DPTR FM NORMAL    99    [PRESSURE DATA]
TOTAL FM JAN 1   512    HIGHEST SLP M ON M
DPTR FM NORMAL   264    LOWEST  SLP 29.74 ON M

[REMARKS]
