000
CXUS56 KMTR 261000
CF6HWD
PRELIMINARY LOCAL CLIMATOLOGICAL DATA (WS FORM: F-6)

                                          STATION:   HAYWARD AIRPORT
                                          MONTH:     JULY
                                          YEAR:      2014
                                          LATITUDE:   37 39 N
                                          LONGITUDE: 122  7 W

  TEMPERATURE IN F:       :PCPN:    SNOW:  WIND      :SUNSHINE: SKY     :PK WND
================================================================================
1   2   3   4   5  6A  6B    7    8   9   10  11  12  13   14  15   16   17  18
                                     12Z  AVG MX 2MIN
DY MAX MIN AVG DEP HDD CDD  WTR  SNW DPTH SPD SPD DIR MIN PSBL S-S WX    SPD DR
================================================================================

 1  75  55  65   0   0   0 0.00  0.0    0  8.6 20 310   M    M   4        23 350
 2  75  57  66   1   0   1 0.00  0.0    0  9.4 22 280   M    M   6        38 330
 3  73  57  65   0   0   0 0.00  0.0    0  6.5 15 280   M    M   3 1      18 300
 4  72  55  64  -1   1   0 0.00  0.0    0  8.1 18 300   M    M   3        21 310
 5  80  54  67   2   0   2 0.00  0.0    0  5.5 14 280   M    M   3        17 290
 6  77  55  66   1   0   1 0.00  0.0    0  6.6 15 300   M    M   2 1      26 320
 7  78  55  67   2   0   2 0.00  0.0    0  6.8 17 300   M    M   2        24 300
 8  75  57  66   1   0   1 0.00  0.0    0  8.5 17 330   M    M   3        24 330
 9  77  57  67   2   0   2 0.00  0.0    0  6.9 17 320   M    M   4        22 310
10  75  58  67   2   0   2 0.00  0.0    0  7.4 18 280   M    M   4        25 290
11  72  57  65   0   0   0 0.00  0.0    0  9.8 21 280   M    M   6        30 320
12  70  57  64  -1   1   0 0.00  0.0    0  9.2 18 280   M    M   7        23 290
13  73  57  65   0   0   0 0.00  0.0    0  6.8 13 290   M    M   5        17 290
14  82  58  70   5   0   5 0.00  0.0    0  5.9 20 320   M    M   0        25 320
15  79  58  69   4   0   4 0.00  0.0    0  9.0 17 320   M    M   0        23 340
16  81  61  71   6   0   6 0.00  0.0    0 11.0 22 310   M    M   4        28 300
17  75  61  68   3   0   3 0.00  0.0    0 10.0 20 320   M    M   4        23 320
18  74  60  67   2   0   2 0.00  0.0    0  9.6 18 300   M    M   6        22 320
19  76  61  69   4   0   4 0.00  0.0    0  8.3 21 300   M    M   4 3      23 300
20  77  61  69   4   0   4 0.00  0.0    0  8.8 18 310   M    M   5         M  M
21  76  61  69   4   0   4 0.00  0.0    0  9.5 18 290   M    M   4        23 300
22  77  62  70   5   0   5 0.00  0.0    0  8.6 18 270   M    M   6        32 330
23  78  64  71   6   0   6 0.00  0.0    0  7.6 20 310   M    M   4        23 300
24  86  63  75  10   0  10 0.00  0.0    0  6.2 18 290   M    M   2        22 300
25  94  62  78  13   0  13 0.00  0.0    0  5.0 16 290   M    M   0        20 300
================================================================================
SM 1927 1463         2  77  0.00     0.0 199.6          M       91
================================================================================
AV 77.1 58.5                               8.0 FASTST   M    M   4    MAX(MPH)
                                 MISC ---->  # 22 280               # 38  330
================================================================================
NOTES:
# LAST OF SEVERAL OCCURRENCES

COLUMN 17 PEAK WIND IN M.P.H.

PRELIMINARY LOCAL CLIMATOLOGICAL DATA (WS FORM: F-6) , PAGE 2

                                          STATION:  HAYWARD AIRPORT
                                          MONTH:    JULY
                                          YEAR:     2014
                                          LATITUDE:   37 39 N
                                          LONGITUDE: 122  7 W

[TEMPERATURE DATA]      [PRECIPITATION DATA]       SYMBOLS USED IN COLUMN 16

AVERAGE MONTHLY: 67.8   TOTAL FOR MONTH:   0.00    1 = FOG OR MIST
DPTR FM NORMAL:   2.8   DPTR FM NORMAL:    0.00    2 = FOG REDUCING VISIBILITY
HIGHEST:    94 ON 25    GRTST 24HR  0.00 ON 25-25      TO 1/4 MILE OR LESS
LOWEST:     54 ON  5                               3 = THUNDER
                        SNOW, ICE PELLETS, HAIL    4 = ICE PELLETS
                        TOTAL MONTH:   0.0 INCH    5 = HAIL
                        GRTST 24HR     0.0         6 = FREEZING RAIN OR DRIZZLE
                        GRTST DEPTH:   0           7 = DUSTSTORM OR SANDSTORM:
                                                       VSBY 1/2 MILE OR LESS
                                                   8 = SMOKE OR HAZE
[NO. OF DAYS WITH]      [WEATHER - DAYS WITH]      9 = BLOWING SNOW
                                                   X = TORNADO
MAX 32 OR BELOW:   0    0.01 INCH OR MORE:   0
MAX 90 OR ABOVE:   1    0.10 INCH OR MORE:   0
MIN 32 OR BELOW:   0    0.50 INCH OR MORE:   0
MIN  0 OR BELOW:   0    1.00 INCH OR MORE:   0

[HDD (BASE 65) ]
TOTAL THIS MO.     2    CLEAR  (SCALE 0-3)  10
DPTR FM NORMAL   -37    PTCLDY (SCALE 4-7)  15
TOTAL FM JUL 1     2    CLOUDY (SCALE 8-10)  0
DPTR FM NORMAL   -37

[CDD (BASE 65) ]
TOTAL THIS MO.    77
DPTR FM NORMAL    27    [PRESSURE DATA]
TOTAL FM JAN 1   150    HIGHEST SLP M ON M
DPTR FM NORMAL    30    LOWEST  SLP 29.80 ON  1

[REMARKS]
