000
CXUS54 KHGX 301307
CF6IAH
PRELIMINARY LOCAL CLIMATOLOGICAL DATA (WS FORM: F-6)

                                          STATION:   HOUSTON INTERCONTINENTAL
                                          MONTH:     AUGUST
                                          YEAR:      2016
                                          LATITUDE:   29 58 N
                                          LONGITUDE:  95 21 W

  TEMPERATURE IN F:       :PCPN:    SNOW:  WIND      :SUNSHINE: SKY     :PK WND
================================================================================
1   2   3   4   5  6A  6B    7    8   9   10  11  12  13   14  15   16   17  18
                                     12Z  AVG MX 2MIN
DY MAX MIN AVG DEP HDD CDD  WTR  SNW DPTH SPD SPD DIR MIN PSBL S-S WX    SPD DR
================================================================================

 1  98  74  86   1   0  21 0.00  0.0    0  5.8 18 140   M    M   3 1      23 130
 2  99  77  88   3   0  23 0.00  0.0    0  4.6 18 150   M    M   2        22 130
 3  98  76  87   2   0  22 0.00  0.0    0  4.5 16 150   M    M   3        18 150
 4  99  76  88   3   0  23 0.00  0.0    0  4.6 16 150   M    M   3        21 150
 5  97  77  87   2   0  22 0.00  0.0    0  4.1 13 140   M    M   4        16 190
 6  98  77  88   3   0  23 0.00  0.0    0  5.8 17 150   M    M   2        20 150
 7 100  78  89   4   0  24 0.00  0.0    0  5.3 15 170   M    M   2        19 170
 8 100  77  89   4   0  24 0.00  0.0    0  5.1 18 150   M    M   3        21 150
 9 101  77  89   4   0  24 0.00  0.0    0  6.3 18 140   M    M   3        22 120
10 100  79  90   5   0  25 0.00  0.0    0  5.8 17 150   M    M   5        21 150
11 101  82  92   7   0  27 0.00  0.0    0  8.4 17 150   M    M   7        21 130
12  99  82  91   6   0  26 0.00  0.0    0  8.6 16 210   M    M   8        22 170
13  97  76  87   2   0  22 0.83  0.0    0  6.9 26 350   M    M   7 138    35 350
14  89  72  81  -4   0  16 1.66  0.0    0  4.4 15 210   M    M  10 13     24 220
15  86  75  81  -4   0  16 1.43  0.0    0  6.4 16  60   M    M   9 138    20  70
16  82  74  78  -7   0  13 2.05  0.0    0  5.8 22 130   M    M  10 13     27 130
17  83  73  78  -7   0  13 1.73  0.0    0  6.4 21 200   M    M  10 13     32 180
18  88  74  81  -4   0  16 0.19  0.0    0  4.1 23 140   M    M   9 13     27 140
19  92  75  84  -1   0  19 0.39  0.0    0  5.2 28 210   M    M   7 13     41 180
20  91  75  83  -2   0  18 0.53  0.0    0  5.6 14 140   M    M   8 13     18 130
21  87  76  82  -3   0  17    T  0.0    0  5.5 15 280   M    M   8        21 280
22  89  73  81  -3   0  16 0.33  0.0    0  5.4 22 230   M    M   8 123    31 230
23  95  75  85   1   0  20    T  0.0    0  6.9 24 140   M    M   5 13     28 140
24  94  76  85   1   0  20    T  0.0    0  5.7 21 150   M    M   4 13     25 130
25  91  75  83  -1   0  18 0.42  0.0    0  4.8 20 350   M    M   7 13     22 330
26  89  73  81  -3   0  16 0.74  0.0    0  5.5 23 360   M    M   9 13     26 360
27  91  74  83  -1   0  18    T  0.0    0  6.3 30  50   M    M   9 13     37  40
28  88  75  82  -2   0  17    T  0.0    0  8.9 26  60   M    M   8        34  80
29  84  75  80  -4   0  15 0.10  0.0    0  7.9 17 150   M    M   8 18     20 150
================================================================================
SM 2706 2198         0 574 10.40     0.0 170.6          M      181
================================================================================
AV 93.3 75.8                               5.9 FASTST   M    M   6    MAX(MPH)
                                 MISC ---->  # 30  50               # 41  180
================================================================================
NOTES:
# LAST OF SEVERAL OCCURRENCES

COLUMN 17 PEAK WIND IN M.P.H.

PRELIMINARY LOCAL CLIMATOLOGICAL DATA (WS FORM: F-6) , PAGE 2

                                          STATION:  HOUSTON INTERCONTINENTAL
                                          MONTH:    AUGUST
                                          YEAR:     2016
                                          LATITUDE:   29 58 N
                                          LONGITUDE:  95 21 W

[TEMPERATURE DATA]      [PRECIPITATION DATA]       SYMBOLS USED IN COLUMN 16

AVERAGE MONTHLY: 84.6   TOTAL FOR MONTH:  10.40    1 = FOG OR MIST
DPTR FM NORMAL:  -0.2   DPTR FM NORMAL:    6.95    2 = FOG REDUCING VISIBILITY
HIGHEST:   101 ON 11, 9 GRTST 24HR  3.34 ON 15-16      TO 1/4 MILE OR LESS
LOWEST:     72 ON 14                               3 = THUNDER
                        SNOW, ICE PELLETS, HAIL    4 = ICE PELLETS
                        TOTAL MONTH:   0.0 INCH    5 = HAIL
                        GRTST 24HR     0.0         6 = FREEZING RAIN OR DRIZZLE
                        GRTST DEPTH:   0           7 = DUSTSTORM OR SANDSTORM:
                                                       VSBY 1/2 MILE OR LESS
                                                   8 = SMOKE OR HAZE
[NO. OF DAYS WITH]      [WEATHER - DAYS WITH]      9 = BLOWING SNOW
                                                   X = TORNADO
MAX 32 OR BELOW:   0    0.01 INCH OR MORE:  12
MAX 90 OR ABOVE:  19    0.10 INCH OR MORE:  12
MIN 32 OR BELOW:   0    0.50 INCH OR MORE:   7
MIN  0 OR BELOW:   0    1.00 INCH OR MORE:   4

[HDD (BASE 65) ]
TOTAL THIS MO.     0    CLEAR  (SCALE 0-3)   6
DPTR FM NORMAL     0    PTCLDY (SCALE 4-7)  16
TOTAL FM JUL 1     0    CLOUDY (SCALE 8-10)  7
DPTR FM NORMAL     0

[CDD (BASE 65) ]
TOTAL THIS MO.   574
DPTR FM NORMAL     1    [PRESSURE DATA]
TOTAL FM JAN 1  2368    HIGHEST SLP M ON M
DPTR FM NORMAL    22    LOWEST  SLP 29.69 ON 13

[REMARKS]
