000
CXUS53 KUNR 250945
CF6ICR
PRELIMINARY LOCAL CLIMATOLOGICAL DATA (WS FORM: F-6)

                                          STATION:   WINNER REGIONAL AIRPORT SD
                                          MONTH:     MAY
                                          YEAR:      2017
                                          LATITUDE:   43 23 N
                                          LONGITUDE:  99 50 W

  TEMPERATURE IN F:       :PCPN:    SNOW:  WIND      :SUNSHINE: SKY     :PK WND
================================================================================
1   2   3   4   5  6A  6B    7    8   9   10  11  12  13   14  15   16   17  18
                                     12Z  AVG MX 2MIN
DY MAX MIN AVG DEP HDD CDD  WTR  SNW DPTH SPD SPD DIR MIN PSBL S-S WX    SPD DR
================================================================================

 1  68  31  50  -3  15   0    T    M    M 14.5 30 330   M    M   2        37 320
 2  67  39  53  -1  12   0 0.00    M    M 10.2 18 310   M    M   4        23 290
 3  67  43  55   1  10   0    T    M    M 10.5 29 360   M    M   6        35 360
 4  73  37  55   1  10   0 0.00    M    M  6.0 14 330   M    M   0        19 330
 5  84  45  65  10   0   0 0.00    M    M  7.5 16 220   M    M   0        20 220
 6  84  48  66  11   0   1 0.00    M    M 13.0 21 130   M    M   0        26 120
 7  91  56  74  19   0   9 0.00    M    M 19.4 31 150   M    M   0        40 170
 8  76  48  62   6   3   0 0.04    M    M 16.4 33 310   M    M   1 3      45 310
 9  62  46  54  -2  11   0 0.10    M    M  5.1 25  10   M    M   7        29  10
10  69  49  59   3   6   0 0.19    M    M  4.8 15  10   M    M   7 1      22  10
11  74  40  57   0   8   0 0.00    M    M  5.4 15  50   M    M   0        20  10
12  81  52  67  10   0   2 0.00    M    M 15.0 23 180   M    M   0        29 180
13  84  57  71  14   0   6 0.00    M    M 20.4 32 170   M    M   0        41 170
14  81  56  69  11   0   4    T    M    M 12.7 28 340   M    M   0 3      36 320
15  78  52  65   7   0   0 0.28    M    M 13.2 32 100   M    M   1 13     40 100
16  77  60  69  11   0   4 0.28    M    M  9.5 18 330   M    M   3 13     23 310
17  60  50  55  -3  10   0 1.30    M    M 16.9 28 360   M    M   9 1      34  10
18  60  45  53  -6  12   0    T    M    M 14.8 25  30   M    M   8        30  40
19  54  44  49 -10  16   0 0.06    M    M 14.2 25  40   M    M  10        31  40
20  44  39  42 -17  23   0 0.59    M    M 11.8 21 360   M    M  10 1      27 340
21  70  35  53  -7  12   0 0.00    M    M 10.9 20 300   M    M   2        25 310
22  66  47  57  -3   8   0 0.13    M    M 11.6 29 360   M    M   4 3      38 360
23  59  42  51  -9  14   0    T    M    M 14.2 25 350   M    M   9        34  10
24  70  37  54  -7  11   0 0.00    M    M 12.1 25 160   M    M   0        34 150
================================================================================
SM 1699 1098       181  26  2.97    M    290.1          M       83
================================================================================
AV 70.8 45.8                              12.1 FASTST   M    M   3    MAX(MPH)
                                 MISC ---->  # 33 310               # 45  310
================================================================================
NOTES:
# LAST OF SEVERAL OCCURRENCES

COLUMN 17 PEAK WIND IN M.P.H.

PRELIMINARY LOCAL CLIMATOLOGICAL DATA (WS FORM: F-6) , PAGE 2

                                          STATION:  WINNER REGIONAL AIRPORT SD
                                          MONTH:    MAY
                                          YEAR:     2017
                                          LATITUDE:   43 23 N
                                          LONGITUDE:  99 50 W

[TEMPERATURE DATA]      [PRECIPITATION DATA]       SYMBOLS USED IN COLUMN 16

AVERAGE MONTHLY: 58.3   TOTAL FOR MONTH:   2.97    1 = FOG OR MIST
DPTR FM NORMAL:   1.2   DPTR FM NORMAL:    0.45    2 = FOG REDUCING VISIBILITY
HIGHEST:    91 ON  7    GRTST 24HR  1.30 ON 17-17      TO 1/4 MILE OR LESS
LOWEST:     31 ON  1                               3 = THUNDER
                        SNOW, ICE PELLETS, HAIL    4 = ICE PELLETS
                        TOTAL MONTH:    M          5 = HAIL
                        GRTST 24HR    M  ON   M    6 = FREEZING RAIN OR DRIZZLE
                        GRTST DEPTH:  M  ON   M    7 = DUSTSTORM OR SANDSTORM:
                                                       VSBY 1/2 MILE OR LESS
                                                   8 = SMOKE OR HAZE
[NO. OF DAYS WITH]      [WEATHER - DAYS WITH]      9 = BLOWING SNOW
                                                   X = TORNADO
MAX 32 OR BELOW:   0    0.01 INCH OR MORE:   9
MAX 90 OR ABOVE:   1    0.10 INCH OR MORE:   7
MIN 32 OR BELOW:   1    0.50 INCH OR MORE:   2
MIN  0 OR BELOW:   0    1.00 INCH OR MORE:   1

[HDD (BASE 65) ]
TOTAL THIS MO.   181    CLEAR  (SCALE 0-3)  14
DPTR FM NORMAL   -28    PTCLDY (SCALE 4-7)   5
TOTAL FM JUL 1  5524    CLOUDY (SCALE 8-10)  5
DPTR FM NORMAL -1089

[CDD (BASE 65) ]
TOTAL THIS MO.    26
DPTR FM NORMAL     7    [PRESSURE DATA]
TOTAL FM JAN 1    28    HIGHEST SLP M ON M
DPTR FM NORMAL     7    LOWEST  SLP 28.96 ON 24

[REMARKS]
