000
CXUS55 KPIH 261908
CF6IDA

PRELIMINARY LOCAL CLIMATOLOGICAL DATA (WS FORM: F-6)

                                          STATION:   IDAHO FALLS ID
                                          MONTH:     FEBRUARY
                                          YEAR:      2015
                                          LATITUDE:   43 31 N
                                          LONGITUDE: 112  4 W

  TEMPERATURE IN F:       :PCPN:    SNOW:  WIND      :SUNSHINE: SKY     :PK WND
================================================================================
1   2   3   4   5  6A  6B    7    8   9   10  11  12  13   14  15   16   17  18
                                     12Z  AVG MX 2MIN
DY MAX MIN AVG DEP HDD CDD  WTR  SNW DPTH SPD SPD DIR MIN PSBL S-S WX    SPD DR
================================================================================

 1  34  28  31  10  34   0    T    M    M  4.3 12 200   M    M  10 1      15 220
 2  41  31  36  15  29   0 0.08    M    M  7.7 18 230   M    M  10 1      27 230
 3  41  33  37  16  28   0 0.06    M    M  7.5 21 220   M    M  10 1      29 210
 4  41  33  37  16  28   0    T    M    M  3.4 12 230   M    M   8 1      15 220
 5  57  33  45  23  20   0 0.00    M    M  6.4 18 180   M    M   1 1      23 200
 6  62  34  48  26  17   0 0.00    M    M  7.8 24 210   M    M   1        32 210
 7  57  38  48  26  17   0 0.03    M    M 15.8 40 220   M    M   4        46 220
 8  57  34  46  24  19   0 0.00    M    M  8.6 17 220   M    M   1        25 220
 9  53  34  44  22  21   0    T    M    M 14.9 28 220   M    M   7        36 230
10  46  32  39  16  26   0 0.00    M    M 11.6 22 210   M    M   7        27 200
11  49  27  38  15  27   0 0.00    M    M  2.6  7 120   M    M   2 128    10 310
12  53  32  43  20  22   0 0.00    M    M  3.3 12 200   M    M   3        15 240
13  55  27  41  18  24   0 0.00    M    M  4.6 10 360   M    M   0        11 360
14  57  31  44  20  21   0 0.00    M    M  6.3 15 250   M    M   2 8      23 230
15  49  27  38  14  27   0 0.00    M    M  5.6 20  30   M    M   4 128    25 350
16  43  23  33   9  32   0 0.00    M    M 10.1 22  20   M    M   1        31  20
17  42  18  30   5  35   0 0.00    M    M  5.4 13 200   M    M   0        17 200
18  49  23  36  11  29   0 0.00    M    M  5.0 16 210   M    M   1        19 210
19  56  25  41  16  24   0 0.00    M    M  9.6 25 220   M    M   2        31 200
20  47  31  39  13  26   0    T    M    M  8.4 22 330   M    M   8        27 330
21  43  20  32   6  33   0    T    M    M 15.0 32  20   M    M   6 128    41  20
22  35  13  24  -3  41   0 0.00    M    M 14.8 26 360   M    M   1        33  10
23  42   8  25  -2  40   0 0.00    M    M  5.6 13 200   M    M   0        19  30
24  46  19  33   6  32   0 0.00    M    M  8.9 21 210   M    M   2        24 210
25  47  24  36   8  29   0 0.00    M    M  7.7 25  10   M    M   8        32  10
================================================================================
SM 1202  678       681   0  0.17    M    200.9          M       99
================================================================================
AV 48.1 27.1                               8.0 FASTST   M    M   4    MAX(MPH)
                                 MISC ---->  # 40 220               # 46  220
================================================================================
NOTES:
# LAST OF SEVERAL OCCURRENCES

COLUMN 17 PEAK WIND IN M.P.H.

PRELIMINARY LOCAL CLIMATOLOGICAL DATA (WS FORM: F-6) , PAGE 2

                                          STATION:  IDAHO FALLS ID
                                          MONTH:    FEBRUARY
                                          YEAR:     2015
                                          LATITUDE:   43 31 N
                                          LONGITUDE: 112  4 W

[TEMPERATURE DATA]      [PRECIPITATION DATA]       SYMBOLS USED IN COLUMN 16

AVERAGE MONTHLY: 37.6   TOTAL FOR MONTH:   0.17    1 = FOG OR MIST
DPTR FM NORMAL:  13.8   DPTR FM NORMAL:   -0.41    2 = FOG REDUCING VISIBILITY
HIGHEST:    62 ON  6    GRTST 24HR  0.12 ON  2- 3      TO 1/4 MILE OR LESS
LOWEST:      8 ON 23                               3 = THUNDER
                        SNOW, ICE PELLETS, HAIL    4 = ICE PELLETS
                        TOTAL MONTH:    M          5 = HAIL
                        GRTST 24HR    M  ON   M    6 = FREEZING RAIN OR DRIZZLE
                        GRTST DEPTH:  M  ON   M    7 = DUSTSTORM OR SANDSTORM:
                                                       VSBY 1/2 MILE OR LESS
                                                   8 = SMOKE OR HAZE
[NO. OF DAYS WITH]      [WEATHER - DAYS WITH]      9 = BLOWING SNOW
                                                   X = TORNADO
MAX 32 OR BELOW:   0    0.01 INCH OR MORE:   3
MAX 90 OR ABOVE:   0    0.10 INCH OR MORE:   0
MIN 32 OR BELOW:  18    0.50 INCH OR MORE:   0
MIN  0 OR BELOW:   0    1.00 INCH OR MORE:   0

[HDD (BASE 65) ]
TOTAL THIS MO.   681    CLEAR  (SCALE 0-3)  14
DPTR FM NORMAL  -350    PTCLDY (SCALE 4-7)   8
TOTAL FM JUL 1  4717    CLOUDY (SCALE 8-10)  3
DPTR FM NORMAL  -977

[CDD (BASE 65) ]
TOTAL THIS MO.     0
DPTR FM NORMAL     0    [PRESSURE DATA]
TOTAL FM JAN 1     0    HIGHEST SLP M ON M
DPTR FM NORMAL     0    LOWEST  SLP 29.77 ON  7

[REMARKS]
