000
CXUS53 KILX 272300
CF6ILX
PRELIMINARY LOCAL CLIMATOLOGICAL DATA (WS FORM: F-6)

                                          STATION:   LINCOLN IL
                                          MONTH:     JULY
                                          YEAR:      2015
                                          LATITUDE:   40  9 N
                                          LONGITUDE:  89 20 W

  TEMPERATURE IN F:       :PCPN:    SNOW:  WIND      :SUNSHINE: SKY     :PK WND
================================================================================
1   2   3   4   5  6A  6B    7    8   9   10  11  12  13   14  15   16   17  18
                                     12Z  AVG MX 2MIN
DY MAX MIN AVG DEP HDD CDD  WTR  SNW DPTH SPD SPD DIR MIN PSBL S-S WX    SPD DR
================================================================================

 1  77  63  70  -5   0   5 0.04  0.0    0   M   M   M   M    M   M         M  M
 2  74  56  65 -10   0   0 0.00  0.0    0   M   M   M   M    M   M         M  M
 3  78  60  69  -6   0   4    T  0.0    0   M   M   M   M    M   M         M  M
 4  80  55  68  -8   0   3 0.00  0.0    0   M   M   M   M    M   M 1       M  M
 5  82  57  70  -6   0   5 0.00  0.0    0   M   M   M   M    M   M 1       M  M
 6  87  62  75  -1   0  10 0.00  0.0    0   M   M   M   M    M   M 1       M  M
 7  74  56  65 -11   0   0 0.86  0.0    0   M   M   M   M    M   M 1       M  M
 8  62  55  59 -17   6   0 2.40  0.0    0   M   M   M   M    M   M 1       M  M
 9  70  60  65 -11   0   0 0.02  0.0    0   M   M   M   M    M   M 1       M  M
10  78  60  69  -7   0   4    T  0.0    0   M   M   M   M    M   M 1       M  M
11  80  61  71  -5   0   6 2.06  0.0    0   M   M   M   M    M   M 13      M  M
12  87  67  77   2   0  12 0.00  0.0    0   M   M   M   M    M   M         M  M
13  92  74  83   8   0  18 0.00  0.0    0   M   M   M   M    M   M         M  M
14  87  66  77   2   0  12 0.00  0.0    0   M   M   M   M    M   M         M  M
15  80  60  70  -5   0   5 0.00  0.0    0   M   M   M   M    M   M         M  M
16  83  65  74  -1   0   9 0.11  0.0    0   M   M   M   M    M   M         M  M
17  91  75  83   8   0  18 0.00  0.0    0   M   M   M   M    M   M         M  M
18  88  73  81   6   0  16 0.00  0.0    0   M   M   M   M    M   M         M  M
19  81  69  75   0   0  10 0.36  0.0    0   M   M   M   M    M   M 3       M  M
20  84  65  75   0   0  10 0.06  0.0    0   M   M   M   M    M   M 12      M  M
21  81  61  71  -4   0   6 0.00  0.0    0   M   M   M   M    M   M         M  M
22  82  56  69  -6   0   4 0.00  0.0    0   M   M   M   M    M   M         M  M
23  83  59  71  -4   0   6 0.00  0.0    0   M   M   M   M    M   M         M  M
24  84  59  72  -2   0   7 0.00  0.0    0   M   M   M   M    M   M         M  M
25  88  67  78   4   0  13 0.00  0.0    0   M   M   M   M    M   M         M  M
26  85  69  77   3   0  12 0.02  0.0    0   M   M   M   M    M   M 1       M  M
================================================================================
SM 2118 1630         6 195  5.93     0.0     M          M        M
================================================================================
AV 81.5 62.7                                 M FASTST   M    M   3    MAX(MPH)
                                 MISC ---->     M   M                  M    M
================================================================================
NOTES:
# LAST OF SEVERAL OCCURRENCES

COLUMN 17 PEAK WIND IN M.P.H.

PRELIMINARY LOCAL CLIMATOLOGICAL DATA (WS FORM: F-6) , PAGE 2

                                          STATION:  LINCOLN IL
                                          MONTH:    JULY
                                          YEAR:     2015
                                          LATITUDE:   40  9 N
                                          LONGITUDE:  89 20 W

[TEMPERATURE DATA]      [PRECIPITATION DATA]       SYMBOLS USED IN COLUMN 16

AVERAGE MONTHLY: 72.1   TOTAL FOR MONTH:   5.93    1 = FOG OR MIST
DPTR FM NORMAL:  -3.1   DPTR FM NORMAL:    1.58    2 = FOG REDUCING VISIBILITY
HIGHEST:    92 ON 13    GRTST 24HR  2.40 ON  8- 8      TO 1/4 MILE OR LESS
LOWEST:     55 ON  8, 4                            3 = THUNDER
                        SNOW, ICE PELLETS, HAIL    4 = ICE PELLETS
                        TOTAL MONTH:   0.0 INCH    5 = HAIL
                        GRTST 24HR     0.0         6 = FREEZING RAIN OR DRIZZLE
                        GRTST DEPTH:   0           7 = DUSTSTORM OR SANDSTORM:
                                                       VSBY 1/2 MILE OR LESS
                                                   8 = SMOKE OR HAZE
[NO. OF DAYS WITH]      [WEATHER - DAYS WITH]      9 = BLOWING SNOW
                                                   X = TORNADO
MAX 32 OR BELOW:   0    0.01 INCH OR MORE:   9
MAX 90 OR ABOVE:   2    0.10 INCH OR MORE:   5
MIN 32 OR BELOW:   0    0.50 INCH OR MORE:   3
MIN  0 OR BELOW:   0    1.00 INCH OR MORE:   2

[HDD (BASE 65) ]
TOTAL THIS MO.     6    CLEAR  (SCALE 0-3)   0
DPTR FM NORMAL     6    PTCLDY (SCALE 4-7)   0
TOTAL FM JUL 1     6    CLOUDY (SCALE 8-10)  0
DPTR FM NORMAL     6

[CDD (BASE 65) ]
TOTAL THIS MO.   195
DPTR FM NORMAL   -71    [PRESSURE DATA]
TOTAL FM JAN 1   532    HIGHEST SLP M ON M
DPTR FM NORMAL   -57    LOWEST  SLP M ON M

[REMARKS]
