000
CXUS55 KLBF 311200
CF6IML
PRELIMINARY LOCAL CLIMATOLOGICAL DATA (WS FORM: F-6)

                                          STATION:   IMPERIAL NE
                                          MONTH:     AUGUST
                                          YEAR:      2014
                                          LATITUDE:   40 31 N
                                          LONGITUDE: 101 37 W

  TEMPERATURE IN F:       :PCPN:    SNOW:  WIND      :SUNSHINE: SKY     :PK WND
================================================================================
1   2   3   4   5  6A  6B    7    8   9   10  11  12  13   14  15   16   17  18
                                     12Z  AVG MX 2MIN
DY MAX MIN AVG DEP HDD CDD  WTR  SNW DPTH SPD SPD DIR MIN PSBL S-S WX    SPD DR
================================================================================

 1  90  58  74  -2   0   9 0.00    M    M  4.9 14  20   M    M   0        16  20
 2  94  59  77   1   0  12 0.00    M    M  6.7 20  70   M    M   0        25  70
 3  95  61  78   2   0  13 0.00    M    M  6.3 15 120   M    M   1 8      23 190
 4  97  61  79   3   0  14 0.00    M    M  8.8 20 200   M    M   0        26 140
 5  92  66  79   3   0  14 0.00    M    M  8.0 25 200   M    M   1 38     35 180
 6  89  65  77   1   0  12 0.33    M    M  9.5 32 330   M    M   1 38     43 320
 7  88  63  76   0   0  11 0.16    M    M  4.9 30 250   M    M   3 1238   38 250
 8  89  60  75  -1   0  10 0.26    M    M  4.3 44 300   M    M   0 3      61 300
 9  90  63  77   2   0  12 0.03    M    M  9.6 37  10   M    M   3 138    46  10
10  83  60  72  -3   0   7 0.03    M    M  8.1 36 330   M    M   2 38     44 320
11  85  59  72  -3   0   7 0.00    M    M  4.5 10 110   M    M   1 1      16  30
12  88  57  73  -2   0   8 0.00    M    M  9.6 16 110   M    M   0        20 120
13  95  58  77   2   0  12 0.00    M    M 10.9 20 140   M    M   0        23 130
14  93  63  78   4   0  13 0.02    M    M  9.6 22 140   M    M   1 3      29 140
15  93  64  79   5   0  14    T    M    M  9.0 22 330   M    M   0        26 330
16  94  62  78   4   0  13 0.00    M    M  6.4 13  30   M    M   0        17  40
17  98  62  80   6   0  15 0.00    M    M  7.1 20 120   M    M   0 8      25  80
18  93  59  76   2   0  11 0.04    M    M  7.3 44  40   M    M   0 38     53  40
19  93  59  76   2   0  11 0.08    M    M  8.9 33 270   M    M   0 3      45 280
20  92  66  79   6   0  14 0.06    M    M  5.4 22 260   M    M   2 3      29 270
21  92  64  78   5   0  13 0.00    M    M  6.9 18 340   M    M   0        22 330
22  86  66  76   3   0  11 0.24    M    M  9.5 20 340   M    M   4 13     28  10
23  85  63  74   2   0   9 0.35    M    M  9.2 32 310   M    M   5 13     43 300
24  83  60  72   0   0   7 0.00    M    M  7.4 18 330   M    M   1 3      22 330
25  82  60  71  -1   0   6 0.64    M    M  9.3 32 100   M    M   1 13     40 110
26  78  60  69  -3   0   4 0.07    M    M  8.7 24 110   M    M   5 13     35 110
27  81  61  71  -1   0   6 0.84    M    M 11.2 28 310   M    M   7 13     37 290
28  79  59  69  -2   0   4 0.06    M    M  9.3 24 330   M    M   3 13     29 330
29  85  56  71   0   0   6 0.01    M    M  8.7 20 340   M    M   1        24 340
30  90  55  73   2   0   8 0.00    M    M  9.2 22 180   M    M   0        27 270
================================================================================
SM 2672 1829         0 306  3.22    M    239.2          M       42
================================================================================
AV 89.1 61.0                               8.0 FASTST   M    M   1    MAX(MPH)
                                 MISC ---->  # 44 300               # 61  300
================================================================================
NOTES:
# LAST OF SEVERAL OCCURRENCES

COLUMN 17 PEAK WIND IN M.P.H.

PRELIMINARY LOCAL CLIMATOLOGICAL DATA (WS FORM: F-6) , PAGE 2

                                          STATION:  IMPERIAL NE
                                          MONTH:    AUGUST
                                          YEAR:     2014
                                          LATITUDE:   40 31 N
                                          LONGITUDE: 101 37 W

[TEMPERATURE DATA]      [PRECIPITATION DATA]       SYMBOLS USED IN COLUMN 16

AVERAGE MONTHLY: 75.0   TOTAL FOR MONTH:   3.22    1 = FOG OR MIST
DPTR FM NORMAL:   1.0   DPTR FM NORMAL:    0.72    2 = FOG REDUCING VISIBILITY
HIGHEST:    98 ON 17    GRTST 24HR  0.90 ON 27-28      TO 1/4 MILE OR LESS
LOWEST:     55 ON 30                               3 = THUNDER
                        SNOW, ICE PELLETS, HAIL    4 = ICE PELLETS
                        TOTAL MONTH:    M          5 = HAIL
                        GRTST 24HR    M  ON   M    6 = FREEZING RAIN OR DRIZZLE
                        GRTST DEPTH:  M  ON   M    7 = DUSTSTORM OR SANDSTORM:
                                                       VSBY 1/2 MILE OR LESS
                                                   8 = SMOKE OR HAZE
[NO. OF DAYS WITH]      [WEATHER - DAYS WITH]      9 = BLOWING SNOW
                                                   X = TORNADO
MAX 32 OR BELOW:   0    0.01 INCH OR MORE:  16
MAX 90 OR ABOVE:  16    0.10 INCH OR MORE:   7
MIN 32 OR BELOW:   0    0.50 INCH OR MORE:   2
MIN  0 OR BELOW:   0    1.00 INCH OR MORE:   0

[HDD (BASE 65) ]
TOTAL THIS MO.     0    CLEAR  (SCALE 0-3)  26
DPTR FM NORMAL    -4    PTCLDY (SCALE 4-7)   4
TOTAL FM JUL 1    11    CLOUDY (SCALE 8-10)  0
DPTR FM NORMAL     5

[CDD (BASE 65) ]
TOTAL THIS MO.   306
DPTR FM NORMAL    31    [PRESSURE DATA]
TOTAL FM JAN 1   843    HIGHEST SLP M ON M
DPTR FM NORMAL   -16    LOWEST  SLP 29.63 ON 20

[REMARKS]
