000
CXUS53 KIND 310730
CF6IND
PRELIMINARY LOCAL CLIMATOLOGICAL DATA (WS FORM: F-6)

                                          STATION:   INDIANAPOLIS IN
                                          MONTH:     OCTOBER
                                          YEAR:      2014
                                          LATITUDE:   39 43 N
                                          LONGITUDE:  86 17 W

  TEMPERATURE IN F:       :PCPN:    SNOW:  WIND      :SUNSHINE: SKY     :PK WND
================================================================================
1   2   3   4   5  6A  6B    7    8   9   10  11  12  13   14  15   16   17  18
                                     12Z  AVG MX 2MIN
DY MAX MIN AVG DEP HDD CDD  WTR  SNW DPTH SPD SPD DIR MIN PSBL S-S WX    SPD DR
================================================================================

 1  76  49  63   3   2   0 0.00  0.0    0  6.9 12 120   M    M   3        15 110
 2  81  60  71  11   0   6 0.14  0.0    0 11.0 23 180   M    M   8 1      28 180
 3  73  44  59  -1   6   0 0.28  0.0    0 17.4 29 300   M    M   9 13     39 230
 4  49  40  45 -14  20   0 0.00  0.0    0 16.1 29 250   M    M   9        37 260
 5  59  40  50  -9  15   0 0.13  0.0    0 10.2 25 230   M    M   9 3      34 230
 6  67  42  55  -3  10   0 0.02  0.0    0 11.4 31 250   M    M   5 1      37 210
 7  62  46  54  -4  11   0 0.33  0.0    0  9.4 21 210   M    M   8 13     25 210
 8  68  43  56  -2   9   0 0.00  0.0    0  9.1 24 270   M    M   1 1      29 270
 9  56  45  51  -6  14   0 0.02  0.0    0  3.2  8  50   M    M   9 1      10 320
10  54  49  52  -5  13   0 0.01  0.0    0  8.4 14  40   M    M  10        16  50
11  57  42  50  -6  15   0 0.00  0.0    0  8.8 16  50   M    M   7        21  70
12  62  45  54  -2  11   0 0.30  0.0    0  9.8 14 130   M    M   8 1      18 130
13  76  58  67  11   0   2 0.57  0.0    0 13.4 28 180   M    M  10 13     36 190
14  67  55  61   5   4   0 0.56  0.0    0 16.1 28 200   M    M   9 1      37 210
15  56  53  55   0  10   0 0.18  0.0    0  6.3 16 170   M    M  10 1      18 170
16  61  51  56   1   9   0 0.00  0.0    0  9.1 16 210   M    M   9 1      19 210
17  68  50  59   4   6   0 0.00  0.0    0 14.5 28 260   M    M   5 1      32 270
18  54  46  50  -4  15   0 0.09  0.0    0 11.9 24 340   M    M  10 1      29 350
19  56  43  50  -4  15   0 0.00  0.0    0  7.0 14 330   M    M   8        17 330
20  68  46  57   3   8   0 0.01  0.0    0 11.5 21 250   M    M   7        26 240
21  57  44  51  -2  14   0 0.02  0.0    0  9.3 18 330   M    M   7 1      22  10
22  57  38  48  -5  17   0 0.00  0.0    0  6.2 13  80   M    M   1        15  40
23  60  37  49  -4  16   0 0.00  0.0    0  2.6  9 230   M    M   5 18     11 230
24  66  40  53   1  12   0 0.00  0.0    0  4.3 12 250   M    M   6        14 250
25  76  50  63  11   2   0 0.00  0.0    0  9.9 21 280   M    M   4 1      24 280
26  68  42  55   3  10   0 0.00  0.0    0  5.0 12 310   M    M   0 8      14 310
27  80  51  66  14   0   1 0.00  0.0    0 13.9 31 210   M    M   7        38 220
28  70  46  58   7   7   0 0.31  0.0    0 13.6 28 220   M    M   8 1      36 230
29  54  39  47  -4  18   0 0.00  0.0    0 10.5 20 280   M    M   6        25 270
30  53  34  44  -6  21   0    T  0.0    0  2.6  9 280   M    M   5 8      12 170
================================================================================
SM 1911 1368       310   9  2.97     0.0 289.4          M      203
================================================================================
AV 63.7 45.6                               9.6 FASTST   M    M   7    MAX(MPH)
                                 MISC ---->  # 31 250               # 39  230
================================================================================
NOTES:
# LAST OF SEVERAL OCCURRENCES

COLUMN 17 PEAK WIND IN M.P.H.

PRELIMINARY LOCAL CLIMATOLOGICAL DATA (WS FORM: F-6) , PAGE 2

                                          STATION:  INDIANAPOLIS IN
                                          MONTH:    OCTOBER
                                          YEAR:     2014
                                          LATITUDE:   39 43 N
                                          LONGITUDE:  86 17 W

[TEMPERATURE DATA]      [PRECIPITATION DATA]       SYMBOLS USED IN COLUMN 16

AVERAGE MONTHLY: 54.7   TOTAL FOR MONTH:   2.97    1 = FOG OR MIST
DPTR FM NORMAL:  -0.5   DPTR FM NORMAL:   -0.05    2 = FOG REDUCING VISIBILITY
HIGHEST:    81 ON  2    GRTST 24HR  0.98 ON 13-14      TO 1/4 MILE OR LESS
LOWEST:     34 ON 30                               3 = THUNDER
                        SNOW, ICE PELLETS, HAIL    4 = ICE PELLETS
                        TOTAL MONTH:   0.0 INCH    5 = HAIL
                        GRTST 24HR     0.0         6 = FREEZING RAIN OR DRIZZLE
                        GRTST DEPTH:   0           7 = DUSTSTORM OR SANDSTORM:
                                                       VSBY 1/2 MILE OR LESS
                                                   8 = SMOKE OR HAZE
[NO. OF DAYS WITH]      [WEATHER - DAYS WITH]      9 = BLOWING SNOW
                                                   X = TORNADO
MAX 32 OR BELOW:   0    0.01 INCH OR MORE:  15
MAX 90 OR ABOVE:   0    0.10 INCH OR MORE:   9
MIN 32 OR BELOW:   0    0.50 INCH OR MORE:   2
MIN  0 OR BELOW:   0    1.00 INCH OR MORE:   0

[HDD (BASE 65) ]
TOTAL THIS MO.   310    CLEAR  (SCALE 0-3)   4
DPTR FM NORMAL    -1    PTCLDY (SCALE 4-7)  16
TOTAL FM JUL 1   389    CLOUDY (SCALE 8-10) 10
DPTR FM NORMAL     3

[CDD (BASE 65) ]
TOTAL THIS MO.     9
DPTR FM NORMAL    -4    [PRESSURE DATA]
TOTAL FM JAN 1   900    HIGHEST SLP M ON M
DPTR FM NORMAL  -162    LOWEST  SLP 29.51 ON 14

[REMARKS]
