000
CXUS56 KFGZ 280900
CF6INW
PRELIMINARY LOCAL CLIMATOLOGICAL DATA (WS FORM: F-6)

                                          STATION:   WINSLOW AZ AIRPORT
                                          MONTH:     FEBRUARY
                                          YEAR:      2015
                                          LATITUDE:   35  1 N
                                          LONGITUDE: 110 44 W

  TEMPERATURE IN F:       :PCPN:    SNOW:  WIND      :SUNSHINE: SKY     :PK WND
================================================================================
1   2   3   4   5  6A  6B    7    8   9   10  11  12  13   14  15   16   17  18
                                     12Z  AVG MX 2MIN
DY MAX MIN AVG DEP HDD CDD  WTR  SNW DPTH SPD SPD DIR MIN PSBL S-S WX    SPD DR
================================================================================

 1  55  30  43   6  22   0 0.00    M    M  4.2 14 300   M    M   2 12     16 310
 2  60  28  44   6  21   0 0.00    M    M  4.5 12 120   M    M   0        14 120
 3  66  28  47   9  18   0 0.00    M    M  3.2 12 230   M    M   0        14 240
 4  68  30  49  11  16   0 0.00    M    M  3.8 13  10   M    M   0        17  10
 5  69  30  50  12  15   0 0.00    M    M  5.1 10 120   M    M   0        13  60
 6  73  27  50  12  15   0 0.00    M    M  6.8 15 210   M    M   0        19 110
 7  74  28  51  13  14   0 0.00    M    M  8.4 23 250   M    M   0        27 250
 8  70  34  52  13  13   0 0.00    M    M  3.5  9 230   M    M   0        10 230
 9  73  31  52  13  13   0 0.00    M    M  5.8 14 210   M    M   0        17 210
10  68  29  49  10  16   0 0.00    M    M  6.8 20 330   M    M   0        27 340
11  62  31  47   8  18   0 0.00    M    M 10.3 21 360   M    M   0        26 360
12  60  25  43   3  22   0 0.00    M    M  3.2 10 360   M    M   0        14 350
13  66  26  46   6  19   0 0.00    M    M  3.5  9 250   M    M   0        12 340
14  70  26  48   8  17   0 0.00    M    M  3.6 10 220   M    M   0        13 130
15  75  36  56  16   9   0 0.00    M    M  7.5 22 270   M    M   0        28 300
16  71  26  49   8  16   0 0.00    M    M 11.6 36 320   M    M   0 8      47 300
17  56  20  38  -3  27   0 0.00  0.0    M  3.4  9 220   M    M   0        11 120
18  67  22  45   4  20   0 0.00    M    M  4.6 12 360   M    M   0        18 330
19  73  26  50   9  15   0 0.00    M    M  5.0 15 240   M    M   0        18 240
20  71  39  55  13  10   0 0.00    M    M 12.9 26 240   M    M   0        33 240
21  68  40  54  12  11   0 0.00    M    M 15.4 29 230   M    M   0        35 260
22  65  40  53  11  12   0    T    M    M 12.4 29 220   M    M   2        41 210
23  55  32  44   2  21   0 0.19    M    M  8.2 25 210   M    M   7 1      31 210
24  40  29  35  -8  30   0 0.22    M    M 12.3 24 330   M    M   8 1      31 330
25  57  24  41  -2  24   0 0.00    M    M  6.4 21 320   M    M   0        26 320
26  58  28  43   0  22   0 0.00    M    M  9.9 30 280   M    M   3        36 290
27  51  27  39  -4  26   0 0.00    M    M  4.0 10 120   M    M   7        13 130
================================================================================
SM 1741  792       482   0  0.41     0.0 186.3          M       29
================================================================================
AV 64.5 29.3                               6.9 FASTST   M    M   1    MAX(MPH)
                                 MISC ---->  # 36 320               # 47  300
================================================================================
NOTES:
# LAST OF SEVERAL OCCURRENCES

COLUMN 17 PEAK WIND IN M.P.H.

PRELIMINARY LOCAL CLIMATOLOGICAL DATA (WS FORM: F-6) , PAGE 2

                                          STATION:  WINSLOW AZ AIRPORT
                                          MONTH:    FEBRUARY
                                          YEAR:     2015
                                          LATITUDE:   35  1 N
                                          LONGITUDE: 110 44 W

[TEMPERATURE DATA]      [PRECIPITATION DATA]       SYMBOLS USED IN COLUMN 16

AVERAGE MONTHLY: 46.9   TOTAL FOR MONTH:   0.41    1 = FOG OR MIST
DPTR FM NORMAL:   6.7   DPTR FM NORMAL:   -0.03    2 = FOG REDUCING VISIBILITY
HIGHEST:    75 ON 15    GRTST 24HR  0.39 ON 23-24      TO 1/4 MILE OR LESS
LOWEST:     20 ON 17                               3 = THUNDER
                        SNOW, ICE PELLETS, HAIL    4 = ICE PELLETS
                        TOTAL MONTH:   0.0 INCH    5 = HAIL
                        GRTST 24HR     0.0         6 = FREEZING RAIN OR DRIZZLE
                        GRTST DEPTH:  M  ON   M    7 = DUSTSTORM OR SANDSTORM:
                                                       VSBY 1/2 MILE OR LESS
                                                   8 = SMOKE OR HAZE
[NO. OF DAYS WITH]      [WEATHER - DAYS WITH]      9 = BLOWING SNOW
                                                   X = TORNADO
MAX 32 OR BELOW:   0    0.01 INCH OR MORE:   2
MAX 90 OR ABOVE:   0    0.10 INCH OR MORE:   2
MIN 32 OR BELOW:  22    0.50 INCH OR MORE:   0
MIN  0 OR BELOW:   0    1.00 INCH OR MORE:   0

[HDD (BASE 65) ]
TOTAL THIS MO.   482    CLEAR  (SCALE 0-3)  24
DPTR FM NORMAL  -187    PTCLDY (SCALE 4-7)   3
TOTAL FM JUL 1  2919    CLOUDY (SCALE 8-10)  0
DPTR FM NORMAL  -553

[CDD (BASE 65) ]
TOTAL THIS MO.     0
DPTR FM NORMAL     0    [PRESSURE DATA]
TOTAL FM JAN 1     0    HIGHEST SLP M ON M
DPTR FM NORMAL     0    LOWEST  SLP 29.61 ON 27

[REMARKS]
