000
CXUS55 KDVN 171100
CF6IOW
PRELIMINARY LOCAL CLIMATOLOGICAL DATA (WS FORM: F-6)

                                          STATION:   IOWA CITY IA
                                          MONTH:     JANUARY
                                          YEAR:      2017
                                          LATITUDE:   41 37 N
                                          LONGITUDE:  91 33 W

  TEMPERATURE IN F:       :PCPN:    SNOW:  WIND      :SUNSHINE: SKY     :PK WND
================================================================================
1   2   3   4   5  6A  6B    7    8   9   10  11  12  13   14  15   16   17  18
                                     12Z  AVG MX 2MIN
DY MAX MIN AVG DEP HDD CDD  WTR  SNW DPTH SPD SPD DIR MIN PSBL S-S WX    SPD DR
================================================================================

 1  38  16  27   5  38   0 0.00    M    M  4.7 14 190   M    M   2        16 190
 2  38  31  35  13  30   0 0.02    M    M  6.7 12  70   M    M  10 18     17  80
 3  37  12  25   3  40   0 0.07    M    M 15.6 30 320   M    M   7 1      41 320
 4  16   6  11 -11  54   0 0.00    M    M 15.8 24 310   M    M   2        33 320
 5  14   1   8 -14  57   0    T    M    M  9.4 21 280   M    M   7 8      26 280
 6  10  -1   5 -17  60   0 0.00    M    M  7.8 16 330   M    M   2        22 300
 7  21   5  13  -9  52   0    T    M    M  7.9 20 300   M    M   3        24 310
 8  23   0  12 -10  53   0 0.00    M    M  8.6 20 150   M    M   3        27 150
 9  37  13  25   3  40   0    T    M    M  8.1 18 160   M    M   6        23 150
10  48  25  37  15  28   0 0.11    M    M 16.3 36 270   M    M   9 1      45 240
11  41   M   M   M   M   M    T    M    M  9.6 21 350   M    M   6 8      26 360
12  25  17  21  -1  44   0 0.00    M    M 10.3 20 300   M    M   6        25 320
13  24  13  19  -3  46   0 0.00    M    M  9.2 17 360   M    M   5        21 350
14  34  20  27   5  38   0 0.00    M    M  4.1 12 340   M    M   6        16 330
15  34  19  27   5  38   0 0.00    M    M  3.4  8 100   M    M   5        11  90
16  37  31  34  12  31   0 0.82    M    M  6.8 12  90   M    M  10 16     17 110
================================================================================
SM  477  208       649   0  1.02    M    144.3          M       89
================================================================================
AV 29.8 13.9                               9.0 FASTST   M    M   6    MAX(MPH)
                                 MISC ---->  # 36 270               # 45  240
================================================================================
NOTES:
# LAST OF SEVERAL OCCURRENCES

COLUMN 17 PEAK WIND IN M.P.H.

PRELIMINARY LOCAL CLIMATOLOGICAL DATA (WS FORM: F-6) , PAGE 2

                                          STATION:  IOWA CITY IA
                                          MONTH:    JANUARY
                                          YEAR:     2017
                                          LATITUDE:   41 37 N
                                          LONGITUDE:  91 33 W

[TEMPERATURE DATA]      [PRECIPITATION DATA]       SYMBOLS USED IN COLUMN 16

AVERAGE MONTHLY: 21.8   TOTAL FOR MONTH:   1.02    1 = FOG OR MIST
DPTR FM NORMAL:  -0.2   DPTR FM NORMAL:    0.71    2 = FOG REDUCING VISIBILITY
HIGHEST:    48 ON 10    GRTST 24HR  0.82 ON 16-16      TO 1/4 MILE OR LESS
LOWEST:     -1 ON  6                               3 = THUNDER
                        SNOW, ICE PELLETS, HAIL    4 = ICE PELLETS
                        TOTAL MONTH:    M          5 = HAIL
                        GRTST 24HR    M  ON   M    6 = FREEZING RAIN OR DRIZZLE
                        GRTST DEPTH:  M  ON   M    7 = DUSTSTORM OR SANDSTORM:
                                                       VSBY 1/2 MILE OR LESS
                                                   8 = SMOKE OR HAZE
[NO. OF DAYS WITH]      [WEATHER - DAYS WITH]      9 = BLOWING SNOW
                                                   X = TORNADO
MAX 32 OR BELOW:   7    0.01 INCH OR MORE:   4
MAX 90 OR ABOVE:   0    0.10 INCH OR MORE:   2
MIN 32 OR BELOW:  15    0.50 INCH OR MORE:   1
MIN  0 OR BELOW:   2    1.00 INCH OR MORE:   0

[HDD (BASE 65) ]
TOTAL THIS MO.   649    CLEAR  (SCALE 0-3)   4
DPTR FM NORMAL   -39    PTCLDY (SCALE 4-7)   9
TOTAL FM JUL 1  2669    CLOUDY (SCALE 8-10)  3
DPTR FM NORMAL  -558

[CDD (BASE 65) ]
TOTAL THIS MO.     0
DPTR FM NORMAL     0    [PRESSURE DATA]
TOTAL FM JAN 1     0    HIGHEST SLP M ON M
DPTR FM NORMAL     0    LOWEST  SLP 29.23 ON 10

[REMARKS]
