000
CXUS53 KBIS 250836
CF6ISN
PRELIMINARY LOCAL CLIMATOLOGICAL DATA (WS FORM: F-6)

                                          STATION:   WILLISTON ND
                                          MONTH:     FEBRUARY
                                          YEAR:      2017
                                          LATITUDE:   48 10 N
                                          LONGITUDE: 103 38 W

  TEMPERATURE IN F:       :PCPN:    SNOW:  WIND      :SUNSHINE: SKY     :PK WND
================================================================================
1   2   3   4   5  6A  6B    7    8   9   10  11  12  13   14  15   16   17  18
                                     12Z  AVG MX 2MIN
DY MAX MIN AVG DEP HDD CDD  WTR  SNW DPTH SPD SPD DIR MIN PSBL S-S WX    SPD DR
================================================================================

 1  14   1   8  -5  57   0    T    M    M 13.0 23 320   M    M   8        27 280
 2  11  -6   3 -10  62   0 0.00    M    M  8.5 15 280   M    M   1        20 320
 3  19  -5   7  -6  58   0 0.00    M    M  7.6 16 150   M    M   1 18     22 170
 4  14   2   8  -6  57   0 0.07    M    M  7.3 16 360   M    M   8 1      20 340
 5  14  -5   5  -9  60   0    T    M    M  5.8 18 110   M    M   9 1      21 110
 6  11   2   7  -7  58   0 0.28    M    M 11.3 18  70   M    M   9 12     23  70
 7   5 -21  -8 -22  73   0 0.05    M    M  4.6 12  40   M    M   6 18     14  50
 8  -1 -25 -13 -28  78   0 0.00    M    M  7.4 20 260   M    M   2 18     25 270
 9  33 -21   6  -9  59   0 0.00    M    M  4.5 13 160   M    M   2        17 160
10  44  29  37  22  28   0 0.01    M    M  9.8 16 230   M    M   1        20 240
11  40  23  32  16  33   0 0.00    M    M 13.7 32 330   M    M   2        39 320
12  38  21  30  14  35   0 0.00    M    M 10.7 23 270   M    M   0        29 270
13  39  18  29  13  36   0 0.00    M    M 10.8 21 300   M    M   0        26 280
14  40  19  30  14  35   0 0.00    M    M  4.8 15 280   M    M   0        20 290
15  45  23  34  17  31   0 0.00    M    M  5.4 16 220   M    M   0        19 220
16  52  32  42  25  23   0 0.00    M    M  5.8 14 220   M    M   0        15 220
17  44  34  39  21  26   0    T    M    M 13.8 29 270   M    M   2        36 260
18  42  23  33  15  32   0    T    M    M  5.8 14  40   M    M   2        17  40
19  39  32  36  18  29   0 0.00    M    M  5.9 13 100   M    M   6 128    16  90
20  48  31  40  21  25   0    T    M    M  6.6 17 270   M    M   4 1      21 250
21  47  28  38  19  27   0 0.02    M    M  7.8 20 280   M    M   5 1      24 290
22  34  27  31  12  34   0 0.12    M    M  9.2 17  10   M    M  10 1      22  20
23  30  10  20   0  45   0    T    M    M  6.9 21  10   M    M   8 18     25  10
24  28   8  18  -2  47   0 0.01    M    M  3.6 13 240   M    M   9 1      15 210
================================================================================
SM  730  280      1048   0  0.56    M    190.6          M       95
================================================================================
AV 30.4 11.7                               7.9 FASTST   M    M   4    MAX(MPH)
                                 MISC ---->  # 32 330               # 39  320
================================================================================
NOTES:
# LAST OF SEVERAL OCCURRENCES

COLUMN 17 PEAK WIND IN M.P.H.

PRELIMINARY LOCAL CLIMATOLOGICAL DATA (WS FORM: F-6) , PAGE 2

                                          STATION:  WILLISTON ND
                                          MONTH:    FEBRUARY
                                          YEAR:     2017
                                          LATITUDE:   48 10 N
                                          LONGITUDE: 103 38 W

[TEMPERATURE DATA]      [PRECIPITATION DATA]       SYMBOLS USED IN COLUMN 16

AVERAGE MONTHLY: 21.0   TOTAL FOR MONTH:   0.56    1 = FOG OR MIST
DPTR FM NORMAL:   4.8   DPTR FM NORMAL:    0.24    2 = FOG REDUCING VISIBILITY
HIGHEST:    52 ON 16    GRTST 24HR  0.33 ON  6- 7      TO 1/4 MILE OR LESS
LOWEST:    -25 ON  8                               3 = THUNDER
                        SNOW, ICE PELLETS, HAIL    4 = ICE PELLETS
                        TOTAL MONTH:    M          5 = HAIL
                        GRTST 24HR    M  ON   M    6 = FREEZING RAIN OR DRIZZLE
                        GRTST DEPTH:  M  ON   M    7 = DUSTSTORM OR SANDSTORM:
                                                       VSBY 1/2 MILE OR LESS
                                                   8 = SMOKE OR HAZE
[NO. OF DAYS WITH]      [WEATHER - DAYS WITH]      9 = BLOWING SNOW
                                                   X = TORNADO
MAX 32 OR BELOW:  10    0.01 INCH OR MORE:   7
MAX 90 OR ABOVE:   0    0.10 INCH OR MORE:   2
MIN 32 OR BELOW:  23    0.50 INCH OR MORE:   0
MIN  0 OR BELOW:   6    1.00 INCH OR MORE:   0

[HDD (BASE 65) ]
TOTAL THIS MO.  1048    CLEAR  (SCALE 0-3)  13
DPTR FM NORMAL  -123    PTCLDY (SCALE 4-7)   7
TOTAL FM JUL 1  5813    CLOUDY (SCALE 8-10)  4
DPTR FM NORMAL  -779

[CDD (BASE 65) ]
TOTAL THIS MO.     0
DPTR FM NORMAL     0    [PRESSURE DATA]
TOTAL FM JAN 1     0    HIGHEST SLP M ON M
DPTR FM NORMAL     0    LOWEST  SLP 29.40 ON 17

[REMARKS]
