000
CXUS51 KOKX 010703
CF6ISP
PRELIMINARY LOCAL CLIMATOLOGICAL DATA (WS FORM: F-6)

                                          STATION:   ISLIP NY
                                          MONTH:     JUNE
                                          YEAR:      2015
                                          LATITUDE:   40 47 N
                                          LONGITUDE:  73  6 W

  TEMPERATURE IN F:       :PCPN:    SNOW:  WIND      :SUNSHINE: SKY     :PK WND
================================================================================
1   2   3   4   5  6A  6B    7    8   9   10  11  12  13   14  15   16   17  18
                                     12Z  AVG MX 2MIN
DY MAX MIN AVG DEP HDD CDD  WTR  SNW DPTH SPD SPD DIR MIN PSBL S-S WX    SPD DR
================================================================================

 1  57  50  54 -10  11   0 0.55  0.0    0 11.0 18 100   M    M  10 1      23  60
 2  53  50  52 -12  13   0 0.29  0.0    0 10.7 20  40   M    M  10 1      25  40
 3  67  50  59  -5   6   0 0.00  0.0    0  8.1 16 140   M    M   8        21 140
 4  67  51  59  -6   6   0 0.00  0.0    0  9.2 21 130   M    M   7        24 120
 5  68  53  61  -4   4   0    T  0.0    0  4.9 13 150   M    M   9        14 140
 6  76  52  64  -2   1   0 0.02  0.0    0  7.3 20  30   M    M   8        27 360
 7  70  50  60  -6   5   0 0.00  0.0    0  7.1 13 170   M    M   4        16 170
 8  72  59  66   0   0   1 0.05  0.0    0 14.5 28 200   M    M   7 18     35 190
 9  75  63  69   3   0   4    T  0.0    0  9.7 20 210   M    M   6 1      26 200
10  80  61  71   4   0   6 0.00  0.0    0  9.7 20 220   M    M   2        23 210
11  83  66  75   8   0  10 0.00  0.0    0 10.3 17 220   M    M   7        23 210
12  84  68  76   8   0  11 0.00  0.0    0  8.4 21 220   M    M   6 18     27 210
13  85  66  76   8   0  11 0.00  0.0    0  9.6 22 340   M    M   6        32 340
14  86  63  75   7   0  10 0.01  0.0    0  6.5 14 200   M    M   6        18 200
15  71  62  67  -1   0   2 1.17  0.0    0  9.9 21 130   M    M   9 1      26 130
16  72  62  67  -2   0   2 0.08  0.0    0  5.5 12 340   M    M   9 1      18 330
17  78  63  71   2   0   6 0.00  0.0    0  9.7 22  30   M    M   8        26  30
18  71  60  66  -3   0   1    T  0.0    0  6.8 12 150   M    M   9        16 210
19  86  65  76   6   0  11    T  0.0    0  6.6 15 340   M    M   8        20 360
20  72  65  69  -1   0   4 0.25  0.0    0 11.5 18 150   M    M   8 13     26 150
21  88  69  79   9   0  14 0.54  0.0    0 11.3 24 280   M    M   8 18     34 270
22  87  69  78   8   0  13 0.00  0.0    0  8.2 17 300   M    M   3        22 320
23  84  71  78   7   0  13 0.12  0.0    0 12.1 22 220   M    M   6 13     28 220
24  83  64  74   3   0   9 0.00  0.0    0  8.9 16 340   M    M   3        20 330
25  83  60  72   1   0   7 0.00  0.0    0  6.0 15 220   M    M   7        19 190
26  77  62  70  -2   0   5 0.00  0.0    0  6.5 18  30   M    M   7 8      23  40
27  70  59  65  -7   0   0 0.62  0.0    0  9.7 24  90   M    M   8 1      32  90
28  71  62  67  -5   0   2 0.35  0.0    0  8.4 23  90   M    M  10 18     32 100
29  76  60  68  -4   0   3 0.00  0.0    0  8.9 18 200   M    M   4        22 200
30  80  64  72   0   0   7 0.00  0.0    0 10.5 18 170   M    M   5        25 150
================================================================================
SM 2272 1819        46 152  4.05     0.0 267.5          M      208
================================================================================
AV 75.7 60.6                               8.9 FASTST   M    M   7    MAX(MPH)
                                 MISC ---->  # 28 200               # 35  190
================================================================================
NOTES:
# LAST OF SEVERAL OCCURRENCES

COLUMN 17 PEAK WIND IN M.P.H.

PRELIMINARY LOCAL CLIMATOLOGICAL DATA (WS FORM: F-6) , PAGE 2

                                          STATION:  ISLIP NY
                                          MONTH:    JUNE
                                          YEAR:     2015
                                          LATITUDE:   40 47 N
                                          LONGITUDE:  73  6 W

[TEMPERATURE DATA]      [PRECIPITATION DATA]       SYMBOLS USED IN COLUMN 16

AVERAGE MONTHLY: 68.2   TOTAL FOR MONTH:   4.05    1 = FOG OR MIST
DPTR FM NORMAL:  -0.2   DPTR FM NORMAL:   -0.22    2 = FOG REDUCING VISIBILITY
HIGHEST:    88 ON 21    GRTST 24HR  1.18 ON 14-15      TO 1/4 MILE OR LESS
LOWEST:     50 ON  7, 3                            3 = THUNDER
                        SNOW, ICE PELLETS, HAIL    4 = ICE PELLETS
                        TOTAL MONTH:   0.0 INCH    5 = HAIL
                        GRTST 24HR     0.0         6 = FREEZING RAIN OR DRIZZLE
                        GRTST DEPTH:   0           7 = DUSTSTORM OR SANDSTORM:
                                                       VSBY 1/2 MILE OR LESS
                                                   8 = SMOKE OR HAZE
[NO. OF DAYS WITH]      [WEATHER - DAYS WITH]      9 = BLOWING SNOW
                                                   X = TORNADO
MAX 32 OR BELOW:   0    0.01 INCH OR MORE:  12
MAX 90 OR ABOVE:   0    0.10 INCH OR MORE:   8
MIN 32 OR BELOW:   0    0.50 INCH OR MORE:   4
MIN  0 OR BELOW:   0    1.00 INCH OR MORE:   1

[HDD (BASE 65) ]
TOTAL THIS MO.    46    CLEAR  (SCALE 0-3)   2
DPTR FM NORMAL     8    PTCLDY (SCALE 4-7)  20
TOTAL FM JUL 1  5557    CLOUDY (SCALE 8-10)  8
DPTR FM NORMAL   129

[CDD (BASE 65) ]
TOTAL THIS MO.   152
DPTR FM NORMAL    12    [PRESSURE DATA]
TOTAL FM JAN 1   202    HIGHEST SLP M ON M
DPTR FM NORMAL    38    LOWEST  SLP 29.63 ON  9

[REMARKS]
#FINAL-06-15#
