000
CXUS51 KOKX 250702
CF6ISP
PRELIMINARY LOCAL CLIMATOLOGICAL DATA (WS FORM: F-6)

                                          STATION:   ISLIP NY
                                          MONTH:     APRIL
                                          YEAR:      2017
                                          LATITUDE:   40 47 N
                                          LONGITUDE:  73  6 W

  TEMPERATURE IN F:       :PCPN:    SNOW:  WIND      :SUNSHINE: SKY     :PK WND
================================================================================
1   2   3   4   5  6A  6B    7    8   9   10  11  12  13   14  15   16   17  18
                                     12Z  AVG MX 2MIN
DY MAX MIN AVG DEP HDD CDD  WTR  SNW DPTH SPD SPD DIR MIN PSBL S-S WX    SPD DR
================================================================================

 1  44  36  40  -4  25   0 0.01  0.0    0 16.4 30  50   M    M  10 1      41  50
 2  62  38  50   5  15   0 0.00  0.0    0  8.9 21 300   M    M   5        27 330
 3  58  35  47   2  18   0 0.01  0.0    0  7.1 20 130   M    M   7        25 130
 4  54  43  49   4  16   0 1.07  0.0    0 11.1 26 120   M    M  10 123    42 120
 5  61  41  51   5  14   0 0.00  0.0    0  7.0 17 120   M    M   9 12     22 130
 6  57  39  48   2  17   0 0.88  0.0    0 15.8 31 120   M    M   8 135    49 110
 7  49  40  45  -1  20   0    T  0.0    0 16.1 26 280   M    M   9        36 300
 8  56  38  47   0  18   0 0.00  0.0    0 14.6 25 300   M    M   3        35 300
 9  59  34  47   0  18   0 0.00  0.0    0  7.9 18 220   M    M   4        23 210
10  63  43  53   6  12   0 0.00  0.0    0 10.2 21 210   M    M   5        27 200
11  69  48  59  11   6   0 0.00  0.0    0  8.4 15 200   M    M   5        20 210
12  74  47  61  13   4   0 0.00  0.0    0  6.0 23 310   M    M   6        30 310
13  62  44  53   5  12   0 0.00  0.0    0 10.7 26 320   M    M   5        30 330
14  61  40  51   2  14   0 0.00  0.0    0  6.2 15 190   M    M   4        19 190
15  59  37  48  -1  17   0 0.00  0.0    0 10.4 22 220   M    M   6        28 230
16  82  52  67  18   0   2 0.00  0.0    0  9.6 22 210   M    M   7 1      29 210
17  74  57  66  16   0   1    T  0.0    0 11.7 23 300   M    M   6        29 300
18  60  45  53   3  12   0 0.00  0.0    0 12.0 18 120   M    M   2        30 160
19  51  40  46  -4  19   0 0.03  0.0    0 10.9 18 150   M    M   9 1      24 160
20  65  48  57   6   8   0 0.36  0.0    0  6.8 17 100   M    M   9 1      22  90
21  55  47  51   0  14   0 0.12  0.0    0  7.5 17 110   M    M  10 1      21  90
22  53  47  50  -1  15   0 0.07  0.0    0  8.1 16  10   M    M  10 1      20 360
23  62  44  53   1  12   0 0.00  0.0    0  8.1 15 160   M    M   6        17 160
24  59  38  49  -3  16   0 0.01  0.0    0  5.6 10  90   M    M   8 1      16 110
================================================================================
SM 1449 1021       322   3  2.56     0.0 237.1          M      163
================================================================================
AV 60.4 42.5                               9.9 FASTST   M    M   7    MAX(MPH)
                                 MISC ---->  # 31 120               # 49  110
================================================================================
NOTES:
# LAST OF SEVERAL OCCURRENCES

COLUMN 17 PEAK WIND IN M.P.H.

PRELIMINARY LOCAL CLIMATOLOGICAL DATA (WS FORM: F-6) , PAGE 2

                                          STATION:  ISLIP NY
                                          MONTH:    APRIL
                                          YEAR:     2017
                                          LATITUDE:   40 47 N
                                          LONGITUDE:  73  6 W

[TEMPERATURE DATA]      [PRECIPITATION DATA]       SYMBOLS USED IN COLUMN 16

AVERAGE MONTHLY: 51.5   TOTAL FOR MONTH:   2.56    1 = FOG OR MIST
DPTR FM NORMAL:   3.3   DPTR FM NORMAL:   -0.95    2 = FOG REDUCING VISIBILITY
HIGHEST:    82 ON 16    GRTST 24HR  1.51 ON 31- 1      TO 1/4 MILE OR LESS
LOWEST:     34 ON  9                               3 = THUNDER
                        SNOW, ICE PELLETS, HAIL    4 = ICE PELLETS
                        TOTAL MONTH:   0.0 INCH    5 = HAIL
                        GRTST 24HR     0.0         6 = FREEZING RAIN OR DRIZZLE
                        GRTST DEPTH:   0           7 = DUSTSTORM OR SANDSTORM:
                                                       VSBY 1/2 MILE OR LESS
                                                   8 = SMOKE OR HAZE
[NO. OF DAYS WITH]      [WEATHER - DAYS WITH]      9 = BLOWING SNOW
                                                   X = TORNADO
MAX 32 OR BELOW:   0    0.01 INCH OR MORE:   9
MAX 90 OR ABOVE:   0    0.10 INCH OR MORE:   4
MIN 32 OR BELOW:   0    0.50 INCH OR MORE:   2
MIN  0 OR BELOW:   0    1.00 INCH OR MORE:   1

[HDD (BASE 65) ]
TOTAL THIS MO.   322    CLEAR  (SCALE 0-3)   1
DPTR FM NORMAL   -83    PTCLDY (SCALE 4-7)  15
TOTAL FM JUL 1  4480    CLOUDY (SCALE 8-10)  8
DPTR FM NORMAL  -617

[CDD (BASE 65) ]
TOTAL THIS MO.     3
DPTR FM NORMAL     3    [PRESSURE DATA]
TOTAL FM JAN 1     3    HIGHEST SLP M ON M
DPTR FM NORMAL     3    LOWEST  SLP 29.19 ON  6

[REMARKS]
