000
CXHW53 PHFO 252327
CF6ITO
PRELIMINARY LOCAL CLIMATOLOGICAL DATA (WS FORM: F-6)

                                          STATION:   HILO HI
                                          MONTH:     JULY
                                          YEAR:      2017
                                          LATITUDE:   19 43 N
                                          LONGITUDE: 155  4 W

  TEMPERATURE IN F:       :PCPN:    SNOW:  WIND      :SUNSHINE: SKY     :PK WND
================================================================================
1   2   3   4   5  6A  6B    7    8   9   10  11  12  13   14  15   16   17  18
                                     12Z  AVG MX 2MIN
DY MAX MIN AVG DEP HDD CDD  WTR  SNW DPTH SPD SPD DIR MIN PSBL S-S WX    SPD DR
================================================================================

 1  85  69  77   1   0  12 0.61  0.0    M  7.1 20  90   M    M   M 1      23  80
 2  86  68  77   1   0  12 0.30  0.0    M  6.4 14  30   M    M   M 1      24 100
 3  84  70  77   1   0  12 0.01  0.0    M  5.2 15  50   M    M   M 1      18  60
 4  86  71  79   3   0  14    T  0.0    M  6.4 16  50   M    M   M        23  50
 5  86  73  80   4   0  15    T  0.0    M  7.2 16  20   M    M   M        22  60
 6  84  72  78   2   0  13 0.22  0.0    M  6.0 13  40   M    M   M 18     18  40
 7  84  67  76   0   0  11    T  0.0    M  6.8 14  70   M    M   M        21  40
 8  85  67  76   0   0  11 0.00  0.0    M  6.9 15  30   M    M   M        19  30
 9  83  71  77   1   0  12 0.23  0.0    M  5.9 12  30   M    M   M 18     16  40
10  84  69  77   1   0  12 0.05  0.0    M  6.3 13  70   M    M   M 1      19  50
11  85  71  78   2   0  13 0.07  0.0    M  5.0 14  50   M    M   M 18     17  50
12  86  70  78   2   0  13 0.06  0.0    M  6.5 17 120   M    M   M 1      21 120
13  88  71  80   4   0  15    T  0.0    M  5.9 18  90   M    M   M        21  80
14  85  71  78   2   0  13 0.04  0.0    M  6.9 14  40   M    M   M 1      18  40
15  85  69  77   1   0  12 0.27  0.0    M  6.7 14  70   M    M   M 1      17  30
16  84  69  77   1   0  12 0.48  0.0    M  6.8 20  60   M    M   M 18     24  60
17  84  69  77   1   0  12 0.19  0.0    M  6.2 12  60   M    M   M 18     15  30
18   M   M   M   M   M   M    M    M    M   M   M   M   M    M   M 18      M  M
19  84  68  76   0   0  11 0.24  0.0    M  6.9 17 100   M    M   M 1      21  90
20  85  70  78   2   0  13 0.43  0.0    M  6.2 18  90   M    M   M 1      24 100
21  83  71  77   1   0  12 0.44  0.0    M  5.9 16  80   M    M   M 18     18  90
22  85  71  78   2   0  13 0.30  0.0    M  6.3 14  90   M    M   M 1      18  80
23  84  71  78   2   0  13 0.01  0.0    M  7.4 17  10   M    M   M 1      26 360
24  86  71  79   3   0  14 0.41  0.0    M  6.7 17  90   M    M   M 1      22 100
================================================================================
SM 1951 1609         0 290  4.36     0.0 147.6          M        M
================================================================================
AV 84.8 70.0                               6.4 FASTST   M    M -nan   MAX(MPH)
                                 MISC ---->  # 20  90               # 26  360
================================================================================
NOTES:
# LAST OF SEVERAL OCCURRENCES

COLUMN 17 PEAK WIND IN M.P.H.

PRELIMINARY LOCAL CLIMATOLOGICAL DATA (WS FORM: F-6) , PAGE 2

                                          STATION:  HILO HI
                                          MONTH:    JULY
                                          YEAR:     2017
                                          LATITUDE:   19 43 N
                                          LONGITUDE: 155  4 W

[TEMPERATURE DATA]      [PRECIPITATION DATA]       SYMBOLS USED IN COLUMN 16

AVERAGE MONTHLY: 77.4   TOTAL FOR MONTH:   4.36    1 = FOG OR MIST
DPTR FM NORMAL:   1.4   DPTR FM NORMAL:   -3.85    2 = FOG REDUCING VISIBILITY
HIGHEST:    88 ON 13    GRTST 24HR  0.61 ON  1- 1      TO 1/4 MILE OR LESS
LOWEST:     67 ON  8, 7                            3 = THUNDER
                        SNOW, ICE PELLETS, HAIL    4 = ICE PELLETS
                        TOTAL MONTH:   0.0 INCH    5 = HAIL
                        GRTST 24HR     0.0         6 = FREEZING RAIN OR DRIZZLE
                        GRTST DEPTH:  M  ON   M    7 = DUSTSTORM OR SANDSTORM:
                                                       VSBY 1/2 MILE OR LESS
                                                   8 = SMOKE OR HAZE
[NO. OF DAYS WITH]      [WEATHER - DAYS WITH]      9 = BLOWING SNOW
                                                   X = TORNADO
MAX 32 OR BELOW:   0    0.01 INCH OR MORE:  18
MAX 90 OR ABOVE:   0    0.10 INCH OR MORE:  12
MIN 32 OR BELOW:   0    0.50 INCH OR MORE:   1
MIN  0 OR BELOW:   0    1.00 INCH OR MORE:   0

[HDD (BASE 65) ]
TOTAL THIS MO.     0    CLEAR  (SCALE 0-3)   0
DPTR FM NORMAL     0    PTCLDY (SCALE 4-7)   0
TOTAL FM JUL 1     0    CLOUDY (SCALE 8-10)  0
DPTR FM NORMAL     0

[CDD (BASE 65) ]
TOTAL THIS MO.   290
DPTR FM NORMAL    26    [PRESSURE DATA]
TOTAL FM JAN 1  1946    HIGHEST SLP M ON M
DPTR FM NORMAL   308    LOWEST  SLP 29.93 ON M

[REMARKS]
