640
CXUS54 KJAN 291414
CF6JAN
PRELIMINARY LOCAL CLIMATOLOGICAL DATA (WS FORM: F-6)

                                          STATION:   JACKSON
                                          MONTH:     MAY
                                          YEAR:      2016
                                          LATITUDE:   32 19 N
                                          LONGITUDE:  90  5 W

  TEMPERATURE IN F:       :PCPN:    SNOW:  WIND      :SUNSHINE: SKY     :PK WND
================================================================================
1   2   3   4   5  6A  6B    7    8   9   10  11  12  13   14  15   16   17  18
                                     12Z  AVG MX 2MIN
DY MAX MIN AVG DEP HDD CDD  WTR  SNW DPTH SPD SPD DIR MIN PSBL S-S WX    SPD DR
================================================================================

 1  81  66  74   6   0   9 0.61  0.0    0  7.7 24 140   M    M   7 13     30 140
 2  75  61  68   0   0   3 0.40  0.0    0  3.8 12 350   M    M   6 18     14 340
 3  76  54  65  -4   0   0    T  0.0    0  7.0 16 340   M    M   6 1      21 350
 4  78  49  64  -5   1   0 0.00  0.0    0  6.0 17 280   M    M   2        28 310
 5  75  51  63  -6   2   0 0.00  0.0    0  7.3 21 320   M    M   0        27 320
 6  76  46  61  -9   4   0 0.00  0.0    0  3.5 13 350   M    M   0        17 320
 7  82  48  65  -5   0   0 0.00  0.0    0  1.8  9 190   M    M   0        11 210
 8  83  53  68  -2   0   3 0.00  0.0    0  7.4 18 190   M    M   2        23 170
 9  77  64  71   1   0   6    T  0.0    0  9.4 18 170   M    M   6        24 130
10  88  67  78   7   0  13 0.00  0.0    0 10.6 18 180   M    M   5        23 200
11  85  69  77   6   0  12 0.00  0.0    0  6.9 14 210   M    M   5 18     18 210
12  88  67  78   7   0  13    T  0.0    0  5.4 14 220   M    M   5 12     19 350
13  84  55  70  -2   0   5 0.00  0.0    0  6.2 14 360   M    M   2        17  20
14  85  52  69  -3   0   4 0.00  0.0    0  6.5 17 350   M    M   3        23 330
15  75  59  67  -5   0   2 0.00  0.0    0  8.0 16 350   M    M   6        22  20
16  77  62  70  -2   0   5 0.04  0.0    0  5.7 13 130   M    M   7        16 120
17  74  64  69  -4   0   4 0.16  0.0    0  5.3 12 110   M    M   8 1      15 110
18  72  62  67  -6   0   2 0.00  0.0    0  8.0 15  10   M    M   9 12     19 350
19  83  62  73   0   0   8 0.02  0.0    0  5.4 13  50   M    M   7 1      16  50
20  87  66  77   3   0  12 0.07  0.0    0  4.2 21 110   M    M   5 1      27 110
21  86  63  75   1   0  10 0.00  0.0    0  5.3 14 340   M    M   3        19 300
22  83  59  71  -3   0   6 0.00  0.0    0  5.5 14 360   M    M   1        17  30
23  86  53  70  -4   0   5 0.00  0.0    0  2.3 13 150   M    M   1        17 150
24  89  61  75   1   0  10 0.00  0.0    0  7.1 16 170   M    M   1        20 180
25  89  67  78   3   0  13 0.01  0.0    0  8.8 28 160   M    M   5 13     34 160
26  89  72  81   6   0  16 0.00  0.0    0  9.0 17 140   M    M   6        22 140
27  85  71  78   3   0  13    T  0.0    0 11.6 23 150   M    M   5        32 130
28  85  69  77   1   0  12    T  0.0    0  7.5 22 150   M    M   5        27 150
================================================================================
SM 2293 1692         7 186  1.31     0.0 183.2          M      118
================================================================================
AV 81.9 60.4                               6.5 FASTST   M    M   4    MAX(MPH)
                                 MISC ---->  # 28 160               # 34  160
================================================================================
NOTES:
# LAST OF SEVERAL OCCURRENCES

COLUMN 17 PEAK WIND IN M.P.H.

PRELIMINARY LOCAL CLIMATOLOGICAL DATA (WS FORM: F-6) , PAGE 2

                                          STATION:  JACKSON
                                          MONTH:    MAY
                                          YEAR:     2016
                                          LATITUDE:   32 19 N
                                          LONGITUDE:  90  5 W

[TEMPERATURE DATA]      [PRECIPITATION DATA]       SYMBOLS USED IN COLUMN 16

AVERAGE MONTHLY: 71.2   TOTAL FOR MONTH:   1.31    1 = FOG OR MIST
DPTR FM NORMAL:  -0.8   DPTR FM NORMAL:   -2.64    2 = FOG REDUCING VISIBILITY
HIGHEST:    89 ON 26,25 GRTST 24HR  0.80 ON 30- 1      TO 1/4 MILE OR LESS
LOWEST:     46 ON  6                               3 = THUNDER
                        SNOW, ICE PELLETS, HAIL    4 = ICE PELLETS
                        TOTAL MONTH:   0.0 INCH    5 = HAIL
                        GRTST 24HR     0.0         6 = FREEZING RAIN OR DRIZZLE
                        GRTST DEPTH:   0           7 = DUSTSTORM OR SANDSTORM:
                                                       VSBY 1/2 MILE OR LESS
                                                   8 = SMOKE OR HAZE
[NO. OF DAYS WITH]      [WEATHER - DAYS WITH]      9 = BLOWING SNOW
                                                   X = TORNADO
MAX 32 OR BELOW:   0    0.01 INCH OR MORE:   7
MAX 90 OR ABOVE:   0    0.10 INCH OR MORE:   3
MIN 32 OR BELOW:   0    0.50 INCH OR MORE:   1
MIN  0 OR BELOW:   0    1.00 INCH OR MORE:   0

[HDD (BASE 65) ]
TOTAL THIS MO.     7    CLEAR  (SCALE 0-3)  11
DPTR FM NORMAL    -3    PTCLDY (SCALE 4-7)  15
TOTAL FM JUL 1  1587    CLOUDY (SCALE 8-10)  2
DPTR FM NORMAL  -802

[CDD (BASE 65) ]
TOTAL THIS MO.   186
DPTR FM NORMAL   -21    [PRESSURE DATA]
TOTAL FM JAN 1   345    HIGHEST SLP M ON M
DPTR FM NORMAL    20    LOWEST  SLP 29.79 ON 20

[REMARKS]
