000
CXUS52 KJAX 300800
CF6JAX
PRELIMINARY LOCAL CLIMATOLOGICAL DATA (WS FORM: F-6)

                                          STATION:   JACKSONVILLE FL
                                          MONTH:     JUNE
                                          YEAR:      2015
                                          LATITUDE:   30 30 N
                                          LONGITUDE:  81 42 W

  TEMPERATURE IN F:       :PCPN:    SNOW:  WIND      :SUNSHINE: SKY     :PK WND
================================================================================
1   2   3   4   5  6A  6B    7    8   9   10  11  12  13   14  15   16   17  18
                                     12Z  AVG MX 2MIN
DY MAX MIN AVG DEP HDD CDD  WTR  SNW DPTH SPD SPD DIR MIN PSBL S-S WX    SPD DR
================================================================================

 1  89  66  78   0   0  13 0.72  0.0    0  5.6 20  20   M    M   7 13     30 100
 2  85  64  75  -3   0  10 0.03  0.0    0  3.5 14  10   M    M   9 13     17  10
 3  88  68  78   0   0  13 0.24  0.0    0  6.7 29  10   M    M   7 13     32  70
 4  86  67  77  -1   0  12    T  0.0    0  4.5 15  70   M    M   7 1      29 140
 5  86  67  77  -2   0  12 0.02  0.0    0  4.7 17  70   M    M   6 3      21  60
 6  89  66  78  -1   0  13 0.00  0.0    0  5.0 16  50   M    M   7 1      19  40
 7  87  66  77  -2   0  12 0.00  0.0    0  5.9 18  80   M    M   3 1      23  70
 8  89  68  79   0   0  14 0.00  0.0    0  6.0 17 110   M    M   4        22 110
 9  91  73  82   3   0  17 0.00  0.0    0  5.5 20 140   M    M   7 3      24 140
10  86  70  78  -1   0  13 0.92  0.0    0  3.7 25 300   M    M   8 13     32 300
11  89  67  78  -2   0  13 0.00  0.0    0  6.1 20 160   M    M   5        24 150
12  92  68  80   0   0  15    T  0.0    0  4.6 17 100   M    M   5 3      24 160
13  93  71  82   2   0  17 0.00  0.0    0  4.3 17 130   M    M   6 3      21 130
14  94  68  81   1   0  16 0.00  0.0    0  3.7 14  90   M    M   2 128    20 140
15  94  68  81   1   0  16 0.00  0.0    0  4.2 13  90   M    M   1        17 100
16  96  69  83   3   0  18 0.00  0.0    0  5.2 15  80   M    M   1        19 120
17  97  72  85   5   0  20 0.00  0.0    0  5.6 15  90   M    M   1        24 100
18  97  72  85   5   0  20 0.00  0.0    0  3.9 17  50   M    M   3 3      24 120
19  98  73  86   6   0  21 0.71  0.0    0  5.3 35 100   M    M   4 38     41 100
20  97  74  86   5   0  21    T  0.0    0  7.0 17 200   M    M   3 3      21 200
21  96  76  86   5   0  21 0.06  0.0    0  7.3 16 180   M    M   4 3      21 200
22  97  70  84   3   0  19 1.70  0.0    0  8.8 49 180   M    M   7 138    66 180
23  91  71  81   0   0  16 0.25  0.0    0  5.8 18 170   M    M   7 13     23 170
24  95  74  85   4   0  20 0.00  0.0    0  5.1 31 240   M    M   8 3      36 240
25  89  73  81   0   0  16 1.16  0.0    0  6.7 32 230   M    M   9 13     37 230
26  90  73  82   1   0  17 0.02  0.0    0  6.8 23 290   M    M   7 138    30 300
27  92  75  84   3   0  19    T  0.0    0  9.3 24 200   M    M   6 3      40 310
28  91  73  82   1   0  17 0.23  0.0    0  7.6 29 230   M    M   4 13     52 300
29  86  71  79  -3   0  14 0.23  0.0    0  3.8 12 210   M    M   8 1      34  90
================================================================================
SM 2650 2033         0 465  6.29     0.0 162.2          M      156
================================================================================
AV 91.4 70.1                               5.6 FASTST   M    M   5    MAX(MPH)
                                 MISC ---->  # 49 180               # 66  180
================================================================================
NOTES:
# LAST OF SEVERAL OCCURRENCES

COLUMN 17 PEAK WIND IN M.P.H.

PRELIMINARY LOCAL CLIMATOLOGICAL DATA (WS FORM: F-6) , PAGE 2

                                          STATION:  JACKSONVILLE FL
                                          MONTH:    JUNE
                                          YEAR:     2015
                                          LATITUDE:   30 30 N
                                          LONGITUDE:  81 42 W

[TEMPERATURE DATA]      [PRECIPITATION DATA]       SYMBOLS USED IN COLUMN 16

AVERAGE MONTHLY: 80.7   TOTAL FOR MONTH:   6.29    1 = FOG OR MIST
DPTR FM NORMAL:   0.8   DPTR FM NORMAL:    0.08    2 = FOG REDUCING VISIBILITY
HIGHEST:    98 ON 19    GRTST 24HR  1.86 ON 22-23      TO 1/4 MILE OR LESS
LOWEST:     64 ON  2                               3 = THUNDER
                        SNOW, ICE PELLETS, HAIL    4 = ICE PELLETS
                        TOTAL MONTH:   0.0 INCH    5 = HAIL
                        GRTST 24HR     0.0         6 = FREEZING RAIN OR DRIZZLE
                        GRTST DEPTH:   0           7 = DUSTSTORM OR SANDSTORM:
                                                       VSBY 1/2 MILE OR LESS
                                                   8 = SMOKE OR HAZE
[NO. OF DAYS WITH]      [WEATHER - DAYS WITH]      9 = BLOWING SNOW
                                                   X = TORNADO
MAX 32 OR BELOW:   0    0.01 INCH OR MORE:  13
MAX 90 OR ABOVE:  17    0.10 INCH OR MORE:   9
MIN 32 OR BELOW:   0    0.50 INCH OR MORE:   5
MIN  0 OR BELOW:   0    1.00 INCH OR MORE:   2

[HDD (BASE 65) ]
TOTAL THIS MO.     0    CLEAR  (SCALE 0-3)   5
DPTR FM NORMAL     0    PTCLDY (SCALE 4-7)  21
TOTAL FM JUL 1  1337    CLOUDY (SCALE 8-10)  3
DPTR FM NORMAL   -12

[CDD (BASE 65) ]
TOTAL THIS MO.   465
DPTR FM NORMAL    34    [PRESSURE DATA]
TOTAL FM JAN 1  1110    HIGHEST SLP M ON M
DPTR FM NORMAL   195    LOWEST  SLP 29.87 ON  9

[REMARKS]
