000
CXUS54 KMEG 300633
CF6JBR
PRELIMINARY LOCAL CLIMATOLOGICAL DATA (WS FORM: F-6)

                                          STATION:   JONESBORO
                                          MONTH:     SEPTEMBER
                                          YEAR:      2014
                                          LATITUDE:   35 49 N
                                          LONGITUDE:  90 39 W

  TEMPERATURE IN F:       :PCPN:    SNOW:  WIND      :SUNSHINE: SKY     :PK WND
================================================================================
1   2   3   4   5  6A  6B    7    8   9   10  11  12  13   14  15   16   17  18
                                     12Z  AVG MX 2MIN
DY MAX MIN AVG DEP HDD CDD  WTR  SNW DPTH SPD SPD DIR MIN PSBL S-S WX    SPD DR
================================================================================

 1  91  74  83   6   0  18 0.00  0.0    0 11.6 24 200   M    M   3        29 200
 2  85  68  77   0   0  12 0.63  0.0    0  5.6 17 290   M    M   2 3      22 290
 3  91  65  78   2   0  13 0.00  0.0    0  2.7 10 230   M    M   0        17 120
 4  95  70  83   7   0  18 0.00  0.0    0  4.4 14 220   M    M   1        21 310
 5  95  72  84   8   0  19 0.05  0.0    0  3.1 26 190   M    M   1 3      30 210
 6  86  67  77   1   0  12 0.01  0.0    0  7.5 16  30   M    M   3        22  30
 7  85  64  75   0   0  10 0.00  0.0    0  8.3 16  70   M    M   0        21  50
 8  88  63  76   1   0  11 0.00  0.0    0  3.5  9 100   M    M   1        21  90
 9  93  64  79   5   0  14 0.00  0.0    0  5.2 14 170   M    M   2        23 150
10  94  75  85  11   0  20    T  0.0    0 13.7 25 200   M    M   1        31 210
11  80  61  71  -3   0   6 0.80  0.0    0  7.4 15  40   M    M  10 3      60 300
12  63  57  60 -13   5   0    T  0.0    0  8.9 14  10   M    M  10        21  20
13  69  55  62 -11   3   0 0.00  0.0    0 10.2 18  60   M    M   4        26  60
14  76  53  65  -8   0   0 0.00  0.0    0  4.8 12  70   M    M   0        16  80
15  78  60  69  -3   0   4 0.02  0.0    0  3.5 15 350   M    M   3        23  30
16  76  64  70  -2   0   5 0.00  0.0    0  7.3 16  60   M    M   7        25  70
17  67  61  64  -7   1   0 0.16  0.0    0  5.1 14 180   M    M   5 3      17 180
18  75  62  69  -2   0   4 0.17  0.0    0  6.9 15  70   M    M   7 3      24 350
19  85  62  74   3   0   9 0.00  0.0    0  4.6 10  60   M    M   2        21 150
20  91  62  77   7   0  12 0.00  0.0    0  2.1 10 250   M    M   1        14 250
21  89  67  78   8   0  13 0.00  0.0    0  5.9 14 360   M    M   2        37 230
22  78  56  67  -2   0   2 0.00  0.0    0  7.8 18  60   M    M   0        23  60
23  79  52  66  -3   0   1 0.00  0.0    0  6.7 15  70   M    M   0        29  80
24  86  54  70   1   0   5 0.00  0.0    0  4.6 12 140   M    M   1        21 130
25  86  56  71   3   0   6 0.00  0.0    0  2.5 12  70   M    M   0        21  50
26  86  57  72   4   0   7 0.00  0.0    0  3.5 13  70   M    M   0        16  80
27  90  63  77   9   0  12 0.00  0.0    0  4.4 15  70   M    M   2        20  60
28  87  60  74   7   0   9 0.00  0.0    0  1.7 12 120   M    M   3        16 110
29  89  60  75   8   0  10 0.00  0.0    0  2.6 13  60   M    M   0        20  60
================================================================================
SM 2433 1804         9 252  1.84     0.0 166.1          M       71
================================================================================
AV 83.9 62.2                               5.7 FASTST   M    M   2    MAX(MPH)
                                 MISC ---->  # 26 190               # 60  300
================================================================================
NOTES:
# LAST OF SEVERAL OCCURRENCES

COLUMN 17 PEAK WIND IN M.P.H.

PRELIMINARY LOCAL CLIMATOLOGICAL DATA (WS FORM: F-6) , PAGE 2

                                          STATION:  JONESBORO
                                          MONTH:    SEPTEMBER
                                          YEAR:     2014
                                          LATITUDE:   35 49 N
                                          LONGITUDE:  90 39 W

[TEMPERATURE DATA]      [PRECIPITATION DATA]       SYMBOLS USED IN COLUMN 16

AVERAGE MONTHLY: 73.1   TOTAL FOR MONTH:   1.84    1 = FOG OR MIST
DPTR FM NORMAL:   0.9   DPTR FM NORMAL:   -1.08    2 = FOG REDUCING VISIBILITY
HIGHEST:    95 ON  5, 4 GRTST 24HR  0.80 ON 11-11      TO 1/4 MILE OR LESS
LOWEST:     52 ON 23                               3 = THUNDER
                        SNOW, ICE PELLETS, HAIL    4 = ICE PELLETS
                        TOTAL MONTH:   0.0 INCH    5 = HAIL
                        GRTST 24HR     0.0         6 = FREEZING RAIN OR DRIZZLE
                        GRTST DEPTH:   0           7 = DUSTSTORM OR SANDSTORM:
                                                       VSBY 1/2 MILE OR LESS
                                                   8 = SMOKE OR HAZE
[NO. OF DAYS WITH]      [WEATHER - DAYS WITH]      9 = BLOWING SNOW
                                                   X = TORNADO
MAX 32 OR BELOW:   0    0.01 INCH OR MORE:   7
MAX 90 OR ABOVE:   8    0.10 INCH OR MORE:   4
MIN 32 OR BELOW:   0    0.50 INCH OR MORE:   2
MIN  0 OR BELOW:   0    1.00 INCH OR MORE:   0

[HDD (BASE 65) ]
TOTAL THIS MO.     9    CLEAR  (SCALE 0-3)  21
DPTR FM NORMAL    -7    PTCLDY (SCALE 4-7)   6
TOTAL FM JUL 1     9    CLOUDY (SCALE 8-10)  2
DPTR FM NORMAL    -7

[CDD (BASE 65) ]
TOTAL THIS MO.   252
DPTR FM NORMAL    31    [PRESSURE DATA]
TOTAL FM JAN 1  1712    HIGHEST SLP M ON M
DPTR FM NORMAL   -55    LOWEST  SLP 29.81 ON 10

[REMARKS]
