000
CXUS55 KGGW 300800
CF6JDN
PRELIMINARY LOCAL CLIMATOLOGICAL DATA (WS FORM: F-6)

                                          STATION:   JORDAN  ASOS MT
                                          MONTH:     JUNE
                                          YEAR:      2015
                                          LATITUDE:   47 19 N
                                          LONGITUDE: 106 50 W

  TEMPERATURE IN F:       :PCPN:    SNOW:  WIND      :SUNSHINE: SKY     :PK WND
================================================================================
1   2   3   4   5  6A  6B    7    8   9   10  11  12  13   14  15   16   17  18
                                     12Z  AVG MX 2MIN
DY MAX MIN AVG DEP HDD CDD  WTR  SNW DPTH SPD SPD DIR MIN PSBL S-S WX    SPD DR
================================================================================

 1  86  54  70  12   0   5 0.13  0.0    0  9.0 23 280   M    M   0        30 280
 2  61  51  56  -2   9   0 1.50  0.0    0 10.6 24 360   M    M   0        29  10
 3  71  46  59   1   6   0 0.22    M    0  7.7 22 280   M    M   0        28 280
 4  69  52  61   2   4   0 0.00  0.0    0  9.0 18 130   M    M   0        23 120
 5  79  50  65   6   0   0 1.36  0.0    0  6.5 32 320   M    M   0        42 320
 6  79  54  67   7   0   2 0.00  0.0    0  6.1 26 300   M    M   0        33 300
 7  83  53  68   8   0   3 0.00  0.0    0  6.9 16 350   M    M   0        22 330
 8  91  56  74  14   0   9 0.00  0.0    0  6.9 20 270   M    M   0        28 250
 9  84  61  73  13   0   8 0.11  0.0    0  8.1 26 130   M    M   0        32 130
10  74  56  65   4   0   0 0.47  0.0    0 11.2 22  30   M    M   0        26 100
11  80  53  67   6   0   2 0.00  0.0    0  7.5 22 150   M    M   0        27 150
12  86  57  72  11   0   7 0.00  0.0    0  8.9 25 350   M    M   0        32 350
13  74  50  62   0   3   0 0.00  0.0    0  9.4 18 320   M    M   0        23 320
14  70  47  59  -3   6   0 0.00  0.0    0  8.0 18 320   M    M   0        25 320
15  70  43  57  -5   8   0 0.00  0.0    0  6.1 14 150   M    M   0        17 130
16  68  53  61  -2   4   0 0.00  0.0    0  5.9 15 120   M    M   0        18 110
17  82  48  65   2   0   0 0.00  0.0    0  5.6 20 360   M    M   0        24 280
18  74  52  63   0   2   0 0.00  0.0    0 11.3 21 130   M    M   0        26 120
19  84  50  67   3   0   2 0.00  0.0    0  7.9 33 320   M    M   0        45 320
20  81  53  67   3   0   2 0.00  0.0    0  5.9 20 320   M    M   0        23 330
21  85  50  68   4   0   3 0.00  0.0    0  8.2 39 320   M    M   0        52 330
22  79  47  63  -1   2   0 0.00  0.0    0  6.3 16 360   M    M   0        20 360
23  88  48  68   3   0   3 0.00  0.0    0  7.6 25 320   M    M   0        36 320
24  84  57  71   6   0   6 0.01  0.0    0  4.0 22 260   M    M   0        30 250
25  82  54  68   3   0   3 0.25  0.0    0  6.7 22  20   M    M   0        26  20
26  92  51  72   6   0   7 0.00  0.0    0  2.2 13 290   M    M   0        17 270
27  93  59  76  10   0  11 0.00  0.0    0  6.1 14  60   M    M   0        16  60
28  98  60  79  13   0  14 0.00  0.0    0  5.9 15 320   M    M   0        20 320
29  99  59  79  13   0  14 0.00  0.0    0  7.3 22  70   M    M   0        26  80
================================================================================
SM 2346 1524        44 101  4.05     0.0 212.8          M        0
================================================================================
AV 80.9 52.6                               7.3 FASTST   M    M   0    MAX(MPH)
                                 MISC ---->  # 39 320               # 52  330
================================================================================
NOTES:
# LAST OF SEVERAL OCCURRENCES

COLUMN 17 PEAK WIND IN M.P.H.

PRELIMINARY LOCAL CLIMATOLOGICAL DATA (WS FORM: F-6) , PAGE 2

                                          STATION:  JORDAN  ASOS MT
                                          MONTH:    JUNE
                                          YEAR:     2015
                                          LATITUDE:   47 19 N
                                          LONGITUDE: 106 50 W

[TEMPERATURE DATA]      [PRECIPITATION DATA]       SYMBOLS USED IN COLUMN 16

AVERAGE MONTHLY: 66.7   TOTAL FOR MONTH:   4.05    1 = FOG OR MIST
DPTR FM NORMAL:   4.5   DPTR FM NORMAL:    1.62    2 = FOG REDUCING VISIBILITY
HIGHEST:    99 ON 29    GRTST 24HR  1.63 ON  1- 2      TO 1/4 MILE OR LESS
LOWEST:     43 ON 15                               3 = THUNDER
                        SNOW, ICE PELLETS, HAIL    4 = ICE PELLETS
                        TOTAL MONTH:   0.0 INCH    5 = HAIL
                        GRTST 24HR     0.0         6 = FREEZING RAIN OR DRIZZLE
                        GRTST DEPTH:   0           7 = DUSTSTORM OR SANDSTORM:
                                                       VSBY 1/2 MILE OR LESS
                                                   8 = SMOKE OR HAZE
[NO. OF DAYS WITH]      [WEATHER - DAYS WITH]      9 = BLOWING SNOW
                                                   X = TORNADO
MAX 32 OR BELOW:   0    0.01 INCH OR MORE:   8
MAX 90 OR ABOVE:   5    0.10 INCH OR MORE:   7
MIN 32 OR BELOW:   0    0.50 INCH OR MORE:   2
MIN  0 OR BELOW:   0    1.00 INCH OR MORE:   2

[HDD (BASE 65) ]
TOTAL THIS MO.    44    CLEAR  (SCALE 0-3)  29
DPTR FM NORMAL   -79    PTCLDY (SCALE 4-7)   0
TOTAL FM JUL 1  7542    CLOUDY (SCALE 8-10)  0
DPTR FM NORMAL  -702

[CDD (BASE 65) ]
TOTAL THIS MO.   101
DPTR FM NORMAL    54    [PRESSURE DATA]
TOTAL FM JAN 1   101    HIGHEST SLP M ON M
DPTR FM NORMAL    48    LOWEST  SLP 29.58 ON 12

[REMARKS]
