000
CXUS53 KLSX 011600
CF6JEF
PRELIMINARY LOCAL CLIMATOLOGICAL DATA (WS FORM: F-6)

                                          STATION:   JEFFERSON CITY
                                          MONTH:     MAY
                                          YEAR:      2015
                                          LATITUDE:   38 35 N
                                          LONGITUDE:  92 10 W

  TEMPERATURE IN F:       :PCPN:    SNOW:  WIND      :SUNSHINE: SKY     :PK WND
================================================================================
1   2   3   4   5  6A  6B    7    8   9   10  11  12  13   14  15   16   17  18
                                     12Z  AVG MX 2MIN
DY MAX MIN AVG DEP HDD CDD  WTR  SNW DPTH SPD SPD DIR MIN PSBL S-S WX    SPD DR
================================================================================

 1  73  38  56  -5   9   0 0.00  0.0    0  1.9  9 230   M    M   0 8      13 170
 2  79  50  65   4   0   0 0.00  0.0    0  5.8 13 180   M    M   4        17 190
 3  84  59  72  10   0   7 0.00  0.0    0  8.0 21 160   M    M   1        28 160
 4  84  64  74  12   0   9 0.00  0.0    0  5.5 15 190   M    M   2 8      19 210
 5  84  62  73  11   0   8 0.70  0.0    0  6.8 40 280   M    M   3 38     55 270
 6  82  61  72  10   0   7    T  0.0    0 10.7 25 160   M    M   3 8      32 190
 7  83  63  73  10   0   8 0.13  0.0    0  9.0 23 230   M    M   3 138    28 230
 8  73  61  67   4   0   2 0.38  0.0    0  3.4 12 320   M    M   7 13     16 310
 9  72  60  66   3   0   1 0.22  0.0    0  5.8 14  70   M    M   8 123    18  60
10  76  63  70   6   0   5 0.22  0.0    0  7.6 16 240   M    M   2 13     20 230
11  69  53  61  -3   4   0 0.11  0.0    0 11.2 24 270   M    M   4 1      33 280
12  70  47  59  -5   6   0 0.00  0.0    0  6.4 18 280   M    M   0        32 290
13  73  44  59  -5   6   0    T  0.0    0  9.3 18 120   M    M   1        25 130
14  70  56  63  -2   2   0 0.81  0.0    0  9.2 18 130   M    M   9 1      25 130
15  80  65  73   8   0   8 0.37  0.0    0  7.0 33 200   M    M   3 18     46 190
16  81  66  74   9   0   9 0.12  0.0    0  9.8 18 150   M    M   6 1      25 140
17  79  63  71   5   0   6 0.34  0.0    0 10.2 24 270   M    M   1 1      32 290
18  76  56  66   0   0   1 0.00  0.0    0  6.7 17 270   M    M   2 1      20 270
19  66  47  57  -9   8   0 0.00  0.0    0  6.9 13  70   M    M   0        17  70
20  56  47  52 -14  13   0 0.42  0.0    0  8.2 16  70   M    M   9 1      21  20
21  67  45  56 -11   9   0 0.00  0.0    0  4.9 15 330   M    M   4        19 340
22  71  45  58  -9   7   0 0.00  0.0    0  3.2 13 240   M    M   2        15 220
23  74  58  66  -1   0   1 0.00  0.0    0  8.3 20 170   M    M   8        23 160
24  83  66  75   7   0  10 1.20  0.0    0  9.6 35 190   M    M   6 18     48 210
25  84  64  74   6   0   9 0.00  0.0    0  8.9 17 160   M    M   5 1      23 220
26  79  65  72   4   0   7 0.14  0.0    0 10.8 21 240   M    M   4 1      28 240
27  84  62  73   5   0   8 0.00  0.0    0  5.0 14 310   M    M   2 8      20 270
28  81  60  71   2   0   6 0.10  0.0    0  5.1 17 140   M    M   4 1      21 140
29  77  66  72   3   0   7 0.79  0.0    0  4.3 13 190   M    M   7 1      18 230
30  74  62  68  -1   0   3 0.60  0.0    0  7.1 23 290   M    M  10 18     28 290
31  62  54  58 -12   7   0    T  0.0    0  6.2 13 360   M    M  10 1      18  10
================================================================================
SM 2346 1772        71 122  6.65     0.0 222.8          M      130
================================================================================
AV 75.7 57.2                               7.2 FASTST   M    M   4    MAX(MPH)
                                 MISC ---->  # 40 280               # 55  270
================================================================================
NOTES:
# LAST OF SEVERAL OCCURRENCES

COLUMN 17 PEAK WIND IN M.P.H.

PRELIMINARY LOCAL CLIMATOLOGICAL DATA (WS FORM: F-6) , PAGE 2

                                          STATION:  JEFFERSON CITY
                                          MONTH:    MAY
                                          YEAR:     2015
                                          LATITUDE:   38 35 N
                                          LONGITUDE:  92 10 W

[TEMPERATURE DATA]      [PRECIPITATION DATA]       SYMBOLS USED IN COLUMN 16

AVERAGE MONTHLY: 66.4   TOTAL FOR MONTH:   6.65    1 = FOG OR MIST
DPTR FM NORMAL:   1.2   DPTR FM NORMAL:    1.67    2 = FOG REDUCING VISIBILITY
HIGHEST:    84 ON 27,25 GRTST 24HR  1.37 ON 29-30      TO 1/4 MILE OR LESS
LOWEST:     38 ON  1                               3 = THUNDER
                        SNOW, ICE PELLETS, HAIL    4 = ICE PELLETS
                        TOTAL MONTH:   0.0 INCH    5 = HAIL
                        GRTST 24HR     0.0         6 = FREEZING RAIN OR DRIZZLE
                        GRTST DEPTH:   0           7 = DUSTSTORM OR SANDSTORM:
                                                       VSBY 1/2 MILE OR LESS
                                                   8 = SMOKE OR HAZE
[NO. OF DAYS WITH]      [WEATHER - DAYS WITH]      9 = BLOWING SNOW
                                                   X = TORNADO
MAX 32 OR BELOW:   0    0.01 INCH OR MORE:  16
MAX 90 OR ABOVE:   0    0.10 INCH OR MORE:  16
MIN 32 OR BELOW:   0    0.50 INCH OR MORE:   5
MIN  0 OR BELOW:   0    1.00 INCH OR MORE:   1

[HDD (BASE 65) ]
TOTAL THIS MO.    71    CLEAR  (SCALE 0-3)  12
DPTR FM NORMAL   -19    PTCLDY (SCALE 4-7)  15
TOTAL FM JUL 1  4803    CLOUDY (SCALE 8-10)  4
DPTR FM NORMAL   162

[CDD (BASE 65) ]
TOTAL THIS MO.   122
DPTR FM NORMAL    24    [PRESSURE DATA]
TOTAL FM JAN 1   135    HIGHEST SLP 30.35 ON 13
DPTR FM NORMAL     7    LOWEST  SLP 29.73 ON 26

[REMARKS]
#FINAL-05-15#
