000
CXUS55 KJKL 220800
CF6JKL
PRELIMINARY LOCAL CLIMATOLOGICAL DATA (WS FORM: F-6)

                                          STATION:   JACKSON KY
                                          MONTH:     DECEMBER
                                          YEAR:      2014
                                          LATITUDE:   37 35 N
                                          LONGITUDE:  83 19 W

  TEMPERATURE IN F:       :PCPN:    SNOW:  WIND      :SUNSHINE: SKY     :PK WND
================================================================================
1   2   3   4   5  6A  6B    7    8   9   10  11  12  13   14  15   16   17  18
                                     12Z  AVG MX 2MIN
DY MAX MIN AVG DEP HDD CDD  WTR  SNW DPTH SPD SPD DIR MIN PSBL S-S WX    SPD DR
================================================================================

 1  62  37  50   8  15   0 0.37  0.0    0  5.6 13 210   M    M  10 1      23 220
 2  54  36  45   3  20   0 0.25  0.0    0  2.9  9 310   M    M   9 123    13 220
 3  55  33  44   2  21   0    T  0.0    0  5.4 15 320   M    M   8 1      23 260
 4  42  32  37  -4  28   0 0.33  0.0    0  3.3  8  60   M    M   8 12     13  50
 5  59  42  51  10  14   0 0.19  0.0    0  3.9  8 200   M    M   9 1      16 190
 6  57  37  47   6  18   0 0.39  0.0    0  6.5 17 330   M    M  10 1      25 330
 7  45  35  40   0  25   0 0.00  0.0    0  4.3 12  40   M    M   4        20  40
 8  46  35  41   1  24   0 0.00  0.0    0  2.3  9  70   M    M   3        15  80
 9  41  37  39  -1  26   0    T  0.0    0  5.5 10 310   M    M  10 1      14 330
10  37  31  34  -5  31   0 0.03    T    0  4.7 12 320   M    M  10 18     17 330
11  40  28  34  -5  31   0 0.00  0.0    0  5.5 10 270   M    M   5        15 300
12  46  24  35  -4  30   0 0.00  0.0    0  4.5  9 250   M    M   0        13 250
13  37  30  34  -4  31   0 0.00  0.0    0  2.9  9 250   M    M   9        15 270
14  42  36  39   1  26   0 0.00  0.0    0  0.0  5 130   M    M  10         6 140
15  54  38  46   8  19   0 0.01  0.0    0  3.5  8 190   M    M   6        16 110
16  52  41  47   9  18   0 0.05  0.0    0  6.8 17 250   M    M   9        28 270
17  41  28  35  -3  30   0 0.01  0.0    0  5.0 12 270   M    M   7 12     17 300
18  35  28  32  -5  33   0 0.00  0.0    0  1.3  7 310   M    M   9        11 300
19  38  27  33  -4  32   0 0.00  0.0    0  1.7  8  60   M    M   4        11  40
20  38  27  33  -4  32   0 0.00  0.0    0  1.6  7  50   M    M   7        10  40
21  45  26  36  -1  29   0 0.00  0.0    0  3.6  8  70   M    M   1 1      14  80
================================================================================
SM  966  688       533   0  1.63    T     80.8          M      148
================================================================================
AV 46.0 32.8                               3.8 FASTST   M    M   7    MAX(MPH)
                                 MISC ---->  # 17 330               # 28  270
================================================================================
NOTES:
# LAST OF SEVERAL OCCURRENCES

COLUMN 17 PEAK WIND IN M.P.H.

PRELIMINARY LOCAL CLIMATOLOGICAL DATA (WS FORM: F-6) , PAGE 2

                                          STATION:  JACKSON KY
                                          MONTH:    DECEMBER
                                          YEAR:     2014
                                          LATITUDE:   37 35 N
                                          LONGITUDE:  83 19 W

[TEMPERATURE DATA]      [PRECIPITATION DATA]       SYMBOLS USED IN COLUMN 16

AVERAGE MONTHLY: 39.4   TOTAL FOR MONTH:   1.63    1 = FOG OR MIST
DPTR FM NORMAL:   0.1   DPTR FM NORMAL:   -1.27    2 = FOG REDUCING VISIBILITY
HIGHEST:    62 ON  1    GRTST 24HR  0.57 ON  1- 2      TO 1/4 MILE OR LESS
LOWEST:     24 ON 12                               3 = THUNDER
                        SNOW, ICE PELLETS, HAIL    4 = ICE PELLETS
                        TOTAL MONTH:    T          5 = HAIL
                        GRTST 24HR    T  ON 10-10  6 = FREEZING RAIN OR DRIZZLE
                        GRTST DEPTH:   0           7 = DUSTSTORM OR SANDSTORM:
                                                       VSBY 1/2 MILE OR LESS
                                                   8 = SMOKE OR HAZE
[NO. OF DAYS WITH]      [WEATHER - DAYS WITH]      9 = BLOWING SNOW
                                                   X = TORNADO
MAX 32 OR BELOW:   0    0.01 INCH OR MORE:   9
MAX 90 OR ABOVE:   0    0.10 INCH OR MORE:   5
MIN 32 OR BELOW:  10    0.50 INCH OR MORE:   0
MIN  0 OR BELOW:   0    1.00 INCH OR MORE:   0

[HDD (BASE 65) ]
TOTAL THIS MO.   533    CLEAR  (SCALE 0-3)   3
DPTR FM NORMAL    -9    PTCLDY (SCALE 4-7)   7
TOTAL FM JUL 1  1523    CLOUDY (SCALE 8-10) 11
DPTR FM NORMAL   181

[CDD (BASE 65) ]
TOTAL THIS MO.     0
DPTR FM NORMAL     0    [PRESSURE DATA]
TOTAL FM JAN 1  1165    HIGHEST SLP M ON M
DPTR FM NORMAL    11    LOWEST  SLP 29.80 ON 16

[REMARKS]
