000
CXUS53 KSGF 010800
CF6JLN
PRELIMINARY LOCAL CLIMATOLOGICAL DATA (WS FORM: F-6)

                                          STATION:   JOPLIN MO
                                          MONTH:     SEPTEMBER
                                          YEAR:      2014
                                          LATITUDE:   37 10 N
                                          LONGITUDE:  94 30 W

  TEMPERATURE IN F:       :PCPN:    SNOW:  WIND      :SUNSHINE: SKY     :PK WND
================================================================================
1   2   3   4   5  6A  6B    7    8   9   10  11  12  13   14  15   16   17  18
                                     12Z  AVG MX 2MIN
DY MAX MIN AVG DEP HDD CDD  WTR  SNW DPTH SPD SPD DIR MIN PSBL S-S WX    SPD DR
================================================================================

 1  89  63  76  -1   0  11 1.53    M    M 12.6 38 310   M    M   8 13     50 300
 2  81  65  73  -3   0   8 1.07    M    M  8.7 31 340   M    M   5 13     43 330
 3  92  69  81   5   0  16 0.00    M    M 11.6 22 180   M    M   3        28 200
 4  93  76  85   9   0  20 0.00    M    M 14.3 25 210   M    M   0        32 210
 5  92  64  78   3   0  13 0.17    M    M 10.9 24 330   M    M   1 13     34 320
 6  71  58  65 -10   0   0 0.26    M    M  6.5 13  20   M    M   7 1      16  30
 7  80  55  68  -6   0   3 0.00    M    M  4.7 13 110   M    M   0 1      16  70
 8  86  61  74   0   0   9 0.00    M    M  8.7 17 190   M    M   3        22 210
 9  91  72  82   8   0  17 0.00    M    M 16.5 28 180   M    M   1        38 200
10  88  67  78   5   0  13 0.02    M    M 17.1 29 190   M    M   5        40 200
11  67  56  62 -11   3   0 0.00    M    M 10.4 16  50   M    M  10 1      22  50
12  59  50  55 -17  10   0    T    M    M 10.9 20  20   M    M  10 1      27  20
13  67  48  58 -14   7   0 0.00    M    M  7.5 16  40   M    M   4        21  60
14  77  49  63  -9   2   0 0.00    M    M  5.8 13 190   M    M   3        17  40
15  84  65  75   4   0  10 0.69    M    M 11.7 24 210   M    M   5 13     29 210
16  75  59  67  -4   0   2    T  0.0    0  5.2  9 150   M    M   8 1      14  40
17  88  65  77   7   0  12 0.01    M    M 10.6 22 220   M    M   4 13     28 210
18  77  63  70   0   0   5 0.77  0.0    0  9.3 28 180   M    M   3 13     33 180
19  82  62  72   3   0   7 0.00  0.0    0  6.0 12 210   M    M   3 1      15 210
20  85  66  76   7   0  11 0.00  0.0    0  9.3 17 200   M    M   2 1      22 220
21  79  59  69   1   0   4 0.01  0.0    0  8.7 18 350   M    M   2 1      23 360
22  75  48  62  -6   3   0 0.00    M    M  4.6 10 100   M    M   0 1      13  70
23  75  50  63  -5   2   0 0.00    M    M  6.9 14 150   M    M   0        22 160
24  77  53  65  -2   0   0 0.00    M    M  6.3 13 230   M    M   0 8      17 170
25  81  58  70   3   0   5 0.00    M    M  4.3 10 180   M    M   2         M  M
26  81  60  71   5   0   6 0.00    M    M  4.6 13 160   M    M   1        16 170
27  82  58  70   4   0   5 0.00    M    M  3.3 14 170   M    M   2        17 150
28  84  56  70   4   0   5 0.00    M    M  1.9  8 170   M    M   2 1      12 150
29  86  57  72   7   0   7 0.00  0.0    0  2.5  8 120   M    M   0 1      12 200
30  85  59  72   7   0   7 0.00    M    0  8.1 20 190   M    M   1        30 180
================================================================================
SM 2429 1791        27 196  4.53     0.0 249.5          M       95
================================================================================
AV 81.0 59.7                               8.3 FASTST   M    M   3    MAX(MPH)
                                 MISC ---->  # 38 310               # 50  300
================================================================================
NOTES:
# LAST OF SEVERAL OCCURRENCES

COLUMN 17 PEAK WIND IN M.P.H.

PRELIMINARY LOCAL CLIMATOLOGICAL DATA (WS FORM: F-6) , PAGE 2

                                          STATION:  JOPLIN MO
                                          MONTH:    SEPTEMBER
                                          YEAR:     2014
                                          LATITUDE:   37 10 N
                                          LONGITUDE:  94 30 W

[TEMPERATURE DATA]      [PRECIPITATION DATA]       SYMBOLS USED IN COLUMN 16

AVERAGE MONTHLY: 70.3   TOTAL FOR MONTH:   4.53    1 = FOG OR MIST
DPTR FM NORMAL:  -0.5   DPTR FM NORMAL:   -0.42    2 = FOG REDUCING VISIBILITY
HIGHEST:    93 ON  4    GRTST 24HR  2.49 ON  1- 2      TO 1/4 MILE OR LESS
LOWEST:     48 ON 22,13                            3 = THUNDER
                        SNOW, ICE PELLETS, HAIL    4 = ICE PELLETS
                        TOTAL MONTH:   0.0 INCH    5 = HAIL
                        GRTST 24HR     0.0         6 = FREEZING RAIN OR DRIZZLE
                        GRTST DEPTH:   0           7 = DUSTSTORM OR SANDSTORM:
                                                       VSBY 1/2 MILE OR LESS
                                                   8 = SMOKE OR HAZE
[NO. OF DAYS WITH]      [WEATHER - DAYS WITH]      9 = BLOWING SNOW
                                                   X = TORNADO
MAX 32 OR BELOW:   0    0.01 INCH OR MORE:   9
MAX 90 OR ABOVE:   4    0.10 INCH OR MORE:   6
MIN 32 OR BELOW:   0    0.50 INCH OR MORE:   4
MIN  0 OR BELOW:   0    1.00 INCH OR MORE:   2

[HDD (BASE 65) ]
TOTAL THIS MO.    27    CLEAR  (SCALE 0-3)  20
DPTR FM NORMAL   -14    PTCLDY (SCALE 4-7)   8
TOTAL FM JUL 1    28    CLOUDY (SCALE 8-10)  2
DPTR FM NORMAL   -14

[CDD (BASE 65) ]
TOTAL THIS MO.   196
DPTR FM NORMAL   -19    [PRESSURE DATA]
TOTAL FM JAN 1  1529    HIGHEST SLP M ON M
DPTR FM NORMAL  -113    LOWEST  SLP 29.66 ON 10

[REMARKS]
#FINAL-09-14#
