000
CXUS53 KBIS 190830
CF6JMS
PRELIMINARY LOCAL CLIMATOLOGICAL DATA (WS FORM: F-6)

                                          STATION:   JAMESTOWN ND
                                          MONTH:     NOVEMBER
                                          YEAR:      2017
                                          LATITUDE:   46 55 N
                                          LONGITUDE:  98 40 W

  TEMPERATURE IN F:       :PCPN:    SNOW:  WIND      :SUNSHINE: SKY     :PK WND
================================================================================
1   2   3   4   5  6A  6B    7    8   9   10  11  12  13   14  15   16   17  18
                                     12Z  AVG MX 2MIN
DY MAX MIN AVG DEP HDD CDD  WTR  SNW DPTH SPD SPD DIR MIN PSBL S-S WX    SPD DR
================================================================================

 1  36  30  33  -3  32   0 0.08    M    M  8.5 20 170   M    M  10 12     26 170
 2  33  16  25 -11  40   0 0.00    M    M 10.9 18 350   M    M   9 12     22 350
 3  28  19  24 -11  41   0 0.04    M    M 12.5 21 110   M    M  10 1      25 110
 4  34  24  29  -5  36   0 0.01    M    M 13.8 26 300   M    M  10 16     33 300
 5  24  11  18 -16  47   0    T    M    M 12.8 24 310   M    M   7        30 320
 6  25  11  18 -15  47   0    T    M    M  7.3 15 340   M    M   9 1      17 330
 7  29   3  16 -17  49   0 0.00    M    M 11.0 22 230   M    M   0        28 220
 8  22   8  15 -17  50   0    T    M    M  9.1 17 340   M    M   4 1      24 350
 9  16   1   9 -23  56   0 0.00    M    M  7.4 14 290   M    M   1        17 280
10  26  11  19 -12  46   0    T    M    M 19.8 29 180   M    M   4        39 170
11  29  18  24  -6  41   0 0.00    M    M  8.9 18 330   M    M   4        21 330
12  32  14  23  -7  42   0 0.00    M    M  5.2 13 140   M    M   2 1      15 150
13  42  25  34   5  31   0 0.00    M    M  6.0 13 120   M    M   0 1      16 130
14  42  22  32   4  33   0 0.00    M    M  9.2 25 320   M    M   4 12     33 310
15  29  17  23  -5  42   0    T    M    M 18.5 32 310   M    M  10        39 320
16  32  17  25  -2  40   0 0.00    M    M 15.4 29 150   M    M   6 1      33 140
17  33  17  25  -2  40   0    T    M    M  8.2 18 320   M    M   2        25 310
18  24  11  18  -8  47   0 0.00    M    M 13.3 28 320   M    M   2        34 320
================================================================================
SM  536  275       760   0  0.13    M    197.8          M       94
================================================================================
AV 29.8 15.3                              11.0 FASTST   M    M   5    MAX(MPH)
                                 MISC ---->  # 32 310               # 39  170
================================================================================
NOTES:
# LAST OF SEVERAL OCCURRENCES

COLUMN 17 PEAK WIND IN M.P.H.

PRELIMINARY LOCAL CLIMATOLOGICAL DATA (WS FORM: F-6) , PAGE 2

                                          STATION:  JAMESTOWN ND
                                          MONTH:    NOVEMBER
                                          YEAR:     2017
                                          LATITUDE:   46 55 N
                                          LONGITUDE:  98 40 W

[TEMPERATURE DATA]      [PRECIPITATION DATA]       SYMBOLS USED IN COLUMN 16

AVERAGE MONTHLY: 22.5   TOTAL FOR MONTH:   0.13    1 = FOG OR MIST
DPTR FM NORMAL:  -8.6   DPTR FM NORMAL:   -0.30    2 = FOG REDUCING VISIBILITY
HIGHEST:    42 ON 14,13 GRTST 24HR  0.08 ON  1- 1      TO 1/4 MILE OR LESS
LOWEST:      1 ON  9                               3 = THUNDER
                        SNOW, ICE PELLETS, HAIL    4 = ICE PELLETS
                        TOTAL MONTH:    M          5 = HAIL
                        GRTST 24HR    M  ON   M    6 = FREEZING RAIN OR DRIZZLE
                        GRTST DEPTH:  M  ON   M    7 = DUSTSTORM OR SANDSTORM:
                                                       VSBY 1/2 MILE OR LESS
                                                   8 = SMOKE OR HAZE
[NO. OF DAYS WITH]      [WEATHER - DAYS WITH]      9 = BLOWING SNOW
                                                   X = TORNADO
MAX 32 OR BELOW:  12    0.01 INCH OR MORE:   3
MAX 90 OR ABOVE:   0    0.10 INCH OR MORE:   0
MIN 32 OR BELOW:  18    0.50 INCH OR MORE:   0
MIN  0 OR BELOW:   0    1.00 INCH OR MORE:   0

[HDD (BASE 65) ]
TOTAL THIS MO.   760    CLEAR  (SCALE 0-3)   6
DPTR FM NORMAL   153    PTCLDY (SCALE 4-7)   6
TOTAL FM JUL 1  1585    CLOUDY (SCALE 8-10)  6
DPTR FM NORMAL    11

[CDD (BASE 65) ]
TOTAL THIS MO.     0
DPTR FM NORMAL     0    [PRESSURE DATA]
TOTAL FM JAN 1   397    HIGHEST SLP M ON M
DPTR FM NORMAL   -49    LOWEST  SLP 29.46 ON  1

[REMARKS]
