000
CXUS53 KBIS 240830
CF6JMS
PRELIMINARY LOCAL CLIMATOLOGICAL DATA (WS FORM: F-6)

                                          STATION:   JAMESTOWN ND
                                          MONTH:     SEPTEMBER
                                          YEAR:      2017
                                          LATITUDE:   46 55 N
                                          LONGITUDE:  98 40 W

  TEMPERATURE IN F:       :PCPN:    SNOW:  WIND      :SUNSHINE: SKY     :PK WND
================================================================================
1   2   3   4   5  6A  6B    7    8   9   10  11  12  13   14  15   16   17  18
                                     12Z  AVG MX 2MIN
DY MAX MIN AVG DEP HDD CDD  WTR  SNW DPTH SPD SPD DIR MIN PSBL S-S WX    SPD DR
================================================================================

 1  78  59  69   5   0   4 0.03    M    M 10.8 21 170   M    M   7 1      26 170
 2  81  54  68   4   0   3 0.00    M    M  6.7 15 280   M    M   1        20 260
 3  91  54  73  10   0   8 0.00    M    M  8.1 23 360   M    M   0        31 360
 4  72  50  61  -2   4   0    T    M    M 15.7 32 330   M    M   2        44 310
 5  66  44  55  -7  10   0 0.00    M    M 12.4 24 330   M    M   5        31 340
 6  72  41  57  -5   8   0 0.00    M    M  4.3 13 320   M    M   4        17 290
 7  83  42  63   2   2   0 0.00    M    M  6.0 16  20   M    M   0        20 350
 8  72  43  58  -3   7   0 0.00    M    M  9.9 20 130   M    M   0        25 120
 9  78  49  64   4   1   0 0.00    M    M 11.5 20 140   M    M   0        25 140
10  85  59  72  12   0   7 0.00    M    M  9.6 17 180   M    M   0        24 190
11  81  50  66   6   0   1 0.00    M    M  4.8 10 190   M    M   0 1      12 190
12  94  57  76  17   0  11 0.00    M    M  6.1 13 180   M    M   0 1      17 190
13  76  55  66   7   0   1 0.00    M    M  7.2 13 320   M    M   3 8      16 320
14  69  53  61   3   4   0 0.08    M    M  9.4 20  10   M    M   5 13     23  10
15  53  49  51  -7  14   0 0.83    M    M 14.2 24  30   M    M  10 13     32  60
16  54  45  50  -7  15   0 0.01    M    M  9.9 20 340   M    M  10 18     25 350
17  62  42  52  -5  13   0 0.00    M    M  8.6 22 310   M    M   4        28 320
18  72  44  58   2   7   0 0.00    M    M  5.8 14 240   M    M   4 12     17 250
19  72  49  61   5   4   0 0.52    M    M 13.5 24 120   M    M   7 123    32 140
20  71  47  59   3   6   0 0.00    M    M 11.8 25 240   M    M   1        32 250
21  82  47  65  10   0   0 0.00    M    M 12.2 28 170   M    M   1        36 180
22  64  51  58   3   7   0    T    M    M 15.1 23 330   M    M   7 1      31 330
23  60  49  55   1  10   0 0.25    M    M 10.3 22 340   M    M  10 1      28 330
================================================================================
SM 1688 1133       112  35  1.72    M    223.9          M       81
================================================================================
AV 73.4 49.3                               9.7 FASTST   M    M   4    MAX(MPH)
                                 MISC ---->  # 32 330               # 44  310
================================================================================
NOTES:
# LAST OF SEVERAL OCCURRENCES

COLUMN 17 PEAK WIND IN M.P.H.

PRELIMINARY LOCAL CLIMATOLOGICAL DATA (WS FORM: F-6) , PAGE 2

                                          STATION:  JAMESTOWN ND
                                          MONTH:    SEPTEMBER
                                          YEAR:     2017
                                          LATITUDE:   46 55 N
                                          LONGITUDE:  98 40 W

[TEMPERATURE DATA]      [PRECIPITATION DATA]       SYMBOLS USED IN COLUMN 16

AVERAGE MONTHLY: 61.3   TOTAL FOR MONTH:   1.72    1 = FOG OR MIST
DPTR FM NORMAL:   2.2   DPTR FM NORMAL:    0.11    2 = FOG REDUCING VISIBILITY
HIGHEST:    94 ON 12    GRTST 24HR  0.83 ON 15-15      TO 1/4 MILE OR LESS
LOWEST:     41 ON  6                               3 = THUNDER
                        SNOW, ICE PELLETS, HAIL    4 = ICE PELLETS
                        TOTAL MONTH:    M          5 = HAIL
                        GRTST 24HR    M  ON   M    6 = FREEZING RAIN OR DRIZZLE
                        GRTST DEPTH:  M  ON   M    7 = DUSTSTORM OR SANDSTORM:
                                                       VSBY 1/2 MILE OR LESS
                                                   8 = SMOKE OR HAZE
[NO. OF DAYS WITH]      [WEATHER - DAYS WITH]      9 = BLOWING SNOW
                                                   X = TORNADO
MAX 32 OR BELOW:   0    0.01 INCH OR MORE:   6
MAX 90 OR ABOVE:   2    0.10 INCH OR MORE:   3
MIN 32 OR BELOW:   0    0.50 INCH OR MORE:   2
MIN  0 OR BELOW:   0    1.00 INCH OR MORE:   0

[HDD (BASE 65) ]
TOTAL THIS MO.   112    CLEAR  (SCALE 0-3)  11
DPTR FM NORMAL   -52    PTCLDY (SCALE 4-7)   9
TOTAL FM JUL 1   146    CLOUDY (SCALE 8-10)  3
DPTR FM NORMAL   -84

[CDD (BASE 65) ]
TOTAL THIS MO.    35
DPTR FM NORMAL     7    [PRESSURE DATA]
TOTAL FM JAN 1   397    HIGHEST SLP  0.00 ON 22
DPTR FM NORMAL   -46    LOWEST  SLP 29.42 ON 19

[REMARKS]
