000
CXUS55 KCTP 191131
CF6JST
PRELIMINARY LOCAL CLIMATOLOGICAL DATA (WS FORM: F-6)

                                          STATION:   JOHNSTOWN
                                          MONTH:     SEPTEMBER
                                          YEAR:      2014
                                          LATITUDE:   40 18 N
                                          LONGITUDE:  78 50 W

  TEMPERATURE IN F:       :PCPN:    SNOW:  WIND      :SUNSHINE: SKY     :PK WND
================================================================================
1   2   3   4   5  6A  6B    7    8   9   10  11  12  13   14  15   16   17  18
                                     12Z  AVG MX 2MIN
DY MAX MIN AVG DEP HDD CDD  WTR  SNW DPTH SPD SPD DIR MIN PSBL S-S WX    SPD DR
================================================================================

 1  79  66  73   8   0   8 0.07    M    M  7.9 17 240   M    M   8 18     22 230
 2  80  66  73   8   0   8 0.22    M    M 10.9 23 230   M    M   7 13     33 230
 3  77  62  70   5   0   5 0.00  0.0    0  5.0  8 160   M    M   4 1       M  M
 4  84  62  73   9   0   8 0.00    M    M  5.1 12 160   M    M   3 13     16 230
 5  83  65  74  10   0   9 0.00    M    M  5.3 12 230   M    M   3 12     14 300
 6  80  58  69   5   0   4 0.10    M    M  9.0 17 330   M    M   5 138    23 320
 7  69  51  60  -3   5   0 0.00    M    M  5.6 14  50   M    M   2        19  70
 8  69  50  60  -3   5   0 0.00    M    M  8.2 17 140   M    M   4        25 120
 9  68  56  62   0   3   0 0.00    M    M  8.1 15 160   M    M   9 8      20 150
10  75  61  68   6   0   3    T  0.0    0 11.5 20 160   M    M   7 1      26 170
11  72  54  63   1   2   0 0.07  0.0    0 11.8 23 250   M    M   9 1      33 230
12  64  50  57  -4   8   0 0.01  0.0    0  6.1 14 360   M    M   6 1      16 340
13  62  44  53  -8  12   0 0.30  0.0    0  9.1 22 320   M    M   8 12     26 320
14  62  41  52  -9  13   0 0.00  0.0    0  4.1  8 310   M    M   3 12     12 270
15  66  43  55  -5  10   0 0.00  0.0    0  4.7 15 200   M    M   2 1      19 190
16  62  48  55  -5  10   0 0.06  0.0    0  6.7 14 290   M    M   7 1      17 280
17  66  45  56  -3   9   0 0.00  0.0    0  3.7 13 310   M    M   4 1      16 290
18  64  47  56  -3   9   0 0.00    M    M  4.1 15 310   M    M   4 1      19 310
================================================================================
SM 1282  969        86  45  0.83     0.0 126.9          M       95
================================================================================
AV 71.2 53.8                               7.0 FASTST   M    M   5    MAX(MPH)
                                 MISC ---->  # 23 230               # 33  230
================================================================================
NOTES:
# LAST OF SEVERAL OCCURRENCES

COLUMN 17 PEAK WIND IN M.P.H.

PRELIMINARY LOCAL CLIMATOLOGICAL DATA (WS FORM: F-6) , PAGE 2

                                          STATION:  JOHNSTOWN
                                          MONTH:    SEPTEMBER
                                          YEAR:     2014
                                          LATITUDE:   40 18 N
                                          LONGITUDE:  78 50 W

[TEMPERATURE DATA]      [PRECIPITATION DATA]       SYMBOLS USED IN COLUMN 16

AVERAGE MONTHLY: 62.5   TOTAL FOR MONTH:   0.83    1 = FOG OR MIST
DPTR FM NORMAL:   0.3   DPTR FM NORMAL:   -1.22    2 = FOG REDUCING VISIBILITY
HIGHEST:    84 ON  4    GRTST 24HR  0.61 ON 31- 1      TO 1/4 MILE OR LESS
LOWEST:     41 ON 14                               3 = THUNDER
                        SNOW, ICE PELLETS, HAIL    4 = ICE PELLETS
                        TOTAL MONTH:   0.0 INCH    5 = HAIL
                        GRTST 24HR     0.0         6 = FREEZING RAIN OR DRIZZLE
                        GRTST DEPTH:   0           7 = DUSTSTORM OR SANDSTORM:
                                                       VSBY 1/2 MILE OR LESS
                                                   8 = SMOKE OR HAZE
[NO. OF DAYS WITH]      [WEATHER - DAYS WITH]      9 = BLOWING SNOW
                                                   X = TORNADO
MAX 32 OR BELOW:   0    0.01 INCH OR MORE:   7
MAX 90 OR ABOVE:   0    0.10 INCH OR MORE:   3
MIN 32 OR BELOW:   0    0.50 INCH OR MORE:   0
MIN  0 OR BELOW:   0    1.00 INCH OR MORE:   0

[HDD (BASE 65) ]
TOTAL THIS MO.    86    CLEAR  (SCALE 0-3)   4
DPTR FM NORMAL    13    PTCLDY (SCALE 4-7)  12
TOTAL FM JUL 1   169    CLOUDY (SCALE 8-10)  2
DPTR FM NORMAL    54

[CDD (BASE 65) ]
TOTAL THIS MO.    45
DPTR FM NORMAL    23    [PRESSURE DATA]
TOTAL FM JAN 1   340    HIGHEST SLP M ON M
DPTR FM NORMAL   -42    LOWEST  SLP 29.75 ON  2

[REMARKS]
