000
CXUS55 KCTP 281131
CF6JST
PRELIMINARY LOCAL CLIMATOLOGICAL DATA (WS FORM: F-6)

                                          STATION:   JOHNSTOWN
                                          MONTH:     FEBRUARY
                                          YEAR:      2015
                                          LATITUDE:   40 18 N
                                          LONGITUDE:  78 50 W

  TEMPERATURE IN F:       :PCPN:    SNOW:  WIND      :SUNSHINE: SKY     :PK WND
================================================================================
1   2   3   4   5  6A  6B    7    8   9   10  11  12  13   14  15   16   17  18
                                     12Z  AVG MX 2MIN
DY MAX MIN AVG DEP HDD CDD  WTR  SNW DPTH SPD SPD DIR MIN PSBL S-S WX    SPD DR
================================================================================

 1  33  23  28   3  37   0 0.34    M    M 10.5 23 160   M    M  10 1268   33 170
 2  37   9  23  -2  42   0 0.50    M    M 19.5 33 300   M    M  10 16     45 300
 3  21   5  13 -12  52   0    T    M    M 11.6 22 270   M    M   8 1      28 250
 4  43  20  32   7  33   0 0.01    M    M 10.5 22 250   M    M   7 1      26 270
 5  30   2  16 -10  49   0 0.03    M    M 14.9 23 300   M    M   6 189    30 300
 6  22   1  12 -14  53   0 0.00    M    M 14.4 25 270   M    M   3        34 270
 7  42  20  31   5  34   0 0.00    M    M 11.8 24 260   M    M   6        32 270
 8  49  40  45  19  20   0 0.04    M    M 10.6 22 240   M    M   5 1      31 240
 9  43  26  35   9  30   0 0.28    M    M  6.8 12 290   M    M  10 12     13 200
10  26  23  25  -1  40   0 0.00    M    M  7.5 13 320   M    M  10 128    15 320
11  33  21  27   1  38   0    T    M    M  6.6 22 260   M    M   9 18     33 290
12  29   1  15 -11  50   0 0.01    M    M 20.0 31 310   M    M   9 168    39 290
13  14  -1   7 -20  58   0    T    M    M 11.7 23 300   M    M   3 8      31 300
14  25  -2  12 -15  53   0 0.04    M    M 16.4 35 300   M    M   7 1289   44 320
15   1  -9  -4 -31  69   0    T    M    M 21.6 35 300   M    M   8 89     48 310
16   9 -11  -1 -28  66   0 0.01    M    M  6.5 18 300   M    M   5 18     21 310
17  16   1   9 -18  56   0 0.01    M    M  8.7 20 280   M    M   6 18     25 270
18  19   3  11 -17  54   0 0.03    M    M 12.3 25 280   M    M   8 1289   36 290
19   3  -8  -2 -30  67   0 0.04    M    M 16.6 31 300   M    M  10 189    39 300
20   7  -9  -1 -29  66   0 0.01    M    M 10.0 21 310   M    M   5 8      26 300
21  32   2  17 -11  48   0 0.13    M    M 10.0 18 170   M    M  10 168    25 170
22  32  23  28   0  37   0    T    M    M 10.4 21 280   M    M  10 12     26 290
23  23  -3  10 -19  55   0    T    M    M 13.0 22 310   M    M   5 189    28 290
24  25  -8   9 -20  56   0 0.00    M    M  9.9 28 260   M    M   2 8      37 260
25  28  18  23  -6  42   0    T    M    M 14.0 30 270   M    M   5 8      38 260
26  26  12  19 -11  46   0    T    M    M  7.6 17 300   M    M   9 18     21 300
27  13   3   8 -22  57   0    T    M    M  9.4 17 280   M    M   7 18     24 260
================================================================================
SM  681  202      1308   0  1.48    M    322.8          M      193
================================================================================
AV 25.2  7.5                              12.0 FASTST   M    M   7    MAX(MPH)
                                 MISC ---->  # 35 300               # 48  310
================================================================================
NOTES:
# LAST OF SEVERAL OCCURRENCES

COLUMN 17 PEAK WIND IN M.P.H.

PRELIMINARY LOCAL CLIMATOLOGICAL DATA (WS FORM: F-6) , PAGE 2

                                          STATION:  JOHNSTOWN
                                          MONTH:    FEBRUARY
                                          YEAR:     2015
                                          LATITUDE:   40 18 N
                                          LONGITUDE:  78 50 W

[TEMPERATURE DATA]      [PRECIPITATION DATA]       SYMBOLS USED IN COLUMN 16

AVERAGE MONTHLY: 16.4   TOTAL FOR MONTH:   1.48    1 = FOG OR MIST
DPTR FM NORMAL: -10.7   DPTR FM NORMAL:   -0.78    2 = FOG REDUCING VISIBILITY
HIGHEST:    49 ON  8    GRTST 24HR  0.83 ON  1- 2      TO 1/4 MILE OR LESS
LOWEST:    -11 ON 16                               3 = THUNDER
                        SNOW, ICE PELLETS, HAIL    4 = ICE PELLETS
                        TOTAL MONTH:    M          5 = HAIL
                        GRTST 24HR    M  ON   M    6 = FREEZING RAIN OR DRIZZLE
                        GRTST DEPTH:  M  ON   M    7 = DUSTSTORM OR SANDSTORM:
                                                       VSBY 1/2 MILE OR LESS
                                                   8 = SMOKE OR HAZE
[NO. OF DAYS WITH]      [WEATHER - DAYS WITH]      9 = BLOWING SNOW
                                                   X = TORNADO
MAX 32 OR BELOW:  20    0.01 INCH OR MORE:  14
MAX 90 OR ABOVE:   0    0.10 INCH OR MORE:   4
MIN 32 OR BELOW:  26    0.50 INCH OR MORE:   1
MIN  0 OR BELOW:   8    1.00 INCH OR MORE:   0

[HDD (BASE 65) ]
TOTAL THIS MO.  1308    CLEAR  (SCALE 0-3)   3
DPTR FM NORMAL   281    PTCLDY (SCALE 4-7)  13
TOTAL FM JUL 1  5138    CLOUDY (SCALE 8-10) 11
DPTR FM NORMAL   294

[CDD (BASE 65) ]
TOTAL THIS MO.     0
DPTR FM NORMAL     0    [PRESSURE DATA]
TOTAL FM JAN 1     0    HIGHEST SLP M ON M
DPTR FM NORMAL     0    LOWEST  SLP 29.41 ON  2

[REMARKS]
