000
CXUS53 KGRR 251017
CF6JXN
PRELIMINARY LOCAL CLIMATOLOGICAL DATA (WS FORM: F-6)

                                          STATION:   JACKSON
                                          MONTH:     MAY
                                          YEAR:      2017
                                          LATITUDE:   42 16 N
                                          LONGITUDE:  84 28 W

  TEMPERATURE IN F:       :PCPN:    SNOW:  WIND      :SUNSHINE: SKY     :PK WND
================================================================================
1   2   3   4   5  6A  6B    7    8   9   10  11  12  13   14  15   16   17  18
                                     12Z  AVG MX 2MIN
DY MAX MIN AVG DEP HDD CDD  WTR  SNW DPTH SPD SPD DIR MIN PSBL S-S WX    SPD DR
================================================================================

 1  65  48  57   4   8   0 0.46    M    M 15.4 32 220   M    M   9 13     45 200
 2  48  40  44 -10  21   0 0.21    M    M 15.6 28 250   M    M  10 1      37 240
 3  59  36  48  -6  17   0 0.00    M    M  5.1 14 160   M    M   2        19 310
 4  49  42  46  -8  19   0 0.63    M    M 11.1 17  30   M    M  10 1      25  10
 5  54  41  48  -6  17   0 0.02    M    M 13.9 31  30   M    M   5        42  20
 6  60  38  49  -6  16   0 0.00    M    M 11.2 22 320   M    M   3        29 310
 7  56  34  45 -10  20   0 0.00    M    M 11.6 23 300   M    M   1        31 310
 8  58  29  44 -11  21   0 0.00    M    M  7.9 18 310   M    M   0        25 300
 9  65  30  48  -8  17   0 0.00    M    M  3.1  9 180   M    M   2 8      15 190
10  69  46  58   2   7   0 0.08    M    M  8.0 17  70   M    M   6        24 100
11  66  46  56   0   9   0 0.14    M    M  7.5 16 100   M    M   6        22  90
12  69  40  55  -1  10   0    T    M    M  4.5 15  30   M    M   1        21  30
13  73  44  59   2   6   0    T    M    M  6.6 18 230   M    M   3 18     22 230
14  71  51  61   4   4   0 0.00    M    M  7.8 15 330   M    M   3        22 350
15  74  43  59   2   6   0 0.01    M    M  6.7 32 150   M    M   0        39 150
16  86  56  71  13   0   6 0.00    M    M 10.4 25 220   M    M   1 38     35 220
17  85  68  77  19   0  12 0.00    M    M 15.3 28 200   M    M   1        39 230
18  87  57  72  14   0   7 0.00    M    M 18.3 36 250   M    M   2 8      49 260
19  57  44  51  -8  14   0 0.15    M    M 10.3 17  50   M    M   8 1      22  50
20  65  46  56  -3   9   0 0.71    M    0 10.6 22 130   M    M   9 13     27  80
21  72  53  63   4   2   0 1.04    M    M 10.4 26 230   M    M   7 123    33 230
22  69  50  60   0   5   0 0.00    M    M 12.5 24 240   M    M   6        31 250
23  71  57  64   4   1   0 0.01    M    M  5.8 13 340   M    M   7        16 350
24  69  52  61   1   4   0 0.41  0.0    0  8.3 18 110   M    M   5 13     26  80
================================================================================
SM 1597 1091       233  25  3.87     0.0 237.9          M      107
================================================================================
AV 66.5 45.5                               9.9 FASTST   M    M   4    MAX(MPH)
                                 MISC ---->  # 36 250               # 49  260
================================================================================
NOTES:
# LAST OF SEVERAL OCCURRENCES

COLUMN 17 PEAK WIND IN M.P.H.

PRELIMINARY LOCAL CLIMATOLOGICAL DATA (WS FORM: F-6) , PAGE 2

                                          STATION:  JACKSON
                                          MONTH:    MAY
                                          YEAR:     2017
                                          LATITUDE:   42 16 N
                                          LONGITUDE:  84 28 W

[TEMPERATURE DATA]      [PRECIPITATION DATA]       SYMBOLS USED IN COLUMN 16

AVERAGE MONTHLY: 56.0   TOTAL FOR MONTH:   3.87    1 = FOG OR MIST
DPTR FM NORMAL:  -0.7   DPTR FM NORMAL:    1.33    2 = FOG REDUCING VISIBILITY
HIGHEST:    87 ON 18    GRTST 24HR  1.04 ON 21-21      TO 1/4 MILE OR LESS
LOWEST:     29 ON  8                               3 = THUNDER
                        SNOW, ICE PELLETS, HAIL    4 = ICE PELLETS
                        TOTAL MONTH:   0.0 INCH    5 = HAIL
                        GRTST 24HR     0.0         6 = FREEZING RAIN OR DRIZZLE
                        GRTST DEPTH:   0           7 = DUSTSTORM OR SANDSTORM:
                                                       VSBY 1/2 MILE OR LESS
                                                   8 = SMOKE OR HAZE
[NO. OF DAYS WITH]      [WEATHER - DAYS WITH]      9 = BLOWING SNOW
                                                   X = TORNADO
MAX 32 OR BELOW:   0    0.01 INCH OR MORE:  12
MAX 90 OR ABOVE:   0    0.10 INCH OR MORE:   8
MIN 32 OR BELOW:   2    0.50 INCH OR MORE:   3
MIN  0 OR BELOW:   0    1.00 INCH OR MORE:   1

[HDD (BASE 65) ]
TOTAL THIS MO.   233    CLEAR  (SCALE 0-3)  11
DPTR FM NORMAL    12    PTCLDY (SCALE 4-7)   9
TOTAL FM JUL 1  5511    CLOUDY (SCALE 8-10)  4
DPTR FM NORMAL -1056

[CDD (BASE 65) ]
TOTAL THIS MO.    25
DPTR FM NORMAL     7    [PRESSURE DATA]
TOTAL FM JAN 1    32    HIGHEST SLP M ON M
DPTR FM NORMAL     8    LOWEST  SLP 29.40 ON  1

[REMARKS]
