000
CXUS53 KGID 290730
CF6JYR
PRELIMINARY LOCAL CLIMATOLOGICAL DATA (WS FORM: F-6)

                                          STATION:   YORK
                                          MONTH:     AUGUST
                                          YEAR:      2015
                                          LATITUDE:   40 54 N
                                          LONGITUDE:  97 37 W

  TEMPERATURE IN F:       :PCPN:    SNOW:  WIND      :SUNSHINE: SKY     :PK WND
================================================================================
1   2   3   4   5  6A  6B    7    8   9   10  11  12  13   14  15   16   17  18
                                     12Z  AVG MX 2MIN
DY MAX MIN AVG DEP HDD CDD  WTR  SNW DPTH SPD SPD DIR MIN PSBL S-S WX    SPD DR
================================================================================

 1  82  61  72   M   0   7 0.12    M    M  5.4 13  40   M    M   2 3      18 340
 2  90  66  78   M   0  13 0.00    M    M  6.7 13 260   M    M   0         M  M
 3  81  66  74   M   0   9 0.00    M    M  8.4 13  90   M    M   1         M  M
 4  82  66  74   M   0   9 0.08    M    M  8.8 20 260   M    M   4 13     23 150
 5  81  66  74   M   0   9 0.04    M    M  4.0  7 150   M    M   7 12      M  M
 6  79  64  72   M   0   7    T    M    M  5.8 14 170   M    M   1 1      18 170
 7  86  64  75   M   0  10 0.02    M    M  4.7  8 100   M    M   1 13      M  M
 8  82  66  74   M   0   9 0.35    M    M  4.1 17 150   M    M   4 13      M  M
 9  86  66  76   M   0  11 0.00    M    M  3.3  8  90   M    M   4 1       M  M
10  81  61  71   M   0   6 0.00    M    M  7.2 15  10   M    M   2        20  30
11  82  57  70   M   0   5 0.00    M    M  0.7  4 250   M    M   1         M  M
12  82  63  73   M   0   8 0.00    M    M  5.8 12 200   M    M   1         M  M
13  84  63  74   M   0   9 0.00    M    M  8.1 14 200   M    M   1        17 220
14  86  66  76   M   0  11 0.00    M    M  7.1 12 160   M    M   1         M  M
15  86  64  75   M   0  10 0.00    M    M 10.5 17 180   M    M   0        24 180
16  88  66  77   M   0  12 0.03    M    M  9.1 15 200   M    M   3 3      21 200
17  73  64  69   M   0   4 0.56    M    M  7.4 12 140   M    M   9 13      M  M
18  70  54  62   M   3   0 0.33    M    M  9.7 20 320   M    M   7 13     24 320
19  73  50  62   M   3   0 0.00    M    M 10.5 18 320   M    M   2        28 310
20  81  50  66   M   0   1 0.00    M    M  8.1 16 180   M    M   1        21 190
21  82  61  72   M   0   7    T    M    M 13.5 21 190   M    M   3        28 190
22  82  59  71   M   0   6 0.00    M    M 13.0 22 190   M    M   5        29 180
23  72  46  59   M   6   0 0.00    M    M  9.3 15 330   M    M   0        21 330
24  77  43  60   M   5   0 0.00    M    M  2.0  8 250   M    M   0         M  M
25  81  50  66   M   0   1 0.00    M    M  4.1  9 130   M    M   1         M  M
26  82  57  70   M   0   5 0.00    M    M  8.7 14 160   M    M   0        17 160
27  84  64  74   M   0   9 0.11    M    M 12.7 20 170   M    M   2 3      27 170
28  73  61  67   M   0   2 0.00    M    M  7.1 13 320   M    M   8 1      21 350
================================================================================
SM 2268 1684        17 180  1.64    M    205.8          M       71
================================================================================
AV 81.0 60.1                               7.3 FASTST   M    M   3    MAX(MPH)
                                 MISC ---->    22   M                 29    M
================================================================================
NOTES:
# LAST OF SEVERAL OCCURRENCES

COLUMN 17 PEAK WIND IN M.P.H.

PRELIMINARY LOCAL CLIMATOLOGICAL DATA (WS FORM: F-6) , PAGE 2

                                          STATION:  YORK
                                          MONTH:    AUGUST
                                          YEAR:     2015
                                          LATITUDE:   40 54 N
                                          LONGITUDE:  97 37 W

[TEMPERATURE DATA]      [PRECIPITATION DATA]       SYMBOLS USED IN COLUMN 16

AVERAGE MONTHLY: 70.6   TOTAL FOR MONTH:   1.64    1 = FOG OR MIST
DPTR FM NORMAL:     M   DPTR FM NORMAL:       M    2 = FOG REDUCING VISIBILITY
HIGHEST:    90 ON  2    GRTST 24HR  0.56 ON 17-17      TO 1/4 MILE OR LESS
LOWEST:     43 ON 24                               3 = THUNDER
                        SNOW, ICE PELLETS, HAIL    4 = ICE PELLETS
                        TOTAL MONTH:    M          5 = HAIL
                        GRTST 24HR    M  ON   M    6 = FREEZING RAIN OR DRIZZLE
                        GRTST DEPTH:  M  ON   M    7 = DUSTSTORM OR SANDSTORM:
                                                       VSBY 1/2 MILE OR LESS
                                                   8 = SMOKE OR HAZE
[NO. OF DAYS WITH]      [WEATHER - DAYS WITH]      9 = BLOWING SNOW
                                                   X = TORNADO
MAX 32 OR BELOW:   0    0.01 INCH OR MORE:   9
MAX 90 OR ABOVE:   1    0.10 INCH OR MORE:   5
MIN 32 OR BELOW:   0    0.50 INCH OR MORE:   1
MIN  0 OR BELOW:   0    1.00 INCH OR MORE:   0

[HDD (BASE 65) ]
TOTAL THIS MO.    17    CLEAR  (SCALE 0-3)  20
DPTR FM NORMAL     M    PTCLDY (SCALE 4-7)   7
TOTAL FM JUL 1    23    CLOUDY (SCALE 8-10)  1
DPTR FM NORMAL     M

[CDD (BASE 65) ]
TOTAL THIS MO.   180
DPTR FM NORMAL     M    [PRESSURE DATA]
TOTAL FM JAN 1   687    HIGHEST SLP M ON M
DPTR FM NORMAL     M    LOWEST  SLP M ON M

[REMARKS]
