000
CXUS53 KGID 170730
CF6JYR
PRELIMINARY LOCAL CLIMATOLOGICAL DATA (WS FORM: F-6)

                                          STATION:   YORK
                                          MONTH:     AUGUST
                                          YEAR:      2017
                                          LATITUDE:   40 54 N
                                          LONGITUDE:  97 37 W

  TEMPERATURE IN F:       :PCPN:    SNOW:  WIND      :SUNSHINE: SKY     :PK WND
================================================================================
1   2   3   4   5  6A  6B    7    8   9   10  11  12  13   14  15   16   17  18
                                     12Z  AVG MX 2MIN
DY MAX MIN AVG DEP HDD CDD  WTR  SNW DPTH SPD SPD DIR MIN PSBL S-S WX    SPD DR
================================================================================

 1  82  59  71   M   0   6 0.00    M    M  2.6  7 310   M    M   3 12      M  M
 2  81  59  70   M   0   5    T    M    M  1.2  6 330   M    M   2 3       M  M
 3  73  54  64   M   1   0 0.00    M    M 10.1 17 330   M    M   2 3      27 350
 4  73  46  60   M   5   0 0.00    M    M  1.8  8 260   M    M   1         M  M
 5  72  57  65   M   0   0 0.25    M    M  9.2 13  80   M    M   9 3      30 200
 6  68  57  63   M   2   0 0.01    M    M  3.1  8  60   M    M   7 1       M  M
 7  77  57  67   M   0   2 0.08    M    M  5.1 14  10   M    M   3 18      M  M
 8  79  54  67   M   0   2 0.00    M    M  2.4  9 150   M    M   1 1       M  M
 9  75  63  69   M   0   4 0.04    M    M  7.2 17 180   M    M   3        21 180
10  75  59  67   M   0   2 0.00    M    M  3.9 15  10   M    M   4 12     21  10
11  77  55  66   M   0   1 0.00    M    M  3.1  8 360   M    M   1 1       M  M
12  81  55  68   M   0   3 0.05    M    M  6.0 12 170   M    M   2 3      16 160
13  79  64  72   M   0   7 0.01    M    M  8.1 14 170   M    M   7        20 170
14  84  64  74   M   0   9    T    M    M  5.6  9  80   M    M   2 1       M  M
15  88  64  76   M   0  11 0.35    M    M 10.0 17  60   M    M   5 13     25  10
16  77  61  69   M   0   4 1.31    M    M  8.3 15  50   M    M   5 3      23 280
================================================================================
SM 1241  928         8  56  2.10    M     87.7          M       57
================================================================================
AV 77.6 58.0                               5.5 FASTST   M    M   4    MAX(MPH)
                                 MISC ---->  # 17 330               # 30  200
================================================================================
NOTES:
# LAST OF SEVERAL OCCURRENCES

COLUMN 17 PEAK WIND IN M.P.H.

PRELIMINARY LOCAL CLIMATOLOGICAL DATA (WS FORM: F-6) , PAGE 2

                                          STATION:  YORK
                                          MONTH:    AUGUST
                                          YEAR:     2017
                                          LATITUDE:   40 54 N
                                          LONGITUDE:  97 37 W

[TEMPERATURE DATA]      [PRECIPITATION DATA]       SYMBOLS USED IN COLUMN 16

AVERAGE MONTHLY: 67.8   TOTAL FOR MONTH:   2.10    1 = FOG OR MIST
DPTR FM NORMAL:     M   DPTR FM NORMAL:       M    2 = FOG REDUCING VISIBILITY
HIGHEST:    88 ON 15    GRTST 24HR  1.31 ON 16-16      TO 1/4 MILE OR LESS
LOWEST:     46 ON  4                               3 = THUNDER
                        SNOW, ICE PELLETS, HAIL    4 = ICE PELLETS
                        TOTAL MONTH:    M          5 = HAIL
                        GRTST 24HR    M  ON   M    6 = FREEZING RAIN OR DRIZZLE
                        GRTST DEPTH:  M  ON   M    7 = DUSTSTORM OR SANDSTORM:
                                                       VSBY 1/2 MILE OR LESS
                                                   8 = SMOKE OR HAZE
[NO. OF DAYS WITH]      [WEATHER - DAYS WITH]      9 = BLOWING SNOW
                                                   X = TORNADO
MAX 32 OR BELOW:   0    0.01 INCH OR MORE:   8
MAX 90 OR ABOVE:   0    0.10 INCH OR MORE:   3
MIN 32 OR BELOW:   0    0.50 INCH OR MORE:   1
MIN  0 OR BELOW:   0    1.00 INCH OR MORE:   1

[HDD (BASE 65) ]
TOTAL THIS MO.     8    CLEAR  (SCALE 0-3)   8
DPTR FM NORMAL     M    PTCLDY (SCALE 4-7)   7
TOTAL FM JUL 1     8    CLOUDY (SCALE 8-10)  1
DPTR FM NORMAL     M

[CDD (BASE 65) ]
TOTAL THIS MO.    56
DPTR FM NORMAL     M    [PRESSURE DATA]
TOTAL FM JAN 1   723    HIGHEST SLP M ON M
DPTR FM NORMAL     M    LOWEST  SLP M ON M

[REMARKS]
