000
CXHW53 PHFO 291250
CF6KOA
PRELIMINARY LOCAL CLIMATOLOGICAL DATA (WS FORM: F-6)

                                          STATION:   KONA HI
                                          MONTH:     SEPTEMBER
                                          YEAR:      2016
                                          LATITUDE:   19 38 N
                                          LONGITUDE: 156  0 W

  TEMPERATURE IN F:       :PCPN:    SNOW:  WIND      :SUNSHINE: SKY     :PK WND
================================================================================
1   2   3   4   5  6A  6B    7    8   9   10  11  12  13   14  15   16   17  18
                                     12Z  AVG MX 2MIN
DY MAX MIN AVG DEP HDD CDD  WTR  SNW DPTH SPD SPD DIR MIN PSBL S-S WX    SPD DR
================================================================================

 1  91  80  86   5   0  21 0.00  0.0    0  7.7 23  30   M    M   4        29  30
 2  90  77  84   3   0  19    T  0.0    0  8.3 16  40   M    M   5        20 220
 3  90  77  84   3   0  19 0.00  0.0    0  9.6 23 170   M    M   3        27 170
 4  90  79  85   4   0  20 0.02  0.0    0  9.5 21 190   M    M   4 1      25 190
 5  89  77  83   2   0  18    T  0.0    0  8.4 16 220   M    M   4        19 210
 6  88  74  81   0   0  16    T  0.0    0  8.5 18  60   M    M   3        22 180
 7  89  74  82   1   0  17 0.00  0.0    0  7.6 14 200   M    M   2        18 210
 8  87  76  82   1   0  17 0.00  0.0    0  7.6 14 220   M    M   3        16 150
 9  88  75  82   1   0  17    T  0.0    0  9.2 18  60   M    M   3        22  50
10  88  75  82   1   0  17 0.10  0.0    0  7.6 16  70   M    M   5 1      19  60
11  89  74  82   1   0  17    T  0.0    0  9.2 17 320   M    M   2        21 330
12  88  76  82   1   0  17 0.00  0.0    0  7.8 17 360   M    M   2        21  10
13  89  78  84   3   0  19 0.00  0.0    0  7.5 16 190   M    M   1        20 190
14  90  77  84   3   0  19 0.00  0.0    0  9.3 21 320   M    M   2        24 330
15  85  77  81   0   0  16 0.00  0.0    0  8.4 18  20   M    M   4        23 160
16  89  77  83   2   0  18 0.00  0.0    0  8.3 20 170   M    M   4        23 170
17  87  77  82   1   0  17 0.01  0.0    0  6.6 15 160   M    M   3        18 150
18  89  75  82   1   0  17 0.04  0.0    0  7.3 20 220   M    M   4 1      22 210
19  87  73  80  -1   0  15 0.00  0.0    0  7.2 15 140   M    M   4        19 190
20  88  74  81   0   0  16 0.00  0.0    0  7.0 20  50   M    M   4        24  40
21  86  73  80  -1   0  15    T  0.0    0  6.1 13 240   M    M   5        16 150
22  88  74  81   0   0  16 0.00  0.0    0  6.9 13 240   M    M   2        17 220
23  88  76  82   1   0  17 0.00  0.0    0  6.0 12 260   M    M   3        16 230
24  89  76  83   2   0  18 0.55  0.0    0  9.6 21  40   M    M   2        25  40
25  91  72  82   1   0  17    T  0.0    0  8.9 22  50   M    M   1        26  50
26  87  73  80  -1   0  15    T  0.0    0  7.9 20  40   M    M   3        24  40
27  87  74  81   1   0  16 0.00  0.0    0  6.5 13 240   M    M   3        16 230
28  88  77  83   3   0  18    T  0.0    0  7.3 20 250   M    M   5        24 270
================================================================================
SM 2475 2117         0 484  0.72     0.0 221.8          M       90
================================================================================
AV 88.4 75.6                               7.9 FASTST   M    M   3    MAX(MPH)
                                 MISC ---->  # 23  30               # 29   30
================================================================================
NOTES:
# LAST OF SEVERAL OCCURRENCES

COLUMN 17 PEAK WIND IN M.P.H.

PRELIMINARY LOCAL CLIMATOLOGICAL DATA (WS FORM: F-6) , PAGE 2

                                          STATION:  KONA HI
                                          MONTH:    SEPTEMBER
                                          YEAR:     2016
                                          LATITUDE:   19 38 N
                                          LONGITUDE: 156  0 W

[TEMPERATURE DATA]      [PRECIPITATION DATA]       SYMBOLS USED IN COLUMN 16

AVERAGE MONTHLY: 82.0   TOTAL FOR MONTH:   0.72    1 = FOG OR MIST
DPTR FM NORMAL:   1.1   DPTR FM NORMAL:   -0.05    2 = FOG REDUCING VISIBILITY
HIGHEST:    91 ON 25, 1 GRTST 24HR  0.55 ON 24-24      TO 1/4 MILE OR LESS
LOWEST:     72 ON 25                               3 = THUNDER
                        SNOW, ICE PELLETS, HAIL    4 = ICE PELLETS
                        TOTAL MONTH:   0.0 INCH    5 = HAIL
                        GRTST 24HR     0.0         6 = FREEZING RAIN OR DRIZZLE
                        GRTST DEPTH:   0           7 = DUSTSTORM OR SANDSTORM:
                                                       VSBY 1/2 MILE OR LESS
                                                   8 = SMOKE OR HAZE
[NO. OF DAYS WITH]      [WEATHER - DAYS WITH]      9 = BLOWING SNOW
                                                   X = TORNADO
MAX 32 OR BELOW:   0    0.01 INCH OR MORE:   5
MAX 90 OR ABOVE:   6    0.10 INCH OR MORE:   2
MIN 32 OR BELOW:   0    0.50 INCH OR MORE:   1
MIN  0 OR BELOW:   0    1.00 INCH OR MORE:   0

[HDD (BASE 65) ]
TOTAL THIS MO.     0    CLEAR  (SCALE 0-3)  14
DPTR FM NORMAL     0    PTCLDY (SCALE 4-7)  14
TOTAL FM JUL 1     0    CLOUDY (SCALE 8-10)  0
DPTR FM NORMAL     0

[CDD (BASE 65) ]
TOTAL THIS MO.   484
DPTR FM NORMAL    36    [PRESSURE DATA]
TOTAL FM JAN 1  3934    HIGHEST SLP M ON M
DPTR FM NORMAL   431    LOWEST  SLP 29.91 ON M

[REMARKS]
