300
CXHW53 PHFO 161250
CF6KOA
PRELIMINARY LOCAL CLIMATOLOGICAL DATA (WS FORM: F-6)

                                          STATION:   KONA HI
                                          MONTH:     DECEMBER
                                          YEAR:      2017
                                          LATITUDE:   19 38 N
                                          LONGITUDE: 156  0 W

  TEMPERATURE IN F:       :PCPN:    SNOW:  WIND      :SUNSHINE: SKY     :PK WND
================================================================================
1   2   3   4   5  6A  6B    7    8   9   10  11  12  13   14  15   16   17  18
                                     12Z  AVG MX 2MIN
DY MAX MIN AVG DEP HDD CDD  WTR  SNW DPTH SPD SPD DIR MIN PSBL S-S WX    SPD DR
================================================================================

 1  85  74  80   3   0  15 0.00  0.0    M  8.3 22  40   M    M   M        27  40
 2  87  76  82   5   0  17    T  0.0    M  6.1 29  30   M    M   M        35  10
 3  87  70  79   2   0  14    M  0.0    M  8.3 23  20   M    M   M        30  30
 4  83  67  75  -1   0  10 0.00  0.0    M  6.5 15  40   M    M   M        18  20
 5  84  68  76   0   0  11 0.00  0.0    M 21.9 40  10   M    M   M        51  10
 6  80  67  74  -2   0   9 0.00  0.0    M  9.4 25  40   M    M   M        35  50
 7  79  66  73  -3   0   8 0.00  0.0    M  6.0 10 290   M    M   M        16 300
 8  81  67  74  -2   0   9 0.00  0.0    M  7.2 13 320   M    M   M        17 310
 9  82  69  76   0   0  11 0.00  0.0    M  8.4 17 310   M    M   M        21 300
10  81  68  75  -1   0  10 0.00  0.0    M  7.1 13 200   M    M   M        17 190
11  81  69  75  -1   0  10 0.00  0.0    M  7.2 14 210   M    M   M        17 180
12  82  68  75  -1   0  10 0.00  0.0    M  7.8 14 230   M    M   M        16 230
13  83  68  76   0   0  11 0.00  0.0    M 11.7 31 340   M    M   M        36 350
14  82  69  76   0   0  11 0.00  0.0    M 25.0 39 360   M    M   M        45 360
15  81  69  75  -1   0  10 0.00  0.0    M 16.1 29 360   M    M   M        36  60
================================================================================
SM 1238 1035         0 166    T      0.0 157.0          M        M
================================================================================
AV 82.5 69.0                              10.5 FASTST   M    M -nan   MAX(MPH)
                                 MISC ---->  # 40  10               # 51   10
================================================================================
NOTES:
# LAST OF SEVERAL OCCURRENCES

COLUMN 17 PEAK WIND IN M.P.H.

PRELIMINARY LOCAL CLIMATOLOGICAL DATA (WS FORM: F-6) , PAGE 2

                                          STATION:  KONA HI
                                          MONTH:    DECEMBER
                                          YEAR:     2017
                                          LATITUDE:   19 38 N
                                          LONGITUDE: 156  0 W

[TEMPERATURE DATA]      [PRECIPITATION DATA]       SYMBOLS USED IN COLUMN 16

AVERAGE MONTHLY: 75.8   TOTAL FOR MONTH:      T    1 = FOG OR MIST
DPTR FM NORMAL:  -0.4   DPTR FM NORMAL:   -0.87    2 = FOG REDUCING VISIBILITY
HIGHEST:    87 ON  3, 2 GRTST 24HR    T  ON  2- 2      TO 1/4 MILE OR LESS
LOWEST:     66 ON  7                               3 = THUNDER
                        SNOW, ICE PELLETS, HAIL    4 = ICE PELLETS
                        TOTAL MONTH:   0.0 INCH    5 = HAIL
                        GRTST 24HR     0.0         6 = FREEZING RAIN OR DRIZZLE
                        GRTST DEPTH:  M  ON   M    7 = DUSTSTORM OR SANDSTORM:
                                                       VSBY 1/2 MILE OR LESS
                                                   8 = SMOKE OR HAZE
[NO. OF DAYS WITH]      [WEATHER - DAYS WITH]      9 = BLOWING SNOW
                                                   X = TORNADO
MAX 32 OR BELOW:   0    0.01 INCH OR MORE:   0
MAX 90 OR ABOVE:   0    0.10 INCH OR MORE:   0
MIN 32 OR BELOW:   0    0.50 INCH OR MORE:   0
MIN  0 OR BELOW:   0    1.00 INCH OR MORE:   0

[HDD (BASE 65) ]
TOTAL THIS MO.     0    CLEAR  (SCALE 0-3)   0
DPTR FM NORMAL     0    PTCLDY (SCALE 4-7)   0
TOTAL FM JUL 1     0    CLOUDY (SCALE 8-10)  0
DPTR FM NORMAL     0

[CDD (BASE 65) ]
TOTAL THIS MO.   166
DPTR FM NORMAL    -3    [PRESSURE DATA]
TOTAL FM JAN 1  4795    HIGHEST SLP M ON M
DPTR FM NORMAL   243    LOWEST  SLP 29.90 ON 15

[REMARKS]
