000
CXUS55 KPUB 311059
CF6LAA
PRELIMINARY LOCAL CLIMATOLOGICAL DATA (WS FORM: F-6)

                                          STATION:   LAMAR CO
                                          MONTH:     AUGUST
                                          YEAR:      2014
                                          LATITUDE:   38  4 N
                                          LONGITUDE: 102 41 W

  TEMPERATURE IN F:       :PCPN:    SNOW:  WIND      :SUNSHINE: SKY     :PK WND
================================================================================
1   2   3   4   5  6A  6B    7    8   9   10  11  12  13   14  15   16   17  18
                                     12Z  AVG MX 2MIN
DY MAX MIN AVG DEP HDD CDD  WTR  SNW DPTH SPD SPD DIR MIN PSBL S-S WX    SPD DR
================================================================================

 1  86  55  71  -7   0   6 0.00  0.0    0  5.2 16 290   M    M   0 18     19 290
 2  88  60  74  -4   0   9 0.00  0.0    0  5.8 14 140   M    M   1        19 170
 3  91  58  75  -2   0  10 0.00  0.0    0 11.1 22 200   M    M   1        27 180
 4  93  61  77   0   0  12 0.00  0.0    0 15.4 24 190   M    M   2        31 190
 5  93  64  79   2   0  14 0.09  0.0    0  8.2 32 320   M    M   2 138    40 320
 6  92  61  77   0   0  12 0.00  0.0    0  6.6 23 270   M    M   0        28 270
 7  92  63  78   1   0  13 0.54  0.0    0 10.7 43 220   M    M   3 13     54 230
 8  86  64  75  -2   0  10 0.00  0.0    0  5.7 13  90   M    M   2 1      17 120
 9  94  62  78   1   0  13 0.01  0.0    0  6.8 25 360   M    M   0 1      32 360
10  88  59  74  -3   0   9    T  0.0    0  9.0 23 270   M    M   1        28 270
11  89  57  73  -3   0   8 0.00  0.0    0  5.5 12 150   M    M   0        15  90
12  94  61  78   2   0  13 0.00  0.0    0  4.5 12  90   M    M   0        16 190
13  97  58  78   2   0  13 0.00  0.0    0  8.5 23 180   M    M   0 18     32 180
14  97  70  84   8   0  19 0.00  0.0    0 13.2 24 190   M    M   0        29 190
15  96  62  79   3   0  14    T  0.0    0  6.8 14 220   M    M   1 3      20  40
16  99  64  82   6   0  17 0.00  0.0    0  8.8 23  30   M    M   0        28  40
17 101  57  79   3   0  14    T  0.0    0  8.7 23 120   M    M   0        27 130
18 100  56  78   3   0  13 0.00  0.0    0  5.7 15 120   M    M   0        20 130
19 101  62  82   7   0  17    T  0.0    0 11.6 40 240   M    M   1 38     52 230
20 100  66  83   8   0  18    T  0.0    0  7.3 25 250   M    M   1 3      32 260
21  96  60  78   3   0  13 0.02  0.0    0  7.0 17 190   M    M   1 3      22 190
22  93  60  77   3   0  12 0.01  0.0    0  6.7 23 280   M    M   2 3      31 280
23  95  59  77   3   0  12 0.00  0.0    0  7.2 18 360   M    M   1 1      31 220
24  92  56  74   0   0   9 0.00  0.0    0  7.2 16 130   M    M   0        20 110
25  93  54  74   0   0   9    T  0.0    0 11.1 36 220   M    M   1 18     44 220
26  90  60  75   1   0  10 1.35  0.0    0  8.8 33 320   M    M   3 138    42  70
27  89  64  77   4   0  12 0.00  0.0    0 10.4 24 350   M    M   3 1      34 150
28  84  57  71  -2   0   6    T  0.0    0  8.1 23 340   M    M   3        30 340
29  89  54  72  -1   0   7    T  0.0    0  9.1 20 310   M    M   1 8      29 310
30  93  55  74   1   0   9 0.00  0.0    0  7.0 20 180   M    M   0        25 180
================================================================================
SM 2791 1799         0 353  2.02     0.0 247.7          M       30
================================================================================
AV 93.0 60.0                               8.3 FASTST   M    M   1    MAX(MPH)
                                 MISC ---->  # 43 220               # 54  230
================================================================================
NOTES:
# LAST OF SEVERAL OCCURRENCES

COLUMN 17 PEAK WIND IN M.P.H.

PRELIMINARY LOCAL CLIMATOLOGICAL DATA (WS FORM: F-6) , PAGE 2

                                          STATION:  LAMAR CO
                                          MONTH:    AUGUST
                                          YEAR:     2014
                                          LATITUDE:   38  4 N
                                          LONGITUDE: 102 41 W

[TEMPERATURE DATA]      [PRECIPITATION DATA]       SYMBOLS USED IN COLUMN 16

AVERAGE MONTHLY: 76.5   TOTAL FOR MONTH:   2.02    1 = FOG OR MIST
DPTR FM NORMAL:   1.0   DPTR FM NORMAL:   -0.21    2 = FOG REDUCING VISIBILITY
HIGHEST:   101 ON 19,17 GRTST 24HR  1.35 ON 26-26      TO 1/4 MILE OR LESS
LOWEST:     54 ON 29,25                            3 = THUNDER
                        SNOW, ICE PELLETS, HAIL    4 = ICE PELLETS
                        TOTAL MONTH:   0.0 INCH    5 = HAIL
                        GRTST 24HR     0.0         6 = FREEZING RAIN OR DRIZZLE
                        GRTST DEPTH:   0           7 = DUSTSTORM OR SANDSTORM:
                                                       VSBY 1/2 MILE OR LESS
                                                   8 = SMOKE OR HAZE
[NO. OF DAYS WITH]      [WEATHER - DAYS WITH]      9 = BLOWING SNOW
                                                   X = TORNADO
MAX 32 OR BELOW:   0    0.01 INCH OR MORE:   6
MAX 90 OR ABOVE:  22    0.10 INCH OR MORE:   2
MIN 32 OR BELOW:   0    0.50 INCH OR MORE:   2
MIN  0 OR BELOW:   0    1.00 INCH OR MORE:   1

[HDD (BASE 65) ]
TOTAL THIS MO.     0    CLEAR  (SCALE 0-3)  29
DPTR FM NORMAL     0    PTCLDY (SCALE 4-7)   1
TOTAL FM JUL 1     0    CLOUDY (SCALE 8-10)  0
DPTR FM NORMAL    -2

[CDD (BASE 65) ]
TOTAL THIS MO.   353
DPTR FM NORMAL    35    [PRESSURE DATA]
TOTAL FM JAN 1  1148    HIGHEST SLP M ON M
DPTR FM NORMAL   166    LOWEST  SLP 29.76 ON 20

[REMARKS]
