000
CXUS53 KGRR 191017
CF6LAN
PRELIMINARY LOCAL CLIMATOLOGICAL DATA (WS FORM: F-6)

                                          STATION:   LANSING
                                          MONTH:     FEBRUARY
                                          YEAR:      2018
                                          LATITUDE:   42 46 N
                                          LONGITUDE:  84 36 W

  TEMPERATURE IN F:       :PCPN:    SNOW:  WIND      :SUNSHINE: SKY     :PK WND
================================================================================
1   2   3   4   5  6A  6B    7    8   9   10  11  12  13   14  15   16   17  18
                                     12Z  AVG MX 2MIN
DY MAX MIN AVG DEP HDD CDD  WTR  SNW DPTH SPD SPD DIR MIN PSBL S-S WX    SPD DR
================================================================================

 1  34   8  21  -3  44   0    T    T    0 14.5 26 280   M    M   5        34 290
 2  18   9  14 -10  51   0    T    T    0 12.5 23 270   M    M   9        29 280
 3  34  12  23  -1  42   0 0.03  0.4    0 12.6 28 250   M    M  10 18     32 230
 4  31   7  19  -5  46   0 0.23  2.8    1 10.4 20 350   M    M  10 12     26 230
 5  18  10  14 -10  51   0 0.05  0.5    3 11.8 21 260   M    M   9 1      24 220
 6  22  10  16  -8  49   0    T    T    4  6.5 14 290   M    M   8 18     18 270
 7  23  10  17  -7  48   0 0.10  1.0    4  4.8 14 270   M    M   9 18     17 270
 8  21   9  15  -9  50   0 0.02  0.4    5  9.9 22 260   M    M  10 18     25 260
 9  21  15  18  -7  47   0 0.43  5.3    6  7.1 13 100   M    M  10 12     16 100
10  20  14  17  -8  48   0 0.09  1.4   10  4.4 10 360   M    M   9 1      12 360
11  25  17  21  -4  44   0 0.40  3.1   11  9.2 18 270   M    M   7 168    22 260
12  26   8  17  -8  48   0 0.00  0.0   11  5.1 12 260   M    M   0        14 330
13  28   4  16  -9  49   0 0.00  0.0   10  7.2 16 150   M    M   4 18     20 150
14  44  23  34   8  31   0 0.00  0.0   10 11.9 18 210   M    M   2 18     25 200
15  46  36  41  15  24   0 0.00  0.0    5  9.5 20 220   M    M   8 12     24 230
16  36  19  28   2  37   0    T    T    2  9.2 20 290   M    M   6        25 280
17  34  16  25  -1  40   0 0.05  0.4    2  8.1 18 240   M    M   5 1      22 230
18  38  25  32   6  33   0 0.00  0.0    3 11.5 22 160   M    M   4 1      28 170
================================================================================
SM  519  252       782   0  1.40    15.3 166.2          M      125
================================================================================
AV 28.8 14.0                               9.2 FASTST   M    M   7    MAX(MPH)
                                 MISC ---->  # 28 250               # 34  290
================================================================================
NOTES:
# LAST OF SEVERAL OCCURRENCES

COLUMN 17 PEAK WIND IN M.P.H.

PRELIMINARY LOCAL CLIMATOLOGICAL DATA (WS FORM: F-6) , PAGE 2

                                          STATION:  LANSING
                                          MONTH:    FEBRUARY
                                          YEAR:     2018
                                          LATITUDE:   42 46 N
                                          LONGITUDE:  84 36 W

[TEMPERATURE DATA]      [PRECIPITATION DATA]       SYMBOLS USED IN COLUMN 16

AVERAGE MONTHLY: 21.4   TOTAL FOR MONTH:   1.40    1 = FOG OR MIST
DPTR FM NORMAL:  -3.4   DPTR FM NORMAL:    0.53    2 = FOG REDUCING VISIBILITY
HIGHEST:    46 ON 15    GRTST 24HR  0.43 ON  9- 9      TO 1/4 MILE OR LESS
LOWEST:      4 ON 13                               3 = THUNDER
                        SNOW, ICE PELLETS, HAIL    4 = ICE PELLETS
                        TOTAL MONTH:  15.3 INCHES  5 = HAIL
                        GRTST 24HR   5.3 ON  9- 9  6 = FREEZING RAIN OR DRIZZLE
                        GRTST DEPTH:  11 ON 12,11  7 = DUSTSTORM OR SANDSTORM:
                                                       VSBY 1/2 MILE OR LESS
                                                   8 = SMOKE OR HAZE
[NO. OF DAYS WITH]      [WEATHER - DAYS WITH]      9 = BLOWING SNOW
                                                   X = TORNADO
MAX 32 OR BELOW:  11    0.01 INCH OR MORE:   9
MAX 90 OR ABOVE:   0    0.10 INCH OR MORE:   4
MIN 32 OR BELOW:  17    0.50 INCH OR MORE:   0
MIN  0 OR BELOW:   0    1.00 INCH OR MORE:   0

[HDD (BASE 65) ]
TOTAL THIS MO.   782    CLEAR  (SCALE 0-3)   2
DPTR FM NORMAL    59    PTCLDY (SCALE 4-7)   7
TOTAL FM JUL 1  4557    CLOUDY (SCALE 8-10)  9
DPTR FM NORMAL    -6

[CDD (BASE 65) ]
TOTAL THIS MO.     0
DPTR FM NORMAL     0    [PRESSURE DATA]
TOTAL FM JAN 1     0    HIGHEST SLP M ON M
DPTR FM NORMAL     0    LOWEST  SLP 29.65 ON 15

[REMARKS]
