000
CXUS55 KLOX 011655
CF6LAX
PRELIMINARY LOCAL CLIMATOLOGICAL DATA (WS FORM: F-6)

                                          STATION:   LOS ANGELES INTL AIRPORT CA
                                          MONTH:     FEBRUARY
                                          YEAR:      2015
                                          LATITUDE:   33 55 N
                                          LONGITUDE: 118 24 W

  TEMPERATURE IN F:       :PCPN:    SNOW:  WIND      :SUNSHINE: SKY     :PK WND
================================================================================
1   2   3   4   5  6A  6B    7    8   9   10  11  12  13   14  15   16   17  18
                                     12Z  AVG MX 2MIN
DY MAX MIN AVG DEP HDD CDD  WTR  SNW DPTH SPD SPD DIR MIN PSBL S-S WX    SPD DR
================================================================================

 1  70  50  60   3   5   0 0.00  0.0    0  3.9 14 280   M    M   3 18     16 290
 2  68  50  59   2   6   0 0.00  0.0    0  4.8 13 270   M    M   5 1      15 270
 3  62  53  58   1   7   0 0.00  0.0    0  4.4 13 270   M    M   7 128    15 270
 4  62  54  58   1   7   0 0.00  0.0    0  5.4 12 280   M    M   5 18     15 290
 5  72  49  61   4   4   0 0.00  0.0    0  5.9 17 260   M    M   6 128    20 270
 6  65  53  59   2   6   0 0.00  0.0    0  6.4 13 270   M    M   6 128    16 280
 7  64  51  58   1   7   0    T  0.0    0  4.2 14 290   M    M   8 18     16 270
 8  71  59  65   8   0   0 0.00  0.0    0  7.7 17 260   M    M   7 12     20 260
 9  67  56  62   5   3   0 0.00  0.0    M  7.7 21 280   M    M   3 12     26 270
10  72  51  62   5   3   0 0.00  0.0    0  4.9 14 270   M    M   1        16 280
11  83  55  69  12   0   4 0.00  0.0    0  3.7 12 260   M    M   3        18 300
12  84  57  71  14   0   6 0.00  0.0    0  4.6 15 300   M    M   2        22 300
13  84  56  70  13   0   5 0.00  0.0    0  5.3 15 270   M    M   0        22 290
14  82  58  70  13   0   5 0.00  0.0    0  5.1 17 270   M    M   2        24 280
15  74  53  64   7   1   0 0.00  0.0    0  5.8 14 270   M    M   2        17 250
16  63  54  59   2   6   0 0.00  0.0    0  5.8 13 270   M    M   6 18     17 270
17  65  58  62   5   3   0 0.00  0.0    0  6.2 14 270   M    M   5 1      16 290
18  67  56  62   5   3   0 0.00  0.0    0  6.8 15 260   M    M   6 18     20 250
19  65  57  61   4   4   0 0.00  0.0    0  6.0 13 260   M    M   6 18     17 240
20  65  57  61   4   4   0 0.00  0.0    0  4.8 14 260   M    M   7 18     20 250
21  65  58  62   5   3   0 0.00  0.0    0  6.3 16 240   M    M   8 8      23 230
22  62  53  58   1   7   0 0.27  0.0    0  6.2 17 270   M    M  10 1      23 240
23  62  48  55  -2  10   0    T    M    0  7.0 21 270   M    M   5        24 270
24  72  45  59   2   6   0 0.00  0.0    0  9.2 23 270   M    M   2        28 280
25  69  48  59   2   6   0 0.00  0.0    0  6.0 15 270   M    M   3        18 270
26  64  50  57  -1   8   0 0.00  0.0    0  4.0 14 260   M    M   5 18     16 240
27  64  52  58   0   7   0 0.00  0.0    0 10.1 23 260   M    M   7        29 260
28  61  53  57  -1   8   0    T  0.0    0 11.3 25 270   M    M   8        29 260
================================================================================
SM 1924 1494       124  20  0.27     0.0 169.5          M      138
================================================================================
AV 68.7 53.4                               6.1 FASTST   M    M   5    MAX(MPH)
                                 MISC ---->    25   M                 29    M
================================================================================
NOTES:
# LAST OF SEVERAL OCCURRENCES

COLUMN 17 PEAK WIND IN M.P.H.

PRELIMINARY LOCAL CLIMATOLOGICAL DATA (WS FORM: F-6) , PAGE 2

                                          STATION:  LOS ANGELES INTL AIRPORT CA
                                          MONTH:    FEBRUARY
                                          YEAR:     2015
                                          LATITUDE:   33 55 N
                                          LONGITUDE: 118 24 W

[TEMPERATURE DATA]      [PRECIPITATION DATA]       SYMBOLS USED IN COLUMN 16

AVERAGE MONTHLY: 61.0   TOTAL FOR MONTH:   0.27    1 = FOG OR MIST
DPTR FM NORMAL:   3.9   DPTR FM NORMAL:   -2.98    2 = FOG REDUCING VISIBILITY
HIGHEST:    84 ON 13,12 GRTST 24HR  0.27 ON 22-22      TO 1/4 MILE OR LESS
LOWEST:     45 ON 24                               3 = THUNDER
                        SNOW, ICE PELLETS, HAIL    4 = ICE PELLETS
                        TOTAL MONTH:   0.0 INCH    5 = HAIL
                        GRTST 24HR     0.0         6 = FREEZING RAIN OR DRIZZLE
                        GRTST DEPTH:   0           7 = DUSTSTORM OR SANDSTORM:
                                                       VSBY 1/2 MILE OR LESS
                                                   8 = SMOKE OR HAZE
[NO. OF DAYS WITH]      [WEATHER - DAYS WITH]      9 = BLOWING SNOW
                                                   X = TORNADO
MAX 32 OR BELOW:   0    0.01 INCH OR MORE:   1
MAX 90 OR ABOVE:   0    0.10 INCH OR MORE:   1
MIN 32 OR BELOW:   0    0.50 INCH OR MORE:   0
MIN  0 OR BELOW:   0    1.00 INCH OR MORE:   0

[HDD (BASE 65) ]
TOTAL THIS MO.   124    CLEAR  (SCALE 0-3)   9
DPTR FM NORMAL  -101    PTCLDY (SCALE 4-7)  18
TOTAL FM JUL 1   533    CLOUDY (SCALE 8-10)  1
DPTR FM NORMAL  -396

[CDD (BASE 65) ]
TOTAL THIS MO.    20
DPTR FM NORMAL    15    [PRESSURE DATA]
TOTAL FM JAN 1    27    HIGHEST SLP 30.25 ON 24
DPTR FM NORMAL    18    LOWEST  SLP 29.74 ON 27

[REMARKS]
#FINAL-02-15#
