000
CXUS52 KILM 291000
CF6LBT
PRELIMINARY LOCAL CLIMATOLOGICAL DATA (WS FORM: F-6)

                                          STATION:   LUMBERTON NC
                                          MONTH:     AUGUST
                                          YEAR:      2014
                                          LATITUDE:   34 35 N
                                          LONGITUDE:  79  4 W

  TEMPERATURE IN F:       :PCPN:    SNOW:  WIND      :SUNSHINE: SKY     :PK WND
================================================================================
1   2   3   4   5  6A  6B    7    8   9   10  11  12  13   14  15   16   17  18
                                     12Z  AVG MX 2MIN
DY MAX MIN AVG DEP HDD CDD  WTR  SNW DPTH SPD SPD DIR MIN PSBL S-S WX    SPD DR
================================================================================

 1  81  71  76  -5   0  11 0.04    M    M  8.2 14 360   M    M   8 1      17  10
 2  74  68  71 -10   0   6 0.12    M    M  6.3 10  30   M    M  10 1      14  90
 3  76  70  73  -7   0   8 0.04    M    M  4.7 12 100   M    M   8 1      21 220
 4  83  69  76  -4   0  11    T    M    M  5.6 12  40   M    M   7 12     14  30
 5  90  72  81   1   0  16 0.00    M    M  5.1 13 340   M    M   6 12     17 330
 6  93  69  81   1   0  16 0.00    M    M  4.0 15 260   M    M   1 1      20 240
 7  93  70  82   2   0  17 0.52    M    M  3.1 25  60   M    M   2 18     29  50
 8  88  71  80   0   0  15 0.00    M    M  4.7 10 100   M    M   1 18     14  80
 9  78  71  75  -5   0  10    M    M    M  5.8 15  30   M    M   9 13     18  80
10  83  71  77  -3   0  12 0.05    M    M  6.0 15  30   M    M  10 18     17  30
11  87  71  79  -1   0  14 0.93    M    M  5.1 14 120   M    M   7 13     17 120
12  89  74  82   2   0  17 0.03    M    M  4.2 13 200   M    M   6 12     18 220
13  88  69  79  -1   0  14 0.00    M    M  6.7 14 320   M    M   4 1      17 320
14  85  62  74  -5   0   9 0.00    M    M  2.5 12  40   M    M   0 1      16  30
15  89  62  76  -3   0  11 0.00    M    M  2.6  9 170   M    M   1 1      12 220
16  88  67  78  -1   0  13 0.05    M    M  2.3 12 150   M    M   2 138    15 150
17  93  71  82   3   0  17 0.00    M    M  3.1 14 250   M    M   1 18     21 230
18  93  71  82   3   0  17    T    M    M  5.9 17 240   M    M   1 138    23 260
19  92  73  83   4   0  18 0.10    M    M  4.4 22 240   M    M   1 13     27 240
20  91  73  82   3   0  17 0.37    M    M  2.0 25  20   M    M   2 13     32  10
21  96  73  85   7   0  20 0.00    M    M  2.8 13 330   M    M   1 1      19 350
22  97  73  85   7   0  20 0.00    M    M  3.1 12  70   M    M   1        14  80
23  93  75  84   6   0  19 0.64    M    M  4.5 21  30   M    M   4 13     30  30
24  85  68  77  -1   0  12 0.00    M    M 11.5 22  30   M    M   5        28  10
25  82  62  72  -6   0   7 0.00    M    M  9.6 20  30   M    M   5        23  30
26  86  64  75  -3   0  10 0.00    M    M  8.0 15  40   M    M   2        20  30
27  89  61  75  -3   0  10 0.00    M    M  4.4 13  40   M    M   0 1      17  20
28  93  60  77   0   0  12 0.00    M    M  3.3 12 230   M    M   0 8      14 250
================================================================================
SM 2455 1931         0 379  2.89    M    139.5          M      105
================================================================================
AV 87.7 69.0                               5.0 FASTST   M    M   4    MAX(MPH)
                                 MISC ---->  # 25  60               # 32   10
================================================================================
NOTES:
# LAST OF SEVERAL OCCURRENCES

COLUMN 17 PEAK WIND IN M.P.H.

PRELIMINARY LOCAL CLIMATOLOGICAL DATA (WS FORM: F-6) , PAGE 2

                                          STATION:  LUMBERTON NC
                                          MONTH:    AUGUST
                                          YEAR:     2014
                                          LATITUDE:   34 35 N
                                          LONGITUDE:  79  4 W

[TEMPERATURE DATA]      [PRECIPITATION DATA]       SYMBOLS USED IN COLUMN 16

AVERAGE MONTHLY: 78.3   TOTAL FOR MONTH:   2.89    1 = FOG OR MIST
DPTR FM NORMAL:  -0.9   DPTR FM NORMAL:   -2.15    2 = FOG REDUCING VISIBILITY
HIGHEST:    97 ON 22    GRTST 24HR  0.97 ON 10-11      TO 1/4 MILE OR LESS
LOWEST:     60 ON 28                               3 = THUNDER
                        SNOW, ICE PELLETS, HAIL    4 = ICE PELLETS
                        TOTAL MONTH:    M          5 = HAIL
                        GRTST 24HR    M  ON   M    6 = FREEZING RAIN OR DRIZZLE
                        GRTST DEPTH:  M  ON   M    7 = DUSTSTORM OR SANDSTORM:
                                                       VSBY 1/2 MILE OR LESS
                                                   8 = SMOKE OR HAZE
[NO. OF DAYS WITH]      [WEATHER - DAYS WITH]      9 = BLOWING SNOW
                                                   X = TORNADO
MAX 32 OR BELOW:   0    0.01 INCH OR MORE:  11
MAX 90 OR ABOVE:  11    0.10 INCH OR MORE:   6
MIN 32 OR BELOW:   0    0.50 INCH OR MORE:   3
MIN  0 OR BELOW:   0    1.00 INCH OR MORE:   0

[HDD (BASE 65) ]
TOTAL THIS MO.     0    CLEAR  (SCALE 0-3)  15
DPTR FM NORMAL     0    PTCLDY (SCALE 4-7)  10
TOTAL FM JUL 1     0    CLOUDY (SCALE 8-10)  3
DPTR FM NORMAL     0

[CDD (BASE 65) ]
TOTAL THIS MO.   379
DPTR FM NORMAL   -18    [PRESSURE DATA]
TOTAL FM JAN 1  1608    HIGHEST SLP  0.00 ON M
DPTR FM NORMAL    73    LOWEST  SLP 29.79 ON 19

[REMARKS]
