000
CXUS52 KILM 311000
CF6LBT
PRELIMINARY LOCAL CLIMATOLOGICAL DATA (WS FORM: F-6)

                                          STATION:   LUMBERTON NC
                                          MONTH:     OCTOBER
                                          YEAR:      2014
                                          LATITUDE:   34 35 N
                                          LONGITUDE:  79  4 W

  TEMPERATURE IN F:       :PCPN:    SNOW:  WIND      :SUNSHINE: SKY     :PK WND
================================================================================
1   2   3   4   5  6A  6B    7    8   9   10  11  12  13   14  15   16   17  18
                                     12Z  AVG MX 2MIN
DY MAX MIN AVG DEP HDD CDD  WTR  SNW DPTH SPD SPD DIR MIN PSBL S-S WX    SPD DR
================================================================================

 1  85  57  71   3   0   6 0.00    M    M  1.4  8  30   M    M   4 12     12  20
 2  85  59  72   4   0   7 0.00    M    M  2.3  9 280   M    M   2 12     13 280
 3  86  63  75   7   0  10 0.08    M    M  5.3 16 210   M    M   5 128    22 200
 4  77  50  64  -3   1   0 0.04    M    M  9.5 18 280   M    M   3 1      25 270
 5  68  39  54 -13  11   0 0.00    M    M  2.4 14 250   M    M   0        16 230
 6  77  43  60  -7   5   0 0.00    M    M  4.4 12 180   M    M   0        17 150
 7  81  53  67   1   0   2 0.00    M    M  4.5 14 200   M    M   0        18 210
 8  88  64  76  10   0  11 0.00    M    M  6.1 15 240   M    M   0        19 230
 9  80  55  68   2   0   3 0.00    M    M  3.2 12  50   M    M   0        15  60
10  87  61  74   9   0   9 0.00    M    M  3.7 12 200   M    M   1        16 230
11  91  67  79  14   0  14 0.01    M    M  9.1 20 220   M    M   3 13     26 250
12  67  61  64  -1   1   0 0.00    M    M  5.8 13  40   M    M  10 1      17  20
13  85  64  75  11   0  10 0.01    M    M  5.3 12 110   M    M   7 1      18  60
14  84  71  78  14   0  13 0.06    M    M 10.1 21 140   M    M   5 1      28 150
15  75  55  65   1   0   0 0.40    M    M  5.2 17 300   M    M   4 1      22 300
16  73  51  62  -1   3   0 0.00    M    M  4.0 18 240   M    M   3 1      26 240
17  77  47  62  -1   3   0 0.00    M    M  3.7 12 240   M    M   0 12     15 200
18  81  53  67   4   0   2 0.00    M    M  6.0 15 280   M    M   1        23 300
19  70  43  57  -5   8   0 0.00    M    M  4.9 17 340   M    M   1        23  20
20  76  38  57  -5   8   0 0.00    M    M  3.1 15 230   M    M   1        22 220
21  79  49  64   2   1   0 0.00    M    M  3.9 13 270   M    M   2 12     18 270
22  71  47  59  -2   6   0 0.00    M    M  9.4 17 330   M    M   1        26 320
23  71  41  56  -5   9   0 0.00    M    M  5.4 14 290   M    M   0        19 310
24  74  43  59  -2   6   0 0.00    M    M  2.0  8 270   M    M   0        12  30
25  76  41  59  -1   6   0 0.00    M    M  3.3 10 300   M    M   0 1      18 310
26  85  47  66   6   0   1 0.00    M    M  5.5 18 300   M    M   0        25 300
27  83  44  64   4   1   0 0.00    M    M  2.1  8 140   M    M   0 1      11  80
28  87  49  68   8   0   3 0.00    M    M  4.0 14 210   M    M   2 12     18 220
29  82  59  71  12   0   6 0.10    M    M  8.4 23 230   M    M   3 1      30 220
30  73  47  60   1   5   0    T    M    M  5.2 16  30   M    M   3        21  40
================================================================================
SM 2374 1561        74  97  0.70    M    149.2          M       61
================================================================================
AV 79.1 52.0                               5.0 FASTST   M    M   2    MAX(MPH)
                                 MISC ---->  # 23 230               # 30  220
================================================================================
NOTES:
# LAST OF SEVERAL OCCURRENCES

COLUMN 17 PEAK WIND IN M.P.H.

PRELIMINARY LOCAL CLIMATOLOGICAL DATA (WS FORM: F-6) , PAGE 2

                                          STATION:  LUMBERTON NC
                                          MONTH:    OCTOBER
                                          YEAR:     2014
                                          LATITUDE:   34 35 N
                                          LONGITUDE:  79  4 W

[TEMPERATURE DATA]      [PRECIPITATION DATA]       SYMBOLS USED IN COLUMN 16

AVERAGE MONTHLY: 65.6   TOTAL FOR MONTH:   0.70    1 = FOG OR MIST
DPTR FM NORMAL:   2.0   DPTR FM NORMAL:   -1.80    2 = FOG REDUCING VISIBILITY
HIGHEST:    91 ON 11    GRTST 24HR  0.40 ON 15-15      TO 1/4 MILE OR LESS
LOWEST:     38 ON 20                               3 = THUNDER
                        SNOW, ICE PELLETS, HAIL    4 = ICE PELLETS
                        TOTAL MONTH:    M          5 = HAIL
                        GRTST 24HR    M  ON   M    6 = FREEZING RAIN OR DRIZZLE
                        GRTST DEPTH:  M  ON   M    7 = DUSTSTORM OR SANDSTORM:
                                                       VSBY 1/2 MILE OR LESS
                                                   8 = SMOKE OR HAZE
[NO. OF DAYS WITH]      [WEATHER - DAYS WITH]      9 = BLOWING SNOW
                                                   X = TORNADO
MAX 32 OR BELOW:   0    0.01 INCH OR MORE:   7
MAX 90 OR ABOVE:   1    0.10 INCH OR MORE:   2
MIN 32 OR BELOW:   0    0.50 INCH OR MORE:   0
MIN  0 OR BELOW:   0    1.00 INCH OR MORE:   0

[HDD (BASE 65) ]
TOTAL THIS MO.    74    CLEAR  (SCALE 0-3)  23
DPTR FM NORMAL   -40    PTCLDY (SCALE 4-7)   6
TOTAL FM JUL 1    80    CLOUDY (SCALE 8-10)  1
DPTR FM NORMAL   -43

[CDD (BASE 65) ]
TOTAL THIS MO.    97
DPTR FM NORMAL    25    [PRESSURE DATA]
TOTAL FM JAN 1  2052    HIGHEST SLP M ON M
DPTR FM NORMAL   159    LOWEST  SLP 29.67 ON  4

[REMARKS]
