000
CXUS52 KILM 231000
CF6LBT
PRELIMINARY LOCAL CLIMATOLOGICAL DATA (WS FORM: F-6)

                                          STATION:   LUMBERTON NORTH CAROLINA
                                          MONTH:     FEBRUARY
                                          YEAR:      2018
                                          LATITUDE:   34 35 N
                                          LONGITUDE:  79  4 W

  TEMPERATURE IN F:       :PCPN:    SNOW:  WIND      :SUNSHINE: SKY     :PK WND
================================================================================
1   2   3   4   5  6A  6B    7    8   9   10  11  12  13   14  15   16   17  18
                                     12Z  AVG MX 2MIN
DY MAX MIN AVG DEP HDD CDD  WTR  SNW DPTH SPD SPD DIR MIN PSBL S-S WX    SPD DR
================================================================================

 1  65  29  47   3  18   0 0.00    M    M  8.3 23 230   M    M   0        29 230
 2  57  29  43  -1  22   0 0.12    M    M 12.1 24 340   M    M   4 1      31 330
 3  43  24  34 -11  31   0 0.00    M    M  5.1 13  30   M    M   0        16  30
 4  63  34  49   4  16   0 0.55    M    M  9.5 24 210   M    M   8 1      37 200
 5  55  36  46   1  19   0 0.00    M    M  5.3 16 270   M    M   6        23  20
 6  66  31  49   4  16   0 0.00    M    M  2.6 15 240   M    M   1 18     17 250
 7  72  41  57  12   8   0 0.07    M    M  9.3 25 190   M    M   6 1      39 190
 8  60  34  47   2  18   0 0.00    M    M  7.8 18 340   M    M   5        22  10
 9  63  30  47   1  18   0 0.00    M    M  5.2 15 120   M    M   2 1      18 120
10  73  53  63  17   2   0    T    M    M  6.3 15 210   M    M   8 12     21 190
11  76  67  72  26   0   7 0.00    M    M 12.2 21 200   M    M   7        28 190
12  74  47  61  15   4   0 0.01    M    M  9.6 25  40   M    M   8        34  50
13  47  41  44  -2  21   0 0.00    M    M 10.2 17  40   M    M  10        22  30
14  63  40  52   6  13   0 0.00    M    M  3.7 13 230   M    M   7 1      16 220
15  79  56  68  21   0   3 0.00    M    M 12.1 23 240   M    M   2        30 230
16  82  63  73  26   0   8    T    M    M 14.4 29 240   M    M   4        35 240
17  65  52  59  12   6   0    T    M    M  7.7 22  80   M    M  10 12     27  70
18  66  49  58  11   7   0    T    M    M  8.4 18 130   M    M   8 12     23 140
19  62  46  54   6  11   0 0.07    M    M  4.4 13 100   M    M  10 18     16 100
20  80  56  68  20   0   3 0.00    M    M  4.8 16 150   M    M   6 12     24 140
21  80  59  70  22   0   5    T    M    M  4.4 14 230   M    M   7 12     20 220
22  79  59  69  21   0   4 0.00    M    M  4.5 14 240   M    M   6 12     18 220
================================================================================
SM 1470  976       230  30  0.82    M    167.9          M      125
================================================================================
AV 66.8 44.4                               7.6 FASTST   M    M   6    MAX(MPH)
                                 MISC ---->  # 29 240               # 39  190
================================================================================
NOTES:
# LAST OF SEVERAL OCCURRENCES

COLUMN 17 PEAK WIND IN M.P.H.

PRELIMINARY LOCAL CLIMATOLOGICAL DATA (WS FORM: F-6) , PAGE 2

                                          STATION:  LUMBERTON NORTH CAROLINA
                                          MONTH:    FEBRUARY
                                          YEAR:     2018
                                          LATITUDE:   34 35 N
                                          LONGITUDE:  79  4 W

[TEMPERATURE DATA]      [PRECIPITATION DATA]       SYMBOLS USED IN COLUMN 16

AVERAGE MONTHLY: 55.6   TOTAL FOR MONTH:   0.82    1 = FOG OR MIST
DPTR FM NORMAL:   9.5   DPTR FM NORMAL:   -1.42    2 = FOG REDUCING VISIBILITY
HIGHEST:    82 ON 16    GRTST 24HR  0.55 ON  4- 4      TO 1/4 MILE OR LESS
LOWEST:     24 ON  3                               3 = THUNDER
                        SNOW, ICE PELLETS, HAIL    4 = ICE PELLETS
                        TOTAL MONTH:    M          5 = HAIL
                        GRTST 24HR    M  ON   M    6 = FREEZING RAIN OR DRIZZLE
                        GRTST DEPTH:  M  ON   M    7 = DUSTSTORM OR SANDSTORM:
                                                       VSBY 1/2 MILE OR LESS
                                                   8 = SMOKE OR HAZE
[NO. OF DAYS WITH]      [WEATHER - DAYS WITH]      9 = BLOWING SNOW
                                                   X = TORNADO
MAX 32 OR BELOW:   0    0.01 INCH OR MORE:   5
MAX 90 OR ABOVE:   0    0.10 INCH OR MORE:   2
MIN 32 OR BELOW:   5    0.50 INCH OR MORE:   1
MIN  0 OR BELOW:   0    1.00 INCH OR MORE:   0

[HDD (BASE 65) ]
TOTAL THIS MO.   230    CLEAR  (SCALE 0-3)   5
DPTR FM NORMAL  -186    PTCLDY (SCALE 4-7)  14
TOTAL FM JUL 1  2051    CLOUDY (SCALE 8-10)  3
DPTR FM NORMAL   -84

[CDD (BASE 65) ]
TOTAL THIS MO.    30
DPTR FM NORMAL    30    [PRESSURE DATA]
TOTAL FM JAN 1    31    HIGHEST SLP M ON M
DPTR FM NORMAL    30    LOWEST  SLP 29.83 ON  4

[REMARKS]
