000
CXUS54 KHGX 241515
CF6LBX
PRELIMINARY LOCAL CLIMATOLOGICAL DATA (WS FORM: F-6)

                                          STATION:   ANGLETON/LAKE_JACKS
                                          MONTH:     JANUARY
                                          YEAR:      2017
                                          LATITUDE:   29  6 N
                                          LONGITUDE:  95 28 W

  TEMPERATURE IN F:       :PCPN:    SNOW:  WIND      :SUNSHINE: SKY     :PK WND
================================================================================
1   2   3   4   5  6A  6B    7    8   9   10  11  12  13   14  15   16   17  18
                                     12Z  AVG MX 2MIN
DY MAX MIN AVG DEP HDD CDD  WTR  SNW DPTH SPD SPD DIR MIN PSBL S-S WX    SPD DR
================================================================================

 1  78  62  70  16   0   5 0.01  0.0    0  3.1 14 130   M    M   3 1      17 130
 2  78  54  66  12   0   1 0.05  0.0    0  9.2 22 200   M    M   5 12     34 220
 3  80  48  64  10   1   0 0.00  0.0    0  5.5 18 350   M    M   2 1      25 350
 4  58  44  51  -2  14   0 0.00  0.0    0  7.0 21 350   M    M   4        27 350
 5  68  47  58   5   7   0    T  0.0    0  7.9 22  20   M    M  10 18     30  30
 6  48  30  39 -14  26   0 0.10  0.0    0 16.1 26  10   M    M   9 1      34 360
 7  44  25  35 -18  30   0 0.00  0.0    0  9.3 20 350   M    M   2        24 350
 8  54  22  38 -15  27   0 0.00  0.0    0  5.8 13 130   M    M   1        17 140
 9  71  46  59   6   6   0 0.00  0.0    0  9.8 21 170   M    M   8        25 160
10  78  64  71  18   0   6 0.00  0.0    0 16.0 29 190   M    M   9        37 190
11  79  65  72  19   0   7 0.00  0.0    0 17.7 31 170   M    M   8        40 190
12  81  67  74  21   0   9 0.00  0.0    0 12.6 24 170   M    M   3        34 180
13  80  68  74  21   0   9 0.00  0.0    0  8.7 17 140   M    M   9 1      22 130
14  77  64  71  18   0   6 0.00  0.0    0  8.2 16 140   M    M   9 12     20 140
15  78  65  72  19   0   7 0.02  0.0    0 12.3 25 150   M    M  10 1      34 160
16  81  68  75  22   0  10    T  0.0    0 15.0 28 170   M    M   6        32 170
17  80  70  75  21   0  10    T  0.0    0 11.3 22 180   M    M   9 18     26 170
18  79  58  69  15   0   4 0.55  0.0    0 11.2 25 180   M    M  10 13     31 170
19  72  56  64  10   1   0 0.56  0.0    0  5.3 16 180   M    M   8 123    20 170
20  80  56  68  14   0   3 0.01  0.0    0  4.8 16 190   M    M   8 123    22 190
21  80  62  71  17   0   6 0.02  0.0    0  7.2 18 210   M    M   5 138    24 220
22  72  58  65  11   0   0 0.00  0.0    0 11.1 28 310   M    M   1        40 310
23  75  45  60   6   5   0 0.00  0.0    0  5.0 12 310   M    M   0        17 310
================================================================================
SM 1671 1244       117  83  1.32     0.0 220.1          M      139
================================================================================
AV 72.7 54.1                               9.6 FASTST   M    M   6    MAX(MPH)
                                 MISC ---->  # 31 170               # 40  190
================================================================================
NOTES:
# LAST OF SEVERAL OCCURRENCES

COLUMN 17 PEAK WIND IN M.P.H.

PRELIMINARY LOCAL CLIMATOLOGICAL DATA (WS FORM: F-6) , PAGE 2

                                          STATION:  ANGLETON/LAKE_JACKS
                                          MONTH:    JANUARY
                                          YEAR:     2017
                                          LATITUDE:   29  6 N
                                          LONGITUDE:  95 28 W

[TEMPERATURE DATA]      [PRECIPITATION DATA]       SYMBOLS USED IN COLUMN 16

AVERAGE MONTHLY: 63.4   TOTAL FOR MONTH:   1.32    1 = FOG OR MIST
DPTR FM NORMAL:   9.9   DPTR FM NORMAL:   -2.14    2 = FOG REDUCING VISIBILITY
HIGHEST:    81 ON 16,12 GRTST 24HR  1.19 ON 31- 1      TO 1/4 MILE OR LESS
LOWEST:     22 ON  8                               3 = THUNDER
                        SNOW, ICE PELLETS, HAIL    4 = ICE PELLETS
                        TOTAL MONTH:   0.0 INCH    5 = HAIL
                        GRTST 24HR     0.0         6 = FREEZING RAIN OR DRIZZLE
                        GRTST DEPTH:   0           7 = DUSTSTORM OR SANDSTORM:
                                                       VSBY 1/2 MILE OR LESS
                                                   8 = SMOKE OR HAZE
[NO. OF DAYS WITH]      [WEATHER - DAYS WITH]      9 = BLOWING SNOW
                                                   X = TORNADO
MAX 32 OR BELOW:   0    0.01 INCH OR MORE:   8
MAX 90 OR ABOVE:   0    0.10 INCH OR MORE:   3
MIN 32 OR BELOW:   3    0.50 INCH OR MORE:   2
MIN  0 OR BELOW:   0    1.00 INCH OR MORE:   0

[HDD (BASE 65) ]
TOTAL THIS MO.   117    CLEAR  (SCALE 0-3)   6
DPTR FM NORMAL  -159    PTCLDY (SCALE 4-7)   8
TOTAL FM JUL 1   361    CLOUDY (SCALE 8-10)  9
DPTR FM NORMAL  -418

[CDD (BASE 65) ]
TOTAL THIS MO.    83
DPTR FM NORMAL    74    [PRESSURE DATA]
TOTAL FM JAN 1    83    HIGHEST SLP M ON M
DPTR FM NORMAL    74    LOWEST  SLP 29.41 ON 21

[REMARKS]
