000
CXUS54 KHGX 311415
CF6LBX
PRELIMINARY LOCAL CLIMATOLOGICAL DATA (WS FORM: F-6)

                                          STATION:   ANGLETON/LAKE_JACKS
                                          MONTH:     AUGUST
                                          YEAR:      2016
                                          LATITUDE:   29  6 N
                                          LONGITUDE:  95 28 W

  TEMPERATURE IN F:       :PCPN:    SNOW:  WIND      :SUNSHINE: SKY     :PK WND
================================================================================
1   2   3   4   5  6A  6B    7    8   9   10  11  12  13   14  15   16   17  18
                                     12Z  AVG MX 2MIN
DY MAX MIN AVG DEP HDD CDD  WTR  SNW DPTH SPD SPD DIR MIN PSBL S-S WX    SPD DR
================================================================================

 1  96  76  86   3   0  21    T  0.0    0  5.0 16 170   M    M   1 13     19 170
 2  95  77  86   3   0  21    T  0.0    0  4.3 15 170   M    M   1 1      19 140
 3  96  77  87   4   0  22 0.00  0.0    0  3.2 13 140   M    M   2 1      16 120
 4  96  76  86   3   0  21 0.00  0.0    0  4.2 16 150   M    M   1 1      19 130
 5  95  78  87   4   0  22 0.12  0.0    0  3.3 16  90   M    M   1 13     19 110
 6  97  77  87   4   0  22 0.00  0.0    0  5.5 17 180   M    M   1 1      21 170
 7  97  76  87   4   0  22 0.00  0.0    0  5.4 15 170   M    M   1 13     19 180
 8  98  75  87   4   0  22 0.00  0.0    0  5.0 16 160   M    M   2 13     19 160
 9  98  76  87   4   0  22 0.00  0.0    0  4.8 16 180   M    M   2 18     19 170
10  99  78  89   6   0  24 0.00  0.0    0  6.0 20 180   M    M   1 13     23 170
11  99  79  89   6   0  24 0.00  0.0    0  6.8 21 180   M    M   1 1      26 170
12  95  78  87   4   0  22 0.00  0.0    0  7.3 21 180   M    M   2 1      25 170
13  95  78  87   4   0  22 0.92  0.0    0  6.8 20 210   M    M   2 13     26 200
14  90  76  83   0   0  18 0.12  0.0    0  5.0 15 130   M    M   5 1      18 120
15  91  79  85   2   0  20 0.60  0.0    0  6.4 17 170   M    M   5 13     21 190
16  85  76  81  -2   0  16 1.33  0.0    0  4.1 21 150   M    M   5 13     29 140
17  86  76  81  -2   0  16 1.58  0.0    0  4.1 29 160   M    M   4 13     36 150
18  88  77  83   0   0  18 0.64  0.0    0  3.2 22 130   M    M   1 13     28 140
19  92  77  85   2   0  20 0.06  0.0    0  5.4 20 180   M    M   2 13     24 180
20  93  77  85   2   0  20    T  0.0    0  8.4 17 170   M    M   1        24 180
21  91  77  84   1   0  19 1.37  0.0    0  4.1 15 160   M    M   2 138    22 210
22  91  77  84   1   0  19 0.04  0.0    0  3.5 21 170   M    M   1 13     23 170
23  94  79  87   4   0  22 0.00  0.0    0  6.3 17 180   M    M   1        23 170
24  94  78  86   4   0  21 0.00  0.0    0  5.3 15 150   M    M   2 18     21 190
25  93  77  85   3   0  20 0.35  0.0    0  4.3 20  10   M    M   2 13     27  10
26  92  76  84   2   0  19 0.20  0.0    0  5.3 14 240   M    M   1 3      19 230
27  91  76  84   2   0  19 0.00  0.0    0  6.1 13  40   M    M   2 1      17  40
28  84  77  81  -1   0  16 1.98  0.0    0  6.0 18 120   M    M   7 13     27 120
29  85  77  81  -1   0  16 0.66  0.0    0  7.5 18  60   M    M   7 1      23  60
30  90  78  84   2   0  19 0.00  0.0    0  6.4 15  50   M    M   3        19  50
================================================================================
SM 2786 2311         0 605  9.97     0.0 159.0          M       69
================================================================================
AV 92.9 77.0                               5.3 FASTST   M    M   2    MAX(MPH)
                                 MISC ---->  # 29 160               # 36  150
================================================================================
NOTES:
# LAST OF SEVERAL OCCURRENCES

COLUMN 17 PEAK WIND IN M.P.H.

PRELIMINARY LOCAL CLIMATOLOGICAL DATA (WS FORM: F-6) , PAGE 2

                                          STATION:  ANGLETON/LAKE_JACKS
                                          MONTH:    AUGUST
                                          YEAR:     2016
                                          LATITUDE:   29  6 N
                                          LONGITUDE:  95 28 W

[TEMPERATURE DATA]      [PRECIPITATION DATA]       SYMBOLS USED IN COLUMN 16

AVERAGE MONTHLY: 84.9   TOTAL FOR MONTH:   9.97    1 = FOG OR MIST
DPTR FM NORMAL:   2.2   DPTR FM NORMAL:    6.55    2 = FOG REDUCING VISIBILITY
HIGHEST:    99 ON 11,10 GRTST 24HR  1.99 ON 28-29      TO 1/4 MILE OR LESS
LOWEST:     75 ON  8                               3 = THUNDER
                        SNOW, ICE PELLETS, HAIL    4 = ICE PELLETS
                        TOTAL MONTH:   0.0 INCH    5 = HAIL
                        GRTST 24HR     0.0         6 = FREEZING RAIN OR DRIZZLE
                        GRTST DEPTH:   0           7 = DUSTSTORM OR SANDSTORM:
                                                       VSBY 1/2 MILE OR LESS
                                                   8 = SMOKE OR HAZE
[NO. OF DAYS WITH]      [WEATHER - DAYS WITH]      9 = BLOWING SNOW
                                                   X = TORNADO
MAX 32 OR BELOW:   0    0.01 INCH OR MORE:  14
MAX 90 OR ABOVE:  25    0.10 INCH OR MORE:  12
MIN 32 OR BELOW:   0    0.50 INCH OR MORE:   8
MIN  0 OR BELOW:   0    1.00 INCH OR MORE:   4

[HDD (BASE 65) ]
TOTAL THIS MO.     0    CLEAR  (SCALE 0-3)  24
DPTR FM NORMAL     0    PTCLDY (SCALE 4-7)   6
TOTAL FM JUL 1     0    CLOUDY (SCALE 8-10)  0
DPTR FM NORMAL     0

[CDD (BASE 65) ]
TOTAL THIS MO.   605
DPTR FM NORMAL    71    [PRESSURE DATA]
TOTAL FM JAN 1  2357    HIGHEST SLP M ON M
DPTR FM NORMAL   233    LOWEST  SLP 29.71 ON 13

[REMARKS]
