000
CXUS53 KLMK 290800
CF6LEX
PRELIMINARY LOCAL CLIMATOLOGICAL DATA (WS FORM: F-6)

                                          STATION:   LEXINGTON KY
                                          MONTH:     MARCH
                                          YEAR:      2015
                                          LATITUDE:   38  1 N
                                          LONGITUDE:  84 36 W

  TEMPERATURE IN F:       :PCPN:    SNOW:  WIND      :SUNSHINE: SKY     :PK WND
================================================================================
1   2   3   4   5  6A  6B    7    8   9   10  11  12  13   14  15   16   17  18
                                     12Z  AVG MX 2MIN
DY MAX MIN AVG DEP HDD CDD  WTR  SNW DPTH SPD SPD DIR MIN PSBL S-S WX    SPD DR
================================================================================

 1  41  31  36  -5  29   0 0.31  0.0    3  8.2 15 200   M    M  10 12     20 200
 2  37  24  31 -10  34   0 0.01  0.0    1  9.5 17 360   M    M   3 1      23 330
 3  61  27  44   3  21   0 0.19  0.0    T 12.6 25 220   M    M   8 1      34 210
 4  50  25  38  -4  27   0 2.54  7.1    0  8.9 20 350   M    M  10 1      25 350
 5  25   8  17 -25  48   0 0.89 10.0   12  9.6 21  10   M    M   9 12     27  10
 6  25  -2  12 -30  53   0 0.00  0.0   11  6.1 10 190   M    M   0 18     14 190
 7  45  20  33 -10  32   0 0.00  0.0    8 13.9 22 210   M    M   0        27 210
 8  51  31  41  -2  24   0 0.00  0.0    4  4.6 12 230   M    M   0        14 230
 9  56  37  47   4  18   0 0.00  0.0    2  5.2 12 270   M    M   3        15 250
10  60  45  53   9  12   0 1.36  0.0    0  8.0 14 290   M    M  10 1      19 280
11  65  44  55  11  10   0 0.00  0.0    0  5.1 14 350   M    M   5 128    17 350
12  64  40  52   8  13   0 0.00  0.0    0 13.2 21  70   M    M   0 18     27  90
13  55  50  53   8  12   0 1.04  0.0    0 10.8 18 160   M    M   9 1      25 150
14  59  49  54   9  11   0 0.61  0.0    0  8.1 14 270   M    M   7 1      19 170
15  65  40  53   8  12   0 0.00  0.0    0  5.5 12 270   M    M   0        15 340
16  74  46  60  14   5   0 0.00  0.0    0 10.2 17 250   M    M   0        22 240
17  63  37  50   4  15   0 0.00  0.0    0 11.6 25 350   M    M   2        33 350
18  47  26  37  -9  28   0 0.00  0.0    0  9.5 17  60   M    M   1        21  60
19  47  39  43  -3  22   0 0.20  0.0    0 10.3 17  80   M    M  10 1      21  80
20  49  43  46  -1  19   0 0.04  0.0    0  5.6 10 290   M    M  10 1      14 280
21  65  39  52   5  13   0 0.00  0.0    0  7.7 15  30   M    M   4 18     20  40
22  58  39  49   2  16   0 0.00  0.0    0 11.3 17  30   M    M   0        22  40
23  59  31  45  -3  20   0 0.00  0.0    0 10.0 17  50   M    M   2        21  80
24  48  32  40  -8  25   0 0.06  0.0    0 11.1 18 130   M    M   7        22 120
25  73  48  61  13   4   0    T  0.0    0 12.4 24 230   M    M   5        32 220
26  62  38  50   1  15   0 0.21  0.0    0  8.9 17 350   M    M   9 1      22 360
27  42  26  34 -15  31   0    T    T    0 10.2 20 340   M    M   8 1      24 330
28  41  19  30 -19  35   0 0.00  0.0    0  6.4 15 340   M    M   2        19 320
================================================================================
SM 1487  932       604   0  7.46    17.1 254.5          M      134
================================================================================
AV 53.1 33.3                               9.1 FASTST   M    M   5    MAX(MPH)
                                 MISC ---->  # 25 220               # 34  210
================================================================================
NOTES:
# LAST OF SEVERAL OCCURRENCES

COLUMN 17 PEAK WIND IN M.P.H.

PRELIMINARY LOCAL CLIMATOLOGICAL DATA (WS FORM: F-6) , PAGE 2

                                          STATION:  LEXINGTON KY
                                          MONTH:    MARCH
                                          YEAR:     2015
                                          LATITUDE:   38  1 N
                                          LONGITUDE:  84 36 W

[TEMPERATURE DATA]      [PRECIPITATION DATA]       SYMBOLS USED IN COLUMN 16

AVERAGE MONTHLY: 43.2   TOTAL FOR MONTH:   7.46    1 = FOG OR MIST
DPTR FM NORMAL:  -1.8   DPTR FM NORMAL:    3.79    2 = FOG REDUCING VISIBILITY
HIGHEST:    74 ON 16    GRTST 24HR  2.54 ON  4- 4      TO 1/4 MILE OR LESS
LOWEST:     -2 ON  6                               3 = THUNDER
                        SNOW, ICE PELLETS, HAIL    4 = ICE PELLETS
                        TOTAL MONTH:  17.1 INCHES  5 = HAIL
                        GRTST 24HR  10.0 ON  5- 5  6 = FREEZING RAIN OR DRIZZLE
                        GRTST DEPTH:  12 ON  5     7 = DUSTSTORM OR SANDSTORM:
                                                       VSBY 1/2 MILE OR LESS
                                                   8 = SMOKE OR HAZE
[NO. OF DAYS WITH]      [WEATHER - DAYS WITH]      9 = BLOWING SNOW
                                                   X = TORNADO
MAX 32 OR BELOW:   2    0.01 INCH OR MORE:  12
MAX 90 OR ABOVE:   0    0.10 INCH OR MORE:   9
MIN 32 OR BELOW:  13    0.50 INCH OR MORE:   5
MIN  0 OR BELOW:   1    1.00 INCH OR MORE:   3

[HDD (BASE 65) ]
TOTAL THIS MO.   604    CLEAR  (SCALE 0-3)  13
DPTR FM NORMAL    44    PTCLDY (SCALE 4-7)   6
TOTAL FM JUL 1  4582    CLOUDY (SCALE 8-10)  9
DPTR FM NORMAL   451

[CDD (BASE 65) ]
TOTAL THIS MO.     0
DPTR FM NORMAL     0    [PRESSURE DATA]
TOTAL FM JAN 1     0    HIGHEST SLP M ON M
DPTR FM NORMAL     0    LOWEST  SLP 29.78 ON 26

[REMARKS]
