000
CXUS54 KLCH 260914
CF6LFT
PRELIMINARY LOCAL CLIMATOLOGICAL DATA (WS FORM: F-6)

                                          STATION:   LAFAYETTE
                                          MONTH:     MARCH
                                          YEAR:      2017
                                          LATITUDE:   30 12 N
                                          LONGITUDE:  92  0 W

  TEMPERATURE IN F:       :PCPN:    SNOW:  WIND      :SUNSHINE: SKY     :PK WND
================================================================================
1   2   3   4   5  6A  6B    7    8   9   10  11  12  13   14  15   16   17  18
                                     12Z  AVG MX 2MIN
DY MAX MIN AVG DEP HDD CDD  WTR  SNW DPTH SPD SPD DIR MIN PSBL S-S WX    SPD DR
================================================================================

 1   M   M   M   M   M   M 0.13    M    0 12.6 15 260   M    M   8        27 190
 2  69  51  60   1   5   0 0.00  0.0    0 13.1 23  30   M    M   1        30  40
 3  73  45  59   0   6   0 0.00  0.0    0  5.3 15  40   M    M   0        22  80
 4  72  47  60   0   5   0 0.00  0.0    0  4.9 10 150   M    M   3        19  70
 5  70  60  65   5   0   0 0.10  0.0    0  4.7  9 140   M    M   7 1      18 160
 6  77  65  71  11   0   6    T  0.0    0  9.9 20 170   M    M   8        30 170
 7  81  59  70  10   0   5 0.39  0.0    0 13.2 22 350   M    M   9 13     27  10
 8  75  57  66   6   0   1 0.00  0.0    0  6.1 14  80   M    M   8        22  70
 9  80  62  71  10   0   6 0.00  0.0    0  5.4 15 200   M    M   4 1      19 190
10  80  68  74  13   0   9 0.14  0.0    0  3.0 10 210   M    M   M 13     14 280
11  75  57  66   5   0   1    T  0.0    0  4.6 18  20   M    M   7 13     23  20
12  65  49  57  -4   8   0 0.01    M    0 12.2 22  30   M    M   6        28  40
13  69  50  60  -2   5   0 0.00  0.0    0  8.4 23 340   M    M   9        30 340
14  63  45  54  -8  11   0 0.00  0.0    0  8.5 17 360   M    M   0        21  10
15  63  43  53  -9  12   0 0.00  0.0    0  6.0 15  40   M    M   2        21  40
16  68  45  57  -5   8   0 0.00  0.0    0  4.9 13 190   M    M   5        17 160
17  78  58  68   6   0   3 0.00  0.0    0  6.4 18 210   M    M   4        24 210
18  84  57  71   8   0   6 0.00  0.0    0  5.5 14 270   M    M   3 1      19 210
19  83  65  74  11   0   9 0.00  0.0    0  6.6 13 220   M    M   5 12     17 210
20  83  64  74  11   0   9 0.00  0.0    0  8.0 17 230   M    M   3 12     23 270
21  84  65  75  12   0  10 0.00  0.0    0  7.7 16 260   M    M   3 12     27 220
22  85  65  75  11   0  10 0.00  0.0    0  4.1 12 330   M    M   4 12     17 290
23  87  66  77  13   0  12 0.00  0.0    0  5.9 17 200   M    M   2 12     21 190
24  80  70  75  11   0  10    T  0.0    0 11.6 20 180   M    M   6        29 160
25  78  61  70   6   0   5 0.45  0.0    0  8.3 29 270   M    M   6 13     39 270
================================================================================
SM 1822 1374        60 102  1.22     0.0 186.9          M      113
================================================================================
AV 75.9 57.3                               7.5 FASTST   M    M   5    MAX(MPH)
                                 MISC ---->  # 29 270               # 39  270
================================================================================
NOTES:
# LAST OF SEVERAL OCCURRENCES

COLUMN 17 PEAK WIND IN M.P.H.

PRELIMINARY LOCAL CLIMATOLOGICAL DATA (WS FORM: F-6) , PAGE 2

                                          STATION:  LAFAYETTE
                                          MONTH:    MARCH
                                          YEAR:     2017
                                          LATITUDE:   30 12 N
                                          LONGITUDE:  92  0 W

[TEMPERATURE DATA]      [PRECIPITATION DATA]       SYMBOLS USED IN COLUMN 16

AVERAGE MONTHLY: 66.6   TOTAL FOR MONTH:   1.22    1 = FOG OR MIST
DPTR FM NORMAL:   5.0   DPTR FM NORMAL:   -1.87    2 = FOG REDUCING VISIBILITY
HIGHEST:    87 ON 23    GRTST 24HR  0.45 ON 25-25      TO 1/4 MILE OR LESS
LOWEST:     43 ON 15                               3 = THUNDER
                        SNOW, ICE PELLETS, HAIL    4 = ICE PELLETS
                        TOTAL MONTH:   0.0 INCH    5 = HAIL
                        GRTST 24HR     0.0         6 = FREEZING RAIN OR DRIZZLE
                        GRTST DEPTH:   0           7 = DUSTSTORM OR SANDSTORM:
                                                       VSBY 1/2 MILE OR LESS
                                                   8 = SMOKE OR HAZE
[NO. OF DAYS WITH]      [WEATHER - DAYS WITH]      9 = BLOWING SNOW
                                                   X = TORNADO
MAX 32 OR BELOW:   0    0.01 INCH OR MORE:   6
MAX 90 OR ABOVE:   0    0.10 INCH OR MORE:   5
MIN 32 OR BELOW:   0    0.50 INCH OR MORE:   0
MIN  0 OR BELOW:   0    1.00 INCH OR MORE:   0

[HDD (BASE 65) ]
TOTAL THIS MO.    60    CLEAR  (SCALE 0-3)   9
DPTR FM NORMAL   -72    PTCLDY (SCALE 4-7)  11
TOTAL FM JUL 1   637    CLOUDY (SCALE 8-10)  4
DPTR FM NORMAL  -725

[CDD (BASE 65) ]
TOTAL THIS MO.   102
DPTR FM NORMAL    57    [PRESSURE DATA]
TOTAL FM JAN 1   286    HIGHEST SLP M ON M
DPTR FM NORMAL   209    LOWEST  SLP 29.94 ON M

[REMARKS]
