000
CXUS55 KLOX 291155
CF6LGB
PRELIMINARY LOCAL CLIMATOLOGICAL DATA (WS FORM: F-6)

                                          STATION:   LONG BEACH AIRPORT CA
                                          MONTH:     JANUARY
                                          YEAR:      2015
                                          LATITUDE:   33 49 N
                                          LONGITUDE: 118  9 W

  TEMPERATURE IN F:       :PCPN:    SNOW:  WIND      :SUNSHINE: SKY     :PK WND
================================================================================
1   2   3   4   5  6A  6B    7    8   9   10  11  12  13   14  15   16   17  18
                                     12Z  AVG MX 2MIN
DY MAX MIN AVG DEP HDD CDD  WTR  SNW DPTH SPD SPD DIR MIN PSBL S-S WX    SPD DR
================================================================================

 1  58  36  47  -9  18   0 0.00  0.0    0  1.7  9 190   M    M   0 8      13 190
 2  59  38  49  -7  16   0 0.00  0.0    0  2.0 13 290   M    M   0 18     17 290
 3  63  39  51  -5  14   0 0.00  0.0    0  2.5 10 290   M    M   0 18     13 290
 4  70  41  56   0   9   0 0.00  0.0    0  3.9 13 310   M    M   0 18     15 290
 5  82  45  64   8   1   0 0.00  0.0    0  5.8 13  60   M    M   0        16  70
 6  85  52  69  13   0   4 0.00  0.0    0  3.9  9 310   M    M   0        10 210
 7  83  45  64   8   1   0 0.00  0.0    0  2.6  9 300   M    M   0        11 310
 8  68  49  59   2   6   0 0.00  0.0    0  3.1 10 210   M    M   0 1      13 210
 9  71  54  63   6   2   0 0.00  0.0    0  2.0 10 170   M    M   1 18     13 200
10  62  53  58   1   7   0 0.35  0.0    0  2.1  8 350   M    M   8 18     10 340
11  62  54  58   1   7   0 0.40  0.0    0  2.8  8  70   M    M   8 1      10  90
12  65  52  59   2   6   0 0.00  0.0    M  3.1  9 210   M    M   5 128    11 210
13  69  54  62   5   3   0 0.00  0.0    0  3.3 10 310   M    M   3 18     15 310
14  72  48  60   3   5   0 0.00  0.0    0  3.5 12 290   M    M   0 18     14 300
15  76  48  62   5   3   0 0.00  0.0    0  4.1  M   M   M    M   0         M  M
16  74  49  62   5   3   0 0.00  0.0    0  3.0  9 200   M    M   0        11 190
17  76  47  62   5   3   0 0.00  0.0    0  1.3  8 200   M    M   0 1      10 200
18  74  51  63   6   2   0 0.00  0.0    0  2.1 10 290   M    M   0 18     12 290
19  68  49  59   2   6   0 0.00  0.0    0  2.4  9 150   M    M   1 18     11 180
20  63  56  60   3   5   0 0.00  0.0    0  2.9 10 240   M    M  10 18     14 170
21  74  52  63   6   2   0 0.00  0.0    0  3.9 12 300   M    M   3 18     15 290
22  75  47  61   4   4   0 0.00  0.0    0  3.5 10 300   M    M   0 18     13 300
23  76  50  63   6   2   0 0.00  0.0    0  3.5 13 300   M    M   0        15 300
24  82  46  64   7   1   0 0.00  0.0    0  5.4 15 100   M    M   0        23  90
25  82  51  67  10   0   2 0.00  0.0    0  3.8 17 100   M    M   0        22  90
26  76  56  66   9   0   1 0.10  0.0    0  4.1 15 160   M    M   7 1      20 170
27  73  53  63   6   2   0 0.00  0.0    0  3.6 14 310   M    M   2 18     16 290
28  75  53  64   7   1   0 0.00  0.0    0  4.7 12 310   M    M   0        19 260
================================================================================
SM 2013 1368       129   7  0.85     0.0  90.6          M       48
================================================================================
AV 71.9 48.9                               3.2 FASTST   M    M   2    MAX(MPH)
                                 MISC ---->  # 17 100               # 23   90
================================================================================
NOTES:
# LAST OF SEVERAL OCCURRENCES

COLUMN 17 PEAK WIND IN M.P.H.

PRELIMINARY LOCAL CLIMATOLOGICAL DATA (WS FORM: F-6) , PAGE 2

                                          STATION:  LONG BEACH AIRPORT CA
                                          MONTH:    JANUARY
                                          YEAR:     2015
                                          LATITUDE:   33 49 N
                                          LONGITUDE: 118  9 W

[TEMPERATURE DATA]      [PRECIPITATION DATA]       SYMBOLS USED IN COLUMN 16

AVERAGE MONTHLY: 60.4   TOTAL FOR MONTH:   0.85    1 = FOG OR MIST
DPTR FM NORMAL:   3.6   DPTR FM NORMAL:   -1.49    2 = FOG REDUCING VISIBILITY
HIGHEST:    85 ON  6    GRTST 24HR  0.72 ON 10-11      TO 1/4 MILE OR LESS
LOWEST:     36 ON  1                               3 = THUNDER
                        SNOW, ICE PELLETS, HAIL    4 = ICE PELLETS
                        TOTAL MONTH:   0.0 INCH    5 = HAIL
                        GRTST 24HR     0.0         6 = FREEZING RAIN OR DRIZZLE
                        GRTST DEPTH:   0           7 = DUSTSTORM OR SANDSTORM:
                                                       VSBY 1/2 MILE OR LESS
                                                   8 = SMOKE OR HAZE
[NO. OF DAYS WITH]      [WEATHER - DAYS WITH]      9 = BLOWING SNOW
                                                   X = TORNADO
MAX 32 OR BELOW:   0    0.01 INCH OR MORE:   3
MAX 90 OR ABOVE:   0    0.10 INCH OR MORE:   3
MIN 32 OR BELOW:   0    0.50 INCH OR MORE:   0
MIN  0 OR BELOW:   0    1.00 INCH OR MORE:   0

[HDD (BASE 65) ]
TOTAL THIS MO.   129    CLEAR  (SCALE 0-3)  23
DPTR FM NORMAL  -103    PTCLDY (SCALE 4-7)   4
TOTAL FM JUL 1   347    CLOUDY (SCALE 8-10)  1
DPTR FM NORMAL  -305

[CDD (BASE 65) ]
TOTAL THIS MO.     7
DPTR FM NORMAL     7    [PRESSURE DATA]
TOTAL FM JAN 1     7    HIGHEST SLP M ON M
DPTR FM NORMAL     7    LOWEST  SLP 29.92 ON M

[REMARKS]
